--patient
begin transaction;
INSERT INTO patient (patientno, patientname, initdate) VALUES ('DA_100905003', 'DA_100905003',' 2010-9-5 8:29'); 
INSERT INTO patient (patientno, patientname, initdate) VALUES ('DA_100909007', 'DA_100909007',' 2010-9-9 13:26'); 
INSERT INTO patient (patientno, patientname, initdate) VALUES ('DA_100912003', 'DA_100912003',' 2010-9-12 8:21'); 
INSERT INTO patient (patientno, patientname, initdate) VALUES ('DA_100912008', 'DA_100912008',' 2010-9-12 8:37'); 
INSERT INTO patient (patientno, patientname, initdate) VALUES ('DA_100916008', 'DA_100916008',' 2010-9-16 14:29'); 
INSERT INTO patient (patientno, patientname, initdate) VALUES ('DA_100922002', 'DA_100922002',' 2010-9-22 8:21'); 
INSERT INTO patient (patientno, patientname, initdate) VALUES ('DA_100922006', 'DA_100922006',' 2010-9-22 9:51'); 
INSERT INTO patient (patientno, patientname, initdate) VALUES ('DA_100923005', 'DA_100923005',' 2010-9-23 13:18'); 
INSERT INTO patient (patientno, patientname, initdate) VALUES ('DA_100925006', 'DA_100925006',' 2010-9-25 8:37'); 
INSERT INTO patient (patientno, patientname, initdate) VALUES ('DA_100925013', 'DA_100925013',' 2010-9-25 10:19'); 
INSERT INTO patient (patientno, patientname, initdate) VALUES ('DA_100929005', 'DA_100929005',' 2010-9-29 8:29'); 
INSERT INTO patient (patientno, patientname, initdate) VALUES ('DA_101009006', 'DA_101009006',' 2010-10-9 8:41'); 
INSERT INTO patient (patientno, patientname, initdate) VALUES ('DA_101009009', 'DA_101009009',' 2010-10-9 9:42'); 
INSERT INTO patient (patientno, patientname, initdate) VALUES ('DA_101010009', 'DA_101010009',' 2010-10-10 8:34'); 
INSERT INTO patient (patientno, patientname, initdate) VALUES ('DA_101011002', 'DA_101011002',' 2010-10-11 8:28'); 
INSERT INTO patient (patientno, patientname, initdate) VALUES ('DA_101011003', 'DA_101011003',' 2010-10-11 8:31'); 
INSERT INTO patient (patientno, patientname, initdate) VALUES ('DA_101011004', 'DA_101011004',' 2010-10-11 8:49'); 
INSERT INTO patient (patientno, patientname, initdate) VALUES ('DA_101011005', 'DA_101011005',' 2010-10-11 9:37'); 
INSERT INTO patient (patientno, patientname, initdate) VALUES ('DA_101016008', 'DA_101016008',' 2010-10-16 8:27'); 
INSERT INTO patient (patientno, patientname, initdate) VALUES ('DA_101018001', 'DA_101018001',' 2010-10-18 8:16'); 
INSERT INTO patient (patientno, patientname, initdate) VALUES ('DA_101018002', 'DA_101018002',' 2010-10-18 8:19'); 
INSERT INTO patient (patientno, patientname, initdate) VALUES ('DA_101021002', 'DA_101021002',' 2010-10-21 13:05'); 
INSERT INTO patient (patientno, patientname, initdate) VALUES ('DA_101023007', 'DA_101023007',' 2010-10-23 8:21'); 
INSERT INTO patient (patientno, patientname, initdate) VALUES ('DA_101023012', 'DA_101023012',' 2010-10-23 9:12'); 
INSERT INTO patient (patientno, patientname, initdate) VALUES ('DA_101023013', 'DA_101023013',' 2010-10-23 9:15'); 
INSERT INTO patient (patientno, patientname, initdate) VALUES ('DA_101023014', 'DA_101023014',' 2010-10-23 9:20'); 
INSERT INTO patient (patientno, patientname, initdate) VALUES ('DA_101024001', 'DA_101024001',' 2010-10-24 8:11'); 
INSERT INTO patient (patientno, patientname, initdate) VALUES ('DA_101024003', 'DA_101024003',' 2010-10-24 8:15'); 
INSERT INTO patient (patientno, patientname, initdate) VALUES ('DA_101024011', 'DA_101024011',' 2010-10-24 9:00'); 
INSERT INTO patient (patientno, patientname, initdate) VALUES ('DA_101024016', 'DA_101024016',' 2010-10-24 9:21'); 
INSERT INTO patient (patientno, patientname, initdate) VALUES ('DA_101025006', 'DA_101025006',' 2010-10-25 9:35'); 
INSERT INTO patient (patientno, patientname, initdate) VALUES ('DA_101030007', 'DA_101030007',' 2010-10-30 8:30'); 
INSERT INTO patient (patientno, patientname, initdate) VALUES ('DA_101030010', 'DA_101030010',' 2010-10-30 8:38'); 
INSERT INTO patient (patientno, patientname, initdate) VALUES ('DA_101030014', 'DA_101030014',' 2010-10-30 8:47'); 
INSERT INTO patient (patientno, patientname, initdate) VALUES ('DA_101104006', 'DA_101104006',' 2010-11-4 13:22'); 
INSERT INTO patient (patientno, patientname, initdate) VALUES ('DA_101104009', 'DA_101104009',' 2010-11-4 13:28'); 
INSERT INTO patient (patientno, patientname, initdate) VALUES ('DA_101104012', 'DA_101104012',' 2010-11-4 13:33'); 
INSERT INTO patient (patientno, patientname, initdate) VALUES ('DA_101104019', 'DA_101104019',' 2010-11-4 15:24'); 
INSERT INTO patient (patientno, patientname, initdate) VALUES ('DA_101105001', 'DA_101105001',' 2010-11-5 13:08'); 
INSERT INTO patient (patientno, patientname, initdate) VALUES ('DA_101105002', 'DA_101105002',' 2010-11-5 13:11'); 
INSERT INTO patient (patientno, patientname, initdate) VALUES ('DA_101105003', 'DA_101105003',' 2010-11-5 13:17'); 
INSERT INTO patient (patientno, patientname, initdate) VALUES ('DA_101105006', 'DA_101105006',' 2010-11-5 13:31'); 
INSERT INTO patient (patientno, patientname, initdate) VALUES ('DA_101106006', 'DA_101106006',' 2010-11-6 8:21'); 
INSERT INTO patient (patientno, patientname, initdate) VALUES ('DA_101106011', 'DA_101106011',' 2010-11-6 8:31'); 
INSERT INTO patient (patientno, patientname, initdate) VALUES ('DA_101106012', 'DA_101106012',' 2010-11-6 8:32'); 
INSERT INTO patient (patientno, patientname, initdate) VALUES ('DA_101106014', 'DA_101106014',' 2010-11-6 9:04'); 
INSERT INTO patient (patientno, patientname, initdate) VALUES ('DA_101106022', 'DA_101106022',' 2010-11-6 10:52'); 
INSERT INTO patient (patientno, patientname, initdate) VALUES ('DA_101107003', 'DA_101107003',' 2010-11-7 8:09'); 
INSERT INTO patient (patientno, patientname, initdate) VALUES ('DA_101107006', 'DA_101107006',' 2010-11-7 8:17'); 
INSERT INTO patient (patientno, patientname, initdate) VALUES ('DA_101107015', 'DA_101107015',' 2010-11-7 10:36'); 
INSERT INTO patient (patientno, patientname, initdate) VALUES ('DA_101107017', 'DA_101107017',' 2010-11-7 10:52'); 
INSERT INTO patient (patientno, patientname, initdate) VALUES ('DA_101107018', 'DA_101107018',' 2010-11-7 10:56'); 
INSERT INTO patient (patientno, patientname, initdate) VALUES ('DA_101107025', 'DA_101107025',' 2010-11-7 13:23'); 
INSERT INTO patient (patientno, patientname, initdate) VALUES ('DA_101108002', 'DA_101108002',' 2010-11-8 8:16'); 
INSERT INTO patient (patientno, patientname, initdate) VALUES ('DA_101108011', 'DA_101108011',' 2010-11-8 9:35'); 
INSERT INTO patient (patientno, patientname, initdate) VALUES ('DA_101108012', 'DA_101108012',' 2010-11-8 10:11'); 
INSERT INTO patient (patientno, patientname, initdate) VALUES ('DA_101108014', 'DA_101108014',' 2010-11-8 11:03'); 
INSERT INTO patient (patientno, patientname, initdate) VALUES ('DA_101111007', 'DA_101111007',' 2010-11-11 13:23'); 
INSERT INTO patient (patientno, patientname, initdate) VALUES ('DA_101111009', 'DA_101111009',' 2010-11-11 13:26'); 
INSERT INTO patient (patientno, patientname, initdate) VALUES ('DA_101111011', 'DA_101111011',' 2010-11-11 13:29'); 
INSERT INTO patient (patientno, patientname, initdate) VALUES ('DA_101111013', 'DA_101111013',' 2010-11-11 13:32'); 
INSERT INTO patient (patientno, patientname, initdate) VALUES ('DA_101113001', 'DA_101113001',' 2010-11-13 8:05'); 
INSERT INTO patient (patientno, patientname, initdate) VALUES ('DA_101113002', 'DA_101113002',' 2010-11-13 8:07'); 
INSERT INTO patient (patientno, patientname, initdate) VALUES ('DA_101113003', 'DA_101113003',' 2010-11-13 8:09'); 
INSERT INTO patient (patientno, patientname, initdate) VALUES ('DA_101113008', 'DA_101113008',' 2010-11-13 8:28'); 
INSERT INTO patient (patientno, patientname, initdate) VALUES ('DA_101113009', 'DA_101113009',' 2010-11-13 8:32'); 
INSERT INTO patient (patientno, patientname, initdate) VALUES ('DA_101113013', 'DA_101113013',' 2010-11-13 9:08'); 
INSERT INTO patient (patientno, patientname, initdate) VALUES ('DA_101114002', 'DA_101114002',' 2010-11-14 8:05'); 
INSERT INTO patient (patientno, patientname, initdate) VALUES ('DA_101114003', 'DA_101114003',' 2010-11-14 8:08'); 
INSERT INTO patient (patientno, patientname, initdate) VALUES ('DA_101114012', 'DA_101114012',' 2010-11-14 9:59'); 
commit transaction;

--patientexamine
begin transaction;
INSERT INTO patientexamine (patientno,examineno,age,lastmenses,evaluatescore,ecc,pathology,see,deal,color,verge,bloodvessel,iodin,plandiagnoseresult,imageflag,imagepath,examineseq,requestdoctor,examinedoctor,examinetime,initdate,state,hpv,biopsy,menopause,pregnancy,pregweek,pregday,colexamsat,dissatreason,scjvisible,tz,directbiopsy,dealremark,followupdate,menopauseage,pathologydate,diagrway,dealrway,followuptime) VALUES ('DA_100905003', 'DA_100905003', 50,'2010-8-28 0:00', -1,'NILM', '', 'Epitelio aceto-bianco compatto; Punteggiatura asimmetrica grossa; Colorazione di Lugol: non tinto', 'Biopsia',-1,-1,-1,-1,'HSIL', 0,'image\\201009\\20100905\\', 1,'sys', 'sys', '2010-9-5 9:01', '2010-9-5 8:29', 2,'12 tipi ad alto rischio, esclusi HPV16 e HPV18', 'CIN-3', 'No', 'No', -1,-1,'Adeguato', '', 'Parzialmente visibile', 'TZ 2', 'Sì', 'Rimuov. la garza dopo 24 h. Seguire le indicaz. del medico e manten. un''igiene corretta. Asten. da rapp. sess. e bagni in vasca per un mese ed evit. attività fisiche intense. Nei prossimi 10 giorni potrebbe verificarsi un lieve sanguinamento vaginale. Consul. subito un medico se il sanguin. è super. al sanguinam. giornal. max durante le mestruaz. Portare la cartella al contr. per il follow-up.', '2014-1-8 0:00', 0,'1900-1-1 0:00', 'HSIL', 'Biopsia', 0);
INSERT INTO patientexamine (patientno,examineno,age,lastmenses,evaluatescore,ecc,pathology,see,deal,color,verge,bloodvessel,iodin,plandiagnoseresult,imageflag,imagepath,examineseq,requestdoctor,examinedoctor,examinetime,initdate,state,hpv,biopsy,menopause,pregnancy,pregweek,pregday,colexamsat,dissatreason,scjvisible,tz,directbiopsy,dealremark,followupdate,menopauseage,pathologydate,diagrway,dealrway,followuptime) VALUES ('DA_100909007', 'DA_100909007', 36,'2010-8-25 0:00', -1,'HSIL', '', 'Epitelio aceto-bianco compatto; Punteggiatura asimmetrica grossa; Colorazione di Lugol: non tinto', 'Biopsia',-1,-1,-1,-1,'HSIL', 0,'image\\201009\\20100909\\', 1,'sys', 'sys', '2010-9-9 14:41', '2010-9-9 13:26', 2,'', 'CIN-2', 'No', 'No', -1,-1,'Adeguato', '', 'Parzialmente visibile', 'TZ 2', 'Sì', 'Rimuov. la garza dopo 24 h. Seguire le indicaz. del medico e manten. un''igiene corretta. Asten. da rapp. sess. e bagni in vasca per un mese ed evit. attività fisiche intense. Nei prossimi 10 giorni potrebbe verificarsi un lieve sanguinamento vaginale. Consul. subito un medico se il sanguin. è super. al sanguinam. giornal. max durante le mestruaz. Portare la cartella al contr. per il follow-up.', '2013-12-31 0:00', 0,'1900-1-1 0:00', 'HSIL', 'Biopsia', 0);
INSERT INTO patientexamine (patientno,examineno,age,lastmenses,evaluatescore,ecc,pathology,see,deal,color,verge,bloodvessel,iodin,plandiagnoseresult,imageflag,imagepath,examineseq,requestdoctor,examinedoctor,examinetime,initdate,state,hpv,biopsy,menopause,pregnancy,pregweek,pregday,colexamsat,dissatreason,scjvisible,tz,directbiopsy,dealremark,followupdate,menopauseage,pathologydate,diagrway,dealrway,followuptime) VALUES ('DA_100912003', 'DA_100912003', 46,'2010-8-26 0:00', -1,'ASC-US', '', 'Epitelio aceto-bianco compatto; Punteggiatura simmetrica sottile; Colorazione di Lugol: non tinto', 'Biopsia',-1,-1,-1,-1,'HSIL', 0,'image\\201009\\20100912\\', 1,'sys', 'sys', '2010-9-12 8:38', '2010-9-12 8:21', 2,'Test HPV DNA +', 'CIN-2', 'No', 'No', -1,-1,'Adeguato', '', 'Completamente visibile', 'TZ 1', 'Sì', 'Rimuov. la garza dopo 24 h. Seguire le indicaz. del medico e manten. un''igiene corretta. Asten. da rapp. sess. e bagni in vasca per un mese ed evit. attività fisiche intense. Nei prossimi 10 giorni potrebbe verificarsi un lieve sanguinamento vaginale. Consul. subito un medico se il sanguin. è super. al sanguinam. giornal. max durante le mestruaz. Portare la cartella al contr. per il follow-up.', '2014-1-8 0:00', 0,'1900-1-1 0:00', 'HSIL', 'Biopsia', 0);
INSERT INTO patientexamine (patientno,examineno,age,lastmenses,evaluatescore,ecc,pathology,see,deal,color,verge,bloodvessel,iodin,plandiagnoseresult,imageflag,imagepath,examineseq,requestdoctor,examinedoctor,examinetime,initdate,state,hpv,biopsy,menopause,pregnancy,pregweek,pregday,colexamsat,dissatreason,scjvisible,tz,directbiopsy,dealremark,followupdate,menopauseage,pathologydate,diagrway,dealrway,followuptime) VALUES ('DA_100912008', 'DA_100912008', 31,'2010-8-20 0:00', -1,'LSIL', '', 'Epitelio squamoso originario (Maturo); Epitelio colonnare (Ectopia); Epitelio squamoso metaplastico; Aperture cripta (ghiandola)', 'Follow-up regolare',-1,-1,-1,-1,'Risultati colposcopia normali', 0,'image\\201009\\20100912\\', 1,'sys', 'sys', '2010-9-12 9:14', '2010-9-12 8:37', 2,'Test HPV DNA -', '', 'No', 'No', -1,-1,'Adeguato', '', 'Completamente visibile', 'TZ 1', 'No', '', '2011-3-3 0:00', 0,'1900-1-1 0:00', 'Risultati colposcopia normali', 'Follow-up regolare', 0);
INSERT INTO patientexamine (patientno,examineno,age,lastmenses,evaluatescore,ecc,pathology,see,deal,color,verge,bloodvessel,iodin,plandiagnoseresult,imageflag,imagepath,examineseq,requestdoctor,examinedoctor,examinetime,initdate,state,hpv,biopsy,menopause,pregnancy,pregweek,pregday,colexamsat,dissatreason,scjvisible,tz,directbiopsy,dealremark,followupdate,menopauseage,pathologydate,diagrway,dealrway,followuptime) VALUES ('DA_100916008', 'DA_100916008', 42,'1900-1-1 0:00', -1,'', '', 'Cervical bleeding', 'Biopsia',-1,-1,-1,-1,'HSIL', 0,'image\\201009\\20100916\\', 1,'sys', 'sys', '2010-9-16 14:46', '2010-9-16 14:29', 2,'Test HPV DNA -', 'CIN-3', 'No', 'No', -1,-1,'Adeguato', '', 'Completamente visibile', 'TZ 1', 'Sì', 'Rimuov. la garza dopo 24 h. Seguire le indicaz. del medico e manten. un''igiene corretta. Asten. da rapp. sess. e bagni in vasca per un mese ed evit. attività fisiche intense. Nei prossimi 10 giorni potrebbe verificarsi un lieve sanguinamento vaginale. Consul. subito un medico se il sanguin. è super. al sanguinam. giornal. max durante le mestruaz. Portare la cartella al contr. per il follow-up.', '2013-12-31 0:00', 0,'1900-1-1 0:00', 'HSIL', 'Biopsia', 0);
INSERT INTO patientexamine (patientno,examineno,age,lastmenses,evaluatescore,ecc,pathology,see,deal,color,verge,bloodvessel,iodin,plandiagnoseresult,imageflag,imagepath,examineseq,requestdoctor,examinedoctor,examinetime,initdate,state,hpv,biopsy,menopause,pregnancy,pregweek,pregday,colexamsat,dissatreason,scjvisible,tz,directbiopsy,dealremark,followupdate,menopauseage,pathologydate,diagrway,dealrway,followuptime) VALUES ('DA_100922002', 'DA_100922002', 30,'2010-9-14 0:00', -1,'ASC-US', '', 'Epitelio aceto-bianco liscio e sottile; Epitelio squamoso metaplastico; Colorazione di Lugol: parzialmente tinto', 'Follow-up regolare',-1,-1,-1,-1,'Esiti colposcopici normali (eseguire esame citologico o iniziare trattamento combinato a citologia)', 0,'image\\201009\\20100922\\', 1,'sys', 'sys', '2010-9-22 8:41', '2010-9-22 8:21', 2,'12 tipi ad alto rischio, esclusi HPV16 e HPV18', '', 'No', 'No', -1,-1,'Adeguato', '', 'Completamente visibile', 'TZ 1', 'No', '', '1900-1-1 0:00', 0,'1900-1-1 0:00', 'Esiti colposcopici normali (eseguire esame citologico o iniziare trattamento combinato a citologia)', 'Follow-up regolare', 0);
INSERT INTO patientexamine (patientno,examineno,age,lastmenses,evaluatescore,ecc,pathology,see,deal,color,verge,bloodvessel,iodin,plandiagnoseresult,imageflag,imagepath,examineseq,requestdoctor,examinedoctor,examinetime,initdate,state,hpv,biopsy,menopause,pregnancy,pregweek,pregday,colexamsat,dissatreason,scjvisible,tz,directbiopsy,dealremark,followupdate,menopauseage,pathologydate,diagrway,dealrway,followuptime) VALUES ('DA_100922006', 'DA_100922006', 40,'1900-1-1 0:00', -1,'', '', 'Epitelio aceto-bianco liscio e sottile; Colorazione di Lugol: non tinto', 'Biopsia (a seconda delle dimensioni della lesione)',-1,-1,-1,-1,'LSIL', 0,'image\\201009\\20100922\\', 1,'sys', 'sys', '2010-9-22 9:47', '2010-9-22 9:51', 2,'', '', 'No', 'No', -1,-1,'Adeguato', '', 'Completamente visibile', '', 'No', '', '1900-1-1 0:00', 0,'1900-1-1 0:00', '', '', 0);
INSERT INTO patientexamine (patientno,examineno,age,lastmenses,evaluatescore,ecc,pathology,see,deal,color,verge,bloodvessel,iodin,plandiagnoseresult,imageflag,imagepath,examineseq,requestdoctor,examinedoctor,examinetime,initdate,state,hpv,biopsy,menopause,pregnancy,pregweek,pregday,colexamsat,dissatreason,scjvisible,tz,directbiopsy,dealremark,followupdate,menopauseage,pathologydate,diagrway,dealrway,followuptime) VALUES ('DA_100923005', 'DA_100923005', 41,'1900-1-1 0:00', -1,'HSIL', '', 'Epitelio aceto-bianco liscio e sottile; Vasi assenti; Cisti di Naboth; Colorazione di Lugol: non tinto', 'Biopsia',-1,-1,-1,-1,'HSIL', 0,'image\\201009\\20100923\\', 1,'sys', 'sys', '2010-9-23 13:50', '2010-9-23 13:18', 2,'12 tipi ad alto rischio, esclusi HPV16 e HPV18', 'CIN-2', 'No', 'No', -1,-1,'Adeguato', '', 'Parzialmente visibile', 'TZ 2', 'Sì', 'Rimuov. la garza dopo 24 h. Seguire le indicaz. del medico e manten. un''igiene corretta. Asten. da rapp. sess. e bagni in vasca per un mese ed evit. attività fisiche intense. Nei prossimi 10 giorni potrebbe verificarsi un lieve sanguinamento vaginale. Consul. subito un medico se il sanguin. è super. al sanguinam. giornal. max durante le mestruaz. Portare la cartella al contr. per il follow-up.', '2014-1-7 0:00', 0,'1900-1-1 0:00', 'HSIL', 'Biopsia', 0);
INSERT INTO patientexamine (patientno,examineno,age,lastmenses,evaluatescore,ecc,pathology,see,deal,color,verge,bloodvessel,iodin,plandiagnoseresult,imageflag,imagepath,examineseq,requestdoctor,examinedoctor,examinetime,initdate,state,hpv,biopsy,menopause,pregnancy,pregweek,pregday,colexamsat,dissatreason,scjvisible,tz,directbiopsy,dealremark,followupdate,menopauseage,pathologydate,diagrway,dealrway,followuptime) VALUES ('DA_100925006', 'DA_100925006', 37,'2010-9-7 0:00', -1,'ASC-H', '', 'Cervical bleeding', 'Bleeding region biopsy;Biopsia multipunto ed ECC',-1,-1,-1,-1,'Esiti colposcopici normali (eseguire esame citologico o iniziare trattamento combinato a citologia)', 0,'image\\201009\\20100925\\', 1,'sys', 'sys', '2010-9-25 9:46', '2010-9-25 8:37', 2,'12 tipi ad alto rischio, esclusi HPV16 e HPV18', '', 'No', 'No', -1,-1,'Adeguato', '', 'Completamente visibile', 'TZ 1', 'Sì', 'Rimuov. la garza dopo 24 h. Seguire le indicaz. del medico e manten. un''igiene corretta. Asten. da rapp. sess. e bagni in vasca per un mese ed evit. attività fisiche intense. Nei prossimi 10 giorni potrebbe verificarsi un lieve sanguinamento vaginale. Consul. subito un medico se il sanguin. è super. al sanguinam. giornal. max durante le mestruaz. Portare la cartella al contr. per il follow-up.', '2014-1-8 0:00', 0,'1900-1-1 0:00', 'Esiti colposcopici normali (eseguire esame citologico o iniziare trattamento combinato a citologia)', 'Biopsia multipunto ed ECC', 0);
INSERT INTO patientexamine (patientno,examineno,age,lastmenses,evaluatescore,ecc,pathology,see,deal,color,verge,bloodvessel,iodin,plandiagnoseresult,imageflag,imagepath,examineseq,requestdoctor,examinedoctor,examinetime,initdate,state,hpv,biopsy,menopause,pregnancy,pregweek,pregday,colexamsat,dissatreason,scjvisible,tz,directbiopsy,dealremark,followupdate,menopauseage,pathologydate,diagrway,dealrway,followuptime) VALUES ('DA_100925013', 'DA_100925013', 42,'2010-9-1 0:00', -1,'HSIL', '', 'Vasi fragili; Vasi atipici; Tumore/neoplasma evidente; Lesione esofitica', 'Si raccomanda biopsia',-1,-1,-1,-1,'Sospetto per invasione', 0,'image\\201009\\20100925\\', 1,'sys', 'sys', '2010-9-25 11:09', '2010-9-25 10:19', 2,'Test HPV DNA +', 'CA', 'No', 'No', -1,-1,'Inadeguato', 'Cervice oscurata da sanguinamento', 'Invisibile', 'TZ 3', 'No', '', '2014-1-8 0:00', 50,'1900-1-1 0:00', 'Sospetto per invasione', 'Si raccomanda biopsia', 0);
INSERT INTO patientexamine (patientno,examineno,age,lastmenses,evaluatescore,ecc,pathology,see,deal,color,verge,bloodvessel,iodin,plandiagnoseresult,imageflag,imagepath,examineseq,requestdoctor,examinedoctor,examinetime,initdate,state,hpv,biopsy,menopause,pregnancy,pregweek,pregday,colexamsat,dissatreason,scjvisible,tz,directbiopsy,dealremark,followupdate,menopauseage,pathologydate,diagrway,dealrway,followuptime) VALUES ('DA_100929005', 'DA_100929005', 28,'2010-9-9 0:00', -1,'LSIL', '', 'Epitelio aceto-bianco liscio e sottile;Colorazione di Lugol: parzialmente tinto', 'Follow-up regolare',-1,-1,-1,-1,'Risultati colposcopia normali', 0,'image\\201009\\20100929\\', 1,'sys', 'sys', '2010-9-29 9:57', '2010-9-29 8:29', 2,'12 tipi ad alto rischio, esclusi HPV16 e HPV18', '', 'No', 'No', -1,-1,'Adeguato', '', 'Parzialmente visibile', 'TZ 2', 'No', '', '2013-12-31 0:00', 0,'1900-1-1 0:00', 'Risultati colposcopia normali', 'Follow-up regolare', 0);
INSERT INTO patientexamine (patientno,examineno,age,lastmenses,evaluatescore,ecc,pathology,see,deal,color,verge,bloodvessel,iodin,plandiagnoseresult,imageflag,imagepath,examineseq,requestdoctor,examinedoctor,examinetime,initdate,state,hpv,biopsy,menopause,pregnancy,pregweek,pregday,colexamsat,dissatreason,scjvisible,tz,directbiopsy,dealremark,followupdate,menopauseage,pathologydate,diagrway,dealrway,followuptime) VALUES ('DA_101009006', 'DA_101009006', 41,'1900-1-1 0:00', -1,'NILM', '', 'Epitelio squamoso originario (Maturo)', 'Follow-up regolare',-1,-1,-1,-1,'Normal colposcopic findings(Mature)', 0,'image\\201010\\20101009\\', 1,'sys', 'sys', '2010-10-9 9:15', '2010-10-9 8:41', 2,'Test HPV DNA -', '', 'Sì', 'No', -1,-1,'Adeguato', '', 'Parzialmente visibile', 'TZ 2', 'No', '', '2013-12-31 0:00', 35,'1900-1-1 0:00', 'Normal colposcopic findings(Mature)', 'Follow-up regolare', 0);
INSERT INTO patientexamine (patientno,examineno,age,lastmenses,evaluatescore,ecc,pathology,see,deal,color,verge,bloodvessel,iodin,plandiagnoseresult,imageflag,imagepath,examineseq,requestdoctor,examinedoctor,examinetime,initdate,state,hpv,biopsy,menopause,pregnancy,pregweek,pregday,colexamsat,dissatreason,scjvisible,tz,directbiopsy,dealremark,followupdate,menopauseage,pathologydate,diagrway,dealrway,followuptime) VALUES ('DA_101009009', 'DA_101009009', 44,'2010-9-27 0:00', -1,'NILM', '', 'Epitelio aceto-bianco liscio e sottile; Colorazione di Lugol: non tinto; Vasi assenti', 'Follow-up regolare',-1,-1,-1,-1,'Esiti colposcopici normali (eseguire esame citologico o iniziare trattamento combinato a citologia)', 0,'image\\201010\\20101009\\', 1,'sys', 'sys', '2010-10-9 9:52', '2010-10-9 9:42', 2,'12 tipi ad alto rischio, esclusi HPV16 e HPV18', 'CIN-1', 'No', 'No', -1,-1,'Adeguato', '', 'Completamente visibile', 'TZ 1', 'No', '', '2014-1-7 0:00', 0,'1900-1-1 0:00', 'Esiti colposcopici normali (eseguire esame citologico o iniziare trattamento combinato a citologia)', 'Follow-up regolare', 0);
INSERT INTO patientexamine (patientno,examineno,age,lastmenses,evaluatescore,ecc,pathology,see,deal,color,verge,bloodvessel,iodin,plandiagnoseresult,imageflag,imagepath,examineseq,requestdoctor,examinedoctor,examinetime,initdate,state,hpv,biopsy,menopause,pregnancy,pregweek,pregday,colexamsat,dissatreason,scjvisible,tz,directbiopsy,dealremark,followupdate,menopauseage,pathologydate,diagrway,dealrway,followuptime) VALUES ('DA_101010009', 'DA_101010009', 29,'2010-9-23 0:00', -1,'ASC-US', '', 'Epitelio aceto-bianco compatto; Punteggiatura simmetrica sottile; Colorazione di Lugol: non tinto', 'Biopsia',-1,-1,-1,-1,'HSIL', 0,'image\\201010\\20101010\\', 1,'sys', 'sys', '2010-10-10 10:23', '2010-10-10 8:34', 2,'HPV 16', 'CIN-3', 'No', 'No', -1,-1,'Adeguato', '', 'Parzialmente visibile', 'TZ 2', 'Sì', 'Rimuov. la garza dopo 24 h. Seguire le indicaz. del medico e manten. un''igiene corretta. Asten. da rapp. sess. e bagni in vasca per un mese ed evit. attività fisiche intense. Nei prossimi 10 giorni potrebbe verificarsi un lieve sanguinamento vaginale. Consul. subito un medico se il sanguin. è super. al sanguinam. giornal. max durante le mestruaz. Portare la cartella al contr. per il follow-up.', '2014-1-8 0:00', 0,'1900-1-1 0:00', 'HSIL', 'Biopsia', 0);
INSERT INTO patientexamine (patientno,examineno,age,lastmenses,evaluatescore,ecc,pathology,see,deal,color,verge,bloodvessel,iodin,plandiagnoseresult,imageflag,imagepath,examineseq,requestdoctor,examinedoctor,examinetime,initdate,state,hpv,biopsy,menopause,pregnancy,pregweek,pregday,colexamsat,dissatreason,scjvisible,tz,directbiopsy,dealremark,followupdate,menopauseage,pathologydate,diagrway,dealrway,followuptime) VALUES ('DA_101011002', 'DA_101011002', 50,'1900-1-1 0:00', -1,'AGC-NOS (cellule ghiandolari atipiche non specificate, nell''endometrio)', '', 'Epitelio squamoso originario (Maturo);Colorazione di Lugol: tinto', 'Si raccomanda curettage frazionato (o con isteroscopio)',-1,-1,-1,-1,'Risultati colposcopia normali', 0,'image\\201010\\20101011\\', 1,'sys', 'sys', '2010-10-11 8:27', '2010-10-11 8:28', 2,'', '', 'Sì', 'No', -1,-1,'Adeguato', '', 'Invisibile', 'TZ 3', 'No', '', '1900-1-1 0:00', 49,'1900-1-1 0:00', 'Risultati colposcopia normali', 'Si raccomanda curettage frazionato (o con isteroscopio)', 0);
INSERT INTO patientexamine (patientno,examineno,age,lastmenses,evaluatescore,ecc,pathology,see,deal,color,verge,bloodvessel,iodin,plandiagnoseresult,imageflag,imagepath,examineseq,requestdoctor,examinedoctor,examinetime,initdate,state,hpv,biopsy,menopause,pregnancy,pregweek,pregday,colexamsat,dissatreason,scjvisible,tz,directbiopsy,dealremark,followupdate,menopauseage,pathologydate,diagrway,dealrway,followuptime) VALUES ('DA_101011003', 'DA_101011003', 24,'1900-1-1 0:00', -1,'LSIL', '', 'Epitelio aceto-bianco liscio e sottile;Colorazione di Lugol: parzialmente tinto', 'Follow-up regolare',-1,-1,-1,-1,'Esiti colposcopici normali (eseguire esame citologico o iniziare trattamento combinato a citologia)', 0,'image\\201010\\20101011\\', 1,'sys', 'sys', '2010-10-11 8:48', '2010-10-11 8:31', 2,'12 tipi ad alto rischio, esclusi HPV16 e HPV18', '', 'No', 'No', -1,-1,'Adeguato', '', 'Completamente visibile', 'TZ 1', 'No', '', '2013-12-31 0:00', 0,'1900-1-1 0:00', 'Esiti colposcopici normali (eseguire esame citologico o iniziare trattamento combinato a citologia)', 'Follow-up regolare', 0);
INSERT INTO patientexamine (patientno,examineno,age,lastmenses,evaluatescore,ecc,pathology,see,deal,color,verge,bloodvessel,iodin,plandiagnoseresult,imageflag,imagepath,examineseq,requestdoctor,examinedoctor,examinetime,initdate,state,hpv,biopsy,menopause,pregnancy,pregweek,pregday,colexamsat,dissatreason,scjvisible,tz,directbiopsy,dealremark,followupdate,menopauseage,pathologydate,diagrway,dealrway,followuptime) VALUES ('DA_101011004', 'DA_101011004', 49,'1900-1-1 0:00', -1,'NILM', '', 'Cisti di Naboth; Epitelio squamoso originario (Maturo)', 'Polipectomia e biopsia a ore 6 e ore 12',-1,-1,-1,-1,'Polipo(ectocervicale)', 0,'image\\201010\\20101011\\', 1,'sys', 'sys', '2010-10-11 9:21', '2010-10-11 8:49', 2,'12 tipi ad alto rischio, esclusi HPV16 e HPV18', '', 'No', 'No', -1,-1,'Inadeguato', '', 'Invisibile', 'TZ 2', 'Sì', 'Rimuov. la garza dopo 24 h. Seguire le indicaz. del medico e manten. un''igiene corretta. Asten. da rapp. sess. e bagni in vasca per un mese ed evit. attività fisiche intense. Nei prossimi 10 giorni potrebbe verificarsi un lieve sanguinamento vaginale. Consul. subito un medico se il sanguin. è super. al sanguinam. giornal. max durante le mestruaz. Portare la cartella al contr. per il follow-up.', '2014-1-8 0:00', 0,'1900-1-1 0:00', 'Esiti colposcopici normali (eseguire esame citologico o iniziare trattamento combinato a citologia)', 'Follow-up regolare', 0);
INSERT INTO patientexamine (patientno,examineno,age,lastmenses,evaluatescore,ecc,pathology,see,deal,color,verge,bloodvessel,iodin,plandiagnoseresult,imageflag,imagepath,examineseq,requestdoctor,examinedoctor,examinetime,initdate,state,hpv,biopsy,menopause,pregnancy,pregweek,pregday,colexamsat,dissatreason,scjvisible,tz,directbiopsy,dealremark,followupdate,menopauseage,pathologydate,diagrway,dealrway,followuptime) VALUES ('DA_101011005', 'DA_101011005', 43,'1900-1-1 0:00', -1,'NILM', '', 'Epitelio squamoso originario (Maturo); Epitelio colonnare (Ectopia); Cisti di Naboth; Epitelio squamoso metaplastico; Polipo(ectocervicale)', 'Follow-up regolare',-1,-1,-1,-1,'Esiti colposcopici normali (eseguire esame citologico o iniziare trattamento combinato a citologia)', 0,'image\\201010\\20101011\\', 1,'sys', 'sys', '2010-10-11 9:35', '2010-10-11 9:37', 2,'HPV 16', '', 'No', 'No', -1,-1,'Adeguato', '', 'Completamente visibile', 'TZ 1', 'No', '', '2013-12-31 0:00', 0,'1900-1-1 0:00', 'Esiti colposcopici normali (eseguire esame citologico o iniziare trattamento combinato a citologia)', 'Follow-up regolare', 0);
INSERT INTO patientexamine (patientno,examineno,age,lastmenses,evaluatescore,ecc,pathology,see,deal,color,verge,bloodvessel,iodin,plandiagnoseresult,imageflag,imagepath,examineseq,requestdoctor,examinedoctor,examinetime,initdate,state,hpv,biopsy,menopause,pregnancy,pregweek,pregday,colexamsat,dissatreason,scjvisible,tz,directbiopsy,dealremark,followupdate,menopauseage,pathologydate,diagrway,dealrway,followuptime) VALUES ('DA_101016008', 'DA_101016008', 38,'2010-9-19 0:00', -1,'HSIL', '', 'Epitelio aceto-bianco compatto; Colorazione di Lugol: non tinto', 'Biopsia',-1,-1,-1,-1,'HSIL', 0,'image\\201010\\20101016\\', 1,'sys', 'sys', '2010-10-16 10:12', '2010-10-16 8:27', 2,'HPV 16', 'CIN-2', 'No', 'No', -1,-1,'Adeguato', '', 'Parzialmente visibile', 'TZ 2', 'Sì', 'Rimuov. la garza dopo 24 h. Seguire le indicaz. del medico e manten. un''igiene corretta. Asten. da rapp. sess. e bagni in vasca per un mese ed evit. attività fisiche intense. Nei prossimi 10 giorni potrebbe verificarsi un lieve sanguinamento vaginale. Consul. subito un medico se il sanguin. è super. al sanguinam. giornal. max durante le mestruaz. Portare la cartella al contr. per il follow-up.', '2014-1-8 0:00', 0,'1900-1-1 0:00', 'HSIL', 'Biopsia', 0);
INSERT INTO patientexamine (patientno,examineno,age,lastmenses,evaluatescore,ecc,pathology,see,deal,color,verge,bloodvessel,iodin,plandiagnoseresult,imageflag,imagepath,examineseq,requestdoctor,examinedoctor,examinetime,initdate,state,hpv,biopsy,menopause,pregnancy,pregweek,pregday,colexamsat,dissatreason,scjvisible,tz,directbiopsy,dealremark,followupdate,menopauseage,pathologydate,diagrway,dealrway,followuptime) VALUES ('DA_101018001', 'DA_101018001', 35,'1900-1-1 0:00', -1,'ASC-US', '', 'Epitelio aceto-bianco liscio e sottile; Vasi assenti; Colorazione di Lugol: non tinto', 'Follow-up regolare; Biopsia (a seconda delle dimensioni della lesione)',-1,-1,-1,-1,'Risultati colposcopia normali', 0,'image\\201010\\20101018\\', 1,'sys', 'sys', '2010-10-18 8:25', '2010-10-18 8:16', 2,'12 tipi ad alto rischio, esclusi HPV16 e HPV18', 'CIN-1', 'No', 'No', -1,-1,'Adeguato', '', 'Parzialmente visibile', 'TZ 2', 'No', '', '1900-1-1 0:00', 0,'1900-1-1 0:00', 'Risultati colposcopia normali', 'Follow-up regolare', 0);
INSERT INTO patientexamine (patientno,examineno,age,lastmenses,evaluatescore,ecc,pathology,see,deal,color,verge,bloodvessel,iodin,plandiagnoseresult,imageflag,imagepath,examineseq,requestdoctor,examinedoctor,examinetime,initdate,state,hpv,biopsy,menopause,pregnancy,pregweek,pregday,colexamsat,dissatreason,scjvisible,tz,directbiopsy,dealremark,followupdate,menopauseage,pathologydate,diagrway,dealrway,followuptime) VALUES ('DA_101018002', 'DA_101018002', 25,'1900-1-1 0:00', -1,'ASC-US', '', 'Epitelio aceto-bianco liscio e sottile; Colorazione di Lugol: parzialmente tinto', 'Follow-up regolare',-1,-1,-1,-1,'Esiti colposcopici normali (eseguire esame citologico o iniziare trattamento combinato a citologia)', 0,'image\\201010\\20101018\\', 1,'sys', 'sys', '2010-10-18 8:38', '2010-10-18 8:19', 2,'HPV 18', '', 'No', 'No', -1,-1,'Adeguato', '', 'Completamente visibile', 'TZ 1', 'No', '', '1900-1-1 0:00', 0,'1900-1-1 0:00', 'Esiti colposcopici normali (eseguire esame citologico o iniziare trattamento combinato a citologia)', 'Follow-up regolare', 0);
INSERT INTO patientexamine (patientno,examineno,age,lastmenses,evaluatescore,ecc,pathology,see,deal,color,verge,bloodvessel,iodin,plandiagnoseresult,imageflag,imagepath,examineseq,requestdoctor,examinedoctor,examinetime,initdate,state,hpv,biopsy,menopause,pregnancy,pregweek,pregday,colexamsat,dissatreason,scjvisible,tz,directbiopsy,dealremark,followupdate,menopauseage,pathologydate,diagrway,dealrway,followuptime) VALUES ('DA_101021002', 'DA_101021002', 43,'1900-1-1 0:00', -1,'LSIL', '', 'Epitelio aceto-bianco liscio e sottile; Colorazione di Lugol: non tinto; Polipo', 'Follow-up regolare; Biopsia (a seconda delle dimensioni della lesione)',-1,-1,-1,-1,'Risultati colposcopia normali', 0,'image\\201010\\20101021\\', 1,'sys', 'sys', '2010-10-21 13:15', '2010-10-21 13:05', 2,'12 tipi ad alto rischio, esclusi HPV16 e HPV18', 'CIN-1', 'No', 'No', -1,-1,'Adeguato', '', 'Parzialmente visibile', 'TZ 2', 'No', '', '2014-1-8 0:00', 0,'1900-1-1 0:00', 'Risultati colposcopia normali', 'Follow-up regolare', 0);
INSERT INTO patientexamine (patientno,examineno,age,lastmenses,evaluatescore,ecc,pathology,see,deal,color,verge,bloodvessel,iodin,plandiagnoseresult,imageflag,imagepath,examineseq,requestdoctor,examinedoctor,examinetime,initdate,state,hpv,biopsy,menopause,pregnancy,pregweek,pregday,colexamsat,dissatreason,scjvisible,tz,directbiopsy,dealremark,followupdate,menopauseage,pathologydate,diagrway,dealrway,followuptime) VALUES ('DA_101023007', 'DA_101023007', 44,'1900-1-1 0:00', -1,'HSIL', '', 'Epitelio aceto-bianco compatto; Punteggiatura asimmetrica grossa; Mosaico asimmetrico grosso; Colorazione di Lugol: non tinto', 'Biopsia',-1,-1,-1,-1,'HSIL', 0,'image\\201010\\20101023\\', 1,'sys', 'sys', '2010-10-23 9:45', '2010-10-23 8:21', 2,'HPV 16', 'CIN-2', 'No', 'No', -1,-1,'Adeguato', '', 'Invisibile', 'TZ 3', 'Sì', 'Rimuov. la garza dopo 24 h. Seguire le indicaz. del medico e manten. un''igiene corretta. Asten. da rapp. sess. e bagni in vasca per un mese ed evit. attività fisiche intense. Nei prossimi 10 giorni potrebbe verificarsi un lieve sanguinamento vaginale. Consul. subito un medico se il sanguin. è super. al sanguinam. giornal. max durante le mestruaz. Portare la cartella al contr. per il follow-up.', '2014-1-8 0:00', 0,'1900-1-1 0:00', 'HSIL', 'Biopsia', 0);
INSERT INTO patientexamine (patientno,examineno,age,lastmenses,evaluatescore,ecc,pathology,see,deal,color,verge,bloodvessel,iodin,plandiagnoseresult,imageflag,imagepath,examineseq,requestdoctor,examinedoctor,examinetime,initdate,state,hpv,biopsy,menopause,pregnancy,pregweek,pregday,colexamsat,dissatreason,scjvisible,tz,directbiopsy,dealremark,followupdate,menopauseage,pathologydate,diagrway,dealrway,followuptime) VALUES ('DA_101023012', 'DA_101023012', 41,'2010-10-15 0:00', -1,'ASC-US', '', 'Epitelio aceto-bianco compatto; Mosaico asimmetrico grosso; Colorazione di Lugol: non tinto', 'Biopsia',-1,-1,-1,-1,'HSIL', 0,'image\\201010\\20101023\\', 1,'sys', 'sys', '2010-10-23 11:24', '2010-10-23 9:12', 2,'', 'CIN-2', 'No', 'No', -1,-1,'Adeguato', '', 'Parzialmente visibile', 'TZ 2', 'Sì', 'Rimuov. la garza dopo 24 h. Seguire le indicaz. del medico e manten. un''igiene corretta. Asten. da rapp. sess. e bagni in vasca per un mese ed evit. attività fisiche intense. Nei prossimi 10 giorni potrebbe verificarsi un lieve sanguinamento vaginale. Consul. subito un medico se il sanguin. è super. al sanguinam. giornal. max durante le mestruaz. Portare la cartella al contr. per il follow-up.', '2014-1-8 0:00', 0,'1900-1-1 0:00', 'HSIL', 'Biopsia', 0);
INSERT INTO patientexamine (patientno,examineno,age,lastmenses,evaluatescore,ecc,pathology,see,deal,color,verge,bloodvessel,iodin,plandiagnoseresult,imageflag,imagepath,examineseq,requestdoctor,examinedoctor,examinetime,initdate,state,hpv,biopsy,menopause,pregnancy,pregweek,pregday,colexamsat,dissatreason,scjvisible,tz,directbiopsy,dealremark,followupdate,menopauseage,pathologydate,diagrway,dealrway,followuptime) VALUES ('DA_101023013', 'DA_101023013', 32,'2010-10-11 0:00', -1,'', '', 'Epitelio aceto-bianco compatto; Punteggiatura asimmetrica grossa; Mosaico asimmetrico grosso; Colorazione di Lugol: non tinto', 'Biopsia',-1,-1,-1,-1,'HSIL', 0,'image\\201010\\20101023\\', 1,'sys', 'sys', '2010-10-23 11:28', '2010-10-23 9:15', 2,'12 tipi ad alto rischio, esclusi HPV16 e HPV18', 'CIN-2', 'No', 'No', -1,-1,'Adeguato', '', 'Parzialmente visibile', 'TZ 2', 'Sì', 'Rimuov. la garza dopo 24 h. Seguire le indicaz. del medico e manten. un''igiene corretta. Asten. da rapp. sess. e bagni in vasca per un mese ed evit. attività fisiche intense. Nei prossimi 10 giorni potrebbe verificarsi un lieve sanguinamento vaginale. Consul. subito un medico se il sanguin. è super. al sanguinam. giornal. max durante le mestruaz. Portare la cartella al contr. per il follow-up.', '2014-1-8 0:00', 0,'1900-1-1 0:00', 'HSIL', 'Biopsia', 0);
INSERT INTO patientexamine (patientno,examineno,age,lastmenses,evaluatescore,ecc,pathology,see,deal,color,verge,bloodvessel,iodin,plandiagnoseresult,imageflag,imagepath,examineseq,requestdoctor,examinedoctor,examinetime,initdate,state,hpv,biopsy,menopause,pregnancy,pregweek,pregday,colexamsat,dissatreason,scjvisible,tz,directbiopsy,dealremark,followupdate,menopauseage,pathologydate,diagrway,dealrway,followuptime) VALUES ('DA_101023014', 'DA_101023014', 38,'2010-9-27 0:00', -1,'ASC-US', '', 'Epitelio squamoso originario (Maturo); Epitelio colonnare; Epitelio squamoso metaplastico', 'Follow-up regolare',-1,-1,-1,-1,'Esiti colposcopici normali (eseguire esame citologico o iniziare trattamento combinato a citologia)', 0,'image\\201010\\20101023\\', 1,'sys', 'sys', '2010-10-23 11:23', '2010-10-23 9:20', 2,'', '', 'No', 'No', -1,-1,'Adeguato', '', 'Parzialmente visibile', 'TZ 2', 'No', '', '2014-1-8 0:00', 0,'1900-1-1 0:00', 'Esiti colposcopici normali (eseguire esame citologico o iniziare trattamento combinato a citologia)', 'Follow-up regolare', 0);
INSERT INTO patientexamine (patientno,examineno,age,lastmenses,evaluatescore,ecc,pathology,see,deal,color,verge,bloodvessel,iodin,plandiagnoseresult,imageflag,imagepath,examineseq,requestdoctor,examinedoctor,examinetime,initdate,state,hpv,biopsy,menopause,pregnancy,pregweek,pregday,colexamsat,dissatreason,scjvisible,tz,directbiopsy,dealremark,followupdate,menopauseage,pathologydate,diagrway,dealrway,followuptime) VALUES ('DA_101024001', 'DA_101024001', 26,'2010-10-10 0:00', -1,'ASC-US', '', 'Epitelio squamoso originario (Maturo); Epitelio colonnare (Ectopia)', 'Follow-up regolare',-1,-1,-1,-1,'Esiti colposcopici normali (eseguire esame citologico o iniziare trattamento combinato a citologia)', 0,'image\\201010\\20101024\\', 1,'sys', 'sys', '2010-10-24 8:30', '2010-10-24 8:11', 2,'Test HPV DNA +', '', 'No', 'No', -1,-1,'Adeguato', '', 'Completamente visibile', 'TZ 1', 'No', '', '2013-12-31 0:00', 0,'1900-1-1 0:00', 'Esiti colposcopici normali (eseguire esame citologico o iniziare trattamento combinato a citologia)', 'Follow-up regolare', 0);
INSERT INTO patientexamine (patientno,examineno,age,lastmenses,evaluatescore,ecc,pathology,see,deal,color,verge,bloodvessel,iodin,plandiagnoseresult,imageflag,imagepath,examineseq,requestdoctor,examinedoctor,examinetime,initdate,state,hpv,biopsy,menopause,pregnancy,pregweek,pregday,colexamsat,dissatreason,scjvisible,tz,directbiopsy,dealremark,followupdate,menopauseage,pathologydate,diagrway,dealrway,followuptime) VALUES ('DA_101024003', 'DA_101024003', 46,'2010-10-12 0:00', -1,'NILM', '', 'Epitelio squamoso originario (Maturo); Epitelio colonnare (Ectopia); Epitelio squamoso metaplastico', 'Follow-up regolare',-1,-1,-1,-1,'Risultati colposcopia normali', 0,'image\\201010\\20101024\\', 1,'sys', 'sys', '2010-10-24 8:50', '2010-10-24 8:15', 2,'HPV 18', '', 'No', 'No', -1,-1,'Adeguato', '', 'Parzialmente visibile', 'TZ 2', 'No', '', '2013-12-31 0:00', 0,'1900-1-1 0:00', 'Esiti colposcopici normali (eseguire esame citologico o iniziare trattamento combinato a citologia)', 'Follow-up regolare', 0);
INSERT INTO patientexamine (patientno,examineno,age,lastmenses,evaluatescore,ecc,pathology,see,deal,color,verge,bloodvessel,iodin,plandiagnoseresult,imageflag,imagepath,examineseq,requestdoctor,examinedoctor,examinetime,initdate,state,hpv,biopsy,menopause,pregnancy,pregweek,pregday,colexamsat,dissatreason,scjvisible,tz,directbiopsy,dealremark,followupdate,menopauseage,pathologydate,diagrway,dealrway,followuptime) VALUES ('DA_101024011', 'DA_101024011', 48,'2010-10-10 0:00', -1,'ASC-US', 'CIN-2', 'Epitelio squamoso originario (Maturo); Epitelio colonnare (Ectopia); Epitelio squamoso metaplastico', 'Follow-up regolare',-1,-1,-1,-1,'Esiti colposcopici normali (eseguire esame citologico o iniziare trattamento combinato a citologia)', 0,'image\\201010\\20101024\\', 1,'sys', 'sys', '2010-10-24 11:06', '2010-10-24 9:00', 2,'12 tipi ad alto rischio, esclusi HPV16 e HPV18', '', 'No', 'No', -1,-1,'Adeguato', '', 'Parzialmente visibile', 'TZ 2', 'No', '', '2011-1-20 0:00', 0,'2013-1-22 0:00', 'Esiti colposcopici normali (eseguire esame citologico o iniziare trattamento combinato a citologia)', 'Follow-up regolare', 0);
INSERT INTO patientexamine (patientno,examineno,age,lastmenses,evaluatescore,ecc,pathology,see,deal,color,verge,bloodvessel,iodin,plandiagnoseresult,imageflag,imagepath,examineseq,requestdoctor,examinedoctor,examinetime,initdate,state,hpv,biopsy,menopause,pregnancy,pregweek,pregday,colexamsat,dissatreason,scjvisible,tz,directbiopsy,dealremark,followupdate,menopauseage,pathologydate,diagrway,dealrway,followuptime) VALUES ('DA_101024016', 'DA_101024016', 26,'2010-9-16 0:00', -1,'', '', 'Polipo(ectocervicale); Polipo(endocervicale)', 'Follow-up regolare; Polipectomia e biopsia a ore 6 e ore 12',-1,-1,-1,-1,'Polipo cervicale', 0,'image\\201010\\20101024\\', 1,'sys', 'sys', '2010-10-24 11:32', '2010-10-24 9:21', 2,'', '', 'No', 'Sì', 5,4,'Inadeguato', 'Altre', 'Invisibile', 'TZ 3', 'No', '', '2014-1-7 0:00', 0,'1900-1-1 0:00', 'Risultati colposcopia normali', 'Follow-up regolare', 0);
INSERT INTO patientexamine (patientno,examineno,age,lastmenses,evaluatescore,ecc,pathology,see,deal,color,verge,bloodvessel,iodin,plandiagnoseresult,imageflag,imagepath,examineseq,requestdoctor,examinedoctor,examinetime,initdate,state,hpv,biopsy,menopause,pregnancy,pregweek,pregday,colexamsat,dissatreason,scjvisible,tz,directbiopsy,dealremark,followupdate,menopauseage,pathologydate,diagrway,dealrway,followuptime) VALUES ('DA_101025006', 'DA_101025006', 47,'1900-1-1 0:00', -1,'LSIL', '', 'Epitelio squamoso originario (Maturo)', 'Follow-up regolare',-1,-1,-1,-1,'Normal colposcopic findings(Mature)', 0,'image\\201010\\20101025\\', 1,'sys', 'sys', '2010-10-25 9:54', '2010-10-25 9:35', 2,'12 tipi ad alto rischio, esclusi HPV16 e HPV18', '', 'No', 'No', -1,-1,'Inadeguato', '', 'Invisibile', 'TZ 3', 'No', '', '2013-12-31 0:00', 0,'1900-1-1 0:00', 'Normal colposcopic findings(Mature)', 'Follow-up regolare', 0);
INSERT INTO patientexamine (patientno,examineno,age,lastmenses,evaluatescore,ecc,pathology,see,deal,color,verge,bloodvessel,iodin,plandiagnoseresult,imageflag,imagepath,examineseq,requestdoctor,examinedoctor,examinetime,initdate,state,hpv,biopsy,menopause,pregnancy,pregweek,pregday,colexamsat,dissatreason,scjvisible,tz,directbiopsy,dealremark,followupdate,menopauseage,pathologydate,diagrway,dealrway,followuptime) VALUES ('DA_101030007', 'DA_101030007', 53,'2010-7-10 0:00', -1,'LSIL', '', 'Epitelio squamoso originario (Maturo); Cisti di Naboth', 'Follow-up regolare',-1,-1,-1,-1,'Esiti colposcopici normali (eseguire esame citologico o iniziare trattamento combinato a citologia)', 0,'image\\201010\\20101030\\', 1,'sys', 'sys', '2010-10-30 9:38', '2010-10-30 8:30', 2,'12 tipi ad alto rischio, esclusi HPV16 e HPV18', 'CIN-1', 'No', 'No', -1,-1,'Adeguato', '', 'Invisibile', 'TZ 2', 'No', '', '2014-1-7 0:00', 0,'1900-1-1 0:00', 'Esiti colposcopici normali (eseguire esame citologico o iniziare trattamento combinato a citologia)', 'Follow-up regolare', 0);
INSERT INTO patientexamine (patientno,examineno,age,lastmenses,evaluatescore,ecc,pathology,see,deal,color,verge,bloodvessel,iodin,plandiagnoseresult,imageflag,imagepath,examineseq,requestdoctor,examinedoctor,examinetime,initdate,state,hpv,biopsy,menopause,pregnancy,pregweek,pregday,colexamsat,dissatreason,scjvisible,tz,directbiopsy,dealremark,followupdate,menopauseage,pathologydate,diagrway,dealrway,followuptime) VALUES ('DA_101030010', 'DA_101030010', 38,'2010-10-20 0:00', -1,'NILM', '', 'Epitelio squamoso originario (Maturo); Epitelio colonnare (Ectopia)', 'Follow-up regolare',-1,-1,-1,-1,'Esiti colposcopici normali (eseguire esame citologico o iniziare trattamento combinato a citologia)', 0,'image\\201010\\20101030\\', 1,'sys', 'sys', '2010-10-30 9:55', '2010-10-30 8:38', 2,'12 tipi ad alto rischio, esclusi HPV16 e HPV18', '', 'No', 'No', -1,-1,'Adeguato', '', 'Completamente visibile', 'TZ 1', 'No', '', '2011-2-17 0:00', 0,'1900-1-1 0:00', 'Esiti colposcopici normali (eseguire esame citologico o iniziare trattamento combinato a citologia)', 'Follow-up regolare', 0);
INSERT INTO patientexamine (patientno,examineno,age,lastmenses,evaluatescore,ecc,pathology,see,deal,color,verge,bloodvessel,iodin,plandiagnoseresult,imageflag,imagepath,examineseq,requestdoctor,examinedoctor,examinetime,initdate,state,hpv,biopsy,menopause,pregnancy,pregweek,pregday,colexamsat,dissatreason,scjvisible,tz,directbiopsy,dealremark,followupdate,menopauseage,pathologydate,diagrway,dealrway,followuptime) VALUES ('DA_101030014', 'DA_101030014', 65,'1900-1-1 0:00', -1,'ASC-H', '', 'Polipo(endocervicale)', 'Biopsia multipunto ed ECC',-1,-1,-1,-1,'Esiti colposcopici normali (eseguire esame citologico o iniziare trattamento combinato a citologia)', 0,'image\\201010\\20101030\\', 1,'sys', 'sys', '2010-10-30 10:41', '2010-10-30 8:47', 2,'12 tipi ad alto rischio, esclusi HPV16 e HPV18', '', 'Sì', 'No', -1,-1,'Inadeguato', '', 'Invisibile', 'TZ 3', 'No', '', '2014-1-7 0:00', 48,'1900-1-1 0:00', 'Esiti colposcopici normali (eseguire esame citologico o iniziare trattamento combinato a citologia)', 'Biopsia multipunto ed ECC', 0);
INSERT INTO patientexamine (patientno,examineno,age,lastmenses,evaluatescore,ecc,pathology,see,deal,color,verge,bloodvessel,iodin,plandiagnoseresult,imageflag,imagepath,examineseq,requestdoctor,examinedoctor,examinetime,initdate,state,hpv,biopsy,menopause,pregnancy,pregweek,pregday,colexamsat,dissatreason,scjvisible,tz,directbiopsy,dealremark,followupdate,menopauseage,pathologydate,diagrway,dealrway,followuptime) VALUES ('DA_101104006', 'DA_101104006', 39,'1900-1-1 0:00', -1,'ASC-H', '', 'Epitelio aceto-bianco compatto; Punteggiatura asimmetrica grossa; Colorazione di Lugol: non tinto', 'Biopsia',-1,-1,-1,-1,'HSIL', 0,'image\\201011\\20101104\\', 1,'sys', 'sys', '2010-11-4 14:17', '2010-11-4 13:22', 2,'12 tipi ad alto rischio, esclusi HPV16 e HPV18', 'CIN-2', 'No', 'No', -1,-1,'Adeguato', '', 'Parzialmente visibile', 'TZ 2', 'No', '', '2014-1-8 0:00', 0,'1900-1-1 0:00', 'HSIL', 'Biopsia', 0);
INSERT INTO patientexamine (patientno,examineno,age,lastmenses,evaluatescore,ecc,pathology,see,deal,color,verge,bloodvessel,iodin,plandiagnoseresult,imageflag,imagepath,examineseq,requestdoctor,examinedoctor,examinetime,initdate,state,hpv,biopsy,menopause,pregnancy,pregweek,pregday,colexamsat,dissatreason,scjvisible,tz,directbiopsy,dealremark,followupdate,menopauseage,pathologydate,diagrway,dealrway,followuptime) VALUES ('DA_101104009', 'DA_101104009', 45,'1900-1-1 0:00', -1,'LSIL', '', 'Epitelio aceto-bianco liscio e sottile; Vasi assenti; Colorazione di Lugol: non tinto', 'Biopsia',-1,-1,-1,-1,'HSIL', 0,'image\\201011\\20101104\\', 1,'sys', 'sys', '2010-11-4 14:48', '2010-11-4 13:28', 2,'12 tipi ad alto rischio, esclusi HPV16 e HPV18', 'CIN-1', 'No', 'No', -1,-1,'Adeguato', '', 'Parzialmente visibile', 'TZ 2', 'Sì', 'Rimuov. la garza dopo 24 h. Seguire le indicaz. del medico e manten. un''igiene corretta. Asten. da rapp. sess. e bagni in vasca per un mese ed evit. attività fisiche intense. Nei prossimi 10 giorni potrebbe verificarsi un lieve sanguinamento vaginale. Consul. subito un medico se il sanguin. è super. al sanguinam. giornal. max durante le mestruaz. Portare la cartella al contr. per il follow-up.', '2014-1-7 0:00', 0,'1900-1-1 0:00', 'HSIL', 'Biopsia', 0);
INSERT INTO patientexamine (patientno,examineno,age,lastmenses,evaluatescore,ecc,pathology,see,deal,color,verge,bloodvessel,iodin,plandiagnoseresult,imageflag,imagepath,examineseq,requestdoctor,examinedoctor,examinetime,initdate,state,hpv,biopsy,menopause,pregnancy,pregweek,pregday,colexamsat,dissatreason,scjvisible,tz,directbiopsy,dealremark,followupdate,menopauseage,pathologydate,diagrway,dealrway,followuptime) VALUES ('DA_101104012', 'DA_101104012', 42,'1900-1-1 0:00', -1,'HSIL', '', 'Epitelio aceto-bianco liscio e sottile; Vasi assenti; Colorazione di Lugol: non tinto', 'Biopsia',-1,-1,-1,-1,'HSIL', 0,'image\\201011\\20101104\\', 1,'sys', 'sys', '2010-11-4 15:28', '2010-11-4 13:33', 2,'HPV 16', 'CIN-3', 'No', 'No', -1,-1,'Adeguato', '', 'Parzialmente visibile', 'TZ 2', 'Sì', 'Rimuov. la garza dopo 24 h. Seguire le indicaz. del medico e manten. un''igiene corretta. Asten. da rapp. sess. e bagni in vasca per un mese ed evit. attività fisiche intense. Nei prossimi 10 giorni potrebbe verificarsi un lieve sanguinamento vaginale. Consul. subito un medico se il sanguin. è super. al sanguinam. giornal. max durante le mestruaz. Portare la cartella al contr. per il follow-up.', '2013-12-31 0:00', 0,'1900-1-1 0:00', 'HSIL', 'Biopsia', 0);
INSERT INTO patientexamine (patientno,examineno,age,lastmenses,evaluatescore,ecc,pathology,see,deal,color,verge,bloodvessel,iodin,plandiagnoseresult,imageflag,imagepath,examineseq,requestdoctor,examinedoctor,examinetime,initdate,state,hpv,biopsy,menopause,pregnancy,pregweek,pregday,colexamsat,dissatreason,scjvisible,tz,directbiopsy,dealremark,followupdate,menopauseage,pathologydate,diagrway,dealrway,followuptime) VALUES ('DA_101104019', 'DA_101104019', 25,'1900-1-1 0:00', -1,'NILM', '', 'Epitelio squamoso originario (Maturo); Epitelio colonnare (Ectopia)', 'Follow-up regolare',-1,-1,-1,-1,'Esiti colposcopici normali (eseguire esame citologico o iniziare trattamento combinato a citologia)', 0,'image\\201011\\20101104\\', 1,'sys', 'sys', '2010-11-4 16:23', '2010-11-4 15:24', 2,'HPV 16', '', 'No', 'No', -1,-1,'Adeguato', '', 'Completamente visibile', 'TZ 1', 'No', '', '2013-12-31 0:00', 0,'1900-1-1 0:00', 'Esiti colposcopici normali (eseguire esame citologico o iniziare trattamento combinato a citologia)', 'Follow-up regolare', 0);
INSERT INTO patientexamine (patientno,examineno,age,lastmenses,evaluatescore,ecc,pathology,see,deal,color,verge,bloodvessel,iodin,plandiagnoseresult,imageflag,imagepath,examineseq,requestdoctor,examinedoctor,examinetime,initdate,state,hpv,biopsy,menopause,pregnancy,pregweek,pregday,colexamsat,dissatreason,scjvisible,tz,directbiopsy,dealremark,followupdate,menopauseage,pathologydate,diagrway,dealrway,followuptime) VALUES ('DA_101105001', 'DA_101105001', 24,'1900-1-1 0:00', -1,'', '', 'Colorazione di Lugol: tinto; Condiloma', 'Follow-up regolare',-1,-1,-1,-1,'Condiloma cervicale', 0,'image\\201011\\20101105\\', 1,'sys', 'sys', '2010-11-5 13:31', '2010-11-5 13:08', 2,'Test HPV DNA -', 'CIN-1', 'No', 'No', -1,-1,'Inadeguato', 'Cervice oscurata da cicatrice', 'Invisibile', 'TZ 3', 'No', '', '2014-1-8 0:00', 0,'1900-1-1 0:00', 'Risultati colposcopia normali', 'Follow-up regolare', 0);
INSERT INTO patientexamine (patientno,examineno,age,lastmenses,evaluatescore,ecc,pathology,see,deal,color,verge,bloodvessel,iodin,plandiagnoseresult,imageflag,imagepath,examineseq,requestdoctor,examinedoctor,examinetime,initdate,state,hpv,biopsy,menopause,pregnancy,pregweek,pregday,colexamsat,dissatreason,scjvisible,tz,directbiopsy,dealremark,followupdate,menopauseage,pathologydate,diagrway,dealrway,followuptime) VALUES ('DA_101105002', 'DA_101105002', 49,'1900-1-1 0:00', -1,'NILM', '', 'Epitelio squamoso originario (Maturo); Cisti di Naboth', 'Follow-up regolare',-1,-1,-1,-1,'Risultati colposcopia normali', 0,'image\\201011\\20101105\\', 1,'sys', 'sys', '2010-11-5 13:19', '2010-11-5 13:11', 2,'12 tipi ad alto rischio, esclusi HPV16 e HPV18', '', 'No', 'No', -1,-1,'Inadeguato', '', 'Invisibile', 'TZ 2', 'No', '', '2014-1-8 0:00', 0,'1900-1-1 0:00', 'Risultati colposcopia normali', 'Follow-up regolare', 0);
INSERT INTO patientexamine (patientno,examineno,age,lastmenses,evaluatescore,ecc,pathology,see,deal,color,verge,bloodvessel,iodin,plandiagnoseresult,imageflag,imagepath,examineseq,requestdoctor,examinedoctor,examinetime,initdate,state,hpv,biopsy,menopause,pregnancy,pregweek,pregday,colexamsat,dissatreason,scjvisible,tz,directbiopsy,dealremark,followupdate,menopauseage,pathologydate,diagrway,dealrway,followuptime) VALUES ('DA_101105003', 'DA_101105003', 39,'1900-1-1 0:00', -1,'Ipercheratosi', '', 'Epitelio aceto-bianco liscio e sottile; Vasi assenti; Colorazione di Lugol: non tinto', 'Biopsia (a seconda delle dimensioni della lesione)',-1,-1,-1,-1,'LSIL', 0,'image\\201011\\20101105\\', 1,'sys', 'sys', '2010-11-5 13:53', '2010-11-5 13:17', 2,'', '', 'No', 'No', -1,-1,'Inadeguato', 'Altre', 'Invisibile', 'TZ 3', 'No', '', '2013-12-31 0:00', 0,'1900-1-1 0:00', 'LSIL', 'Biopsia (a seconda delle dimensioni della lesione)', 0);
INSERT INTO patientexamine (patientno,examineno,age,lastmenses,evaluatescore,ecc,pathology,see,deal,color,verge,bloodvessel,iodin,plandiagnoseresult,imageflag,imagepath,examineseq,requestdoctor,examinedoctor,examinetime,initdate,state,hpv,biopsy,menopause,pregnancy,pregweek,pregday,colexamsat,dissatreason,scjvisible,tz,directbiopsy,dealremark,followupdate,menopauseage,pathologydate,diagrway,dealrway,followuptime) VALUES ('DA_101105006', 'DA_101105006', 44,'1900-1-1 0:00', -1,'NILM', '', 'Epitelio aceto-bianco compatto; Mosaico asimmetrico grosso; Colorazione di Lugol: non tinto', 'Follow-up regolare',-1,-1,-1,-1,'Normal colposcopic findings(Mature)', 0,'image\\201011\\20101105\\', 1,'sys', 'sys', '2010-11-5 14:18', '2010-11-5 13:31', 2,'12 tipi ad alto rischio, esclusi HPV16 e HPV18', '', 'No', 'No', -1,-1,'Inadeguato', 'Altre', 'Invisibile', 'TZ 3', 'No', '', '2013-12-31 0:00', 0,'1900-1-1 0:00', 'Normal colposcopic findings(Mature)', 'Follow-up regolare', 0);
INSERT INTO patientexamine (patientno,examineno,age,lastmenses,evaluatescore,ecc,pathology,see,deal,color,verge,bloodvessel,iodin,plandiagnoseresult,imageflag,imagepath,examineseq,requestdoctor,examinedoctor,examinetime,initdate,state,hpv,biopsy,menopause,pregnancy,pregweek,pregday,colexamsat,dissatreason,scjvisible,tz,directbiopsy,dealremark,followupdate,menopauseage,pathologydate,diagrway,dealrway,followuptime) VALUES ('DA_101106006', 'DA_101106006', 45,'1900-1-1 0:00', -1,'HSIL', '', 'Epitelio aceto-bianco compatto; Vasi assenti; Colorazione di Lugol: non tinto; Cisti di Naboth; Polipo(endocervicale)', 'Biopsia',-1,-1,-1,-1,'HSIL', 0,'image\\201011\\20101106\\', 1,'sys', 'sys', '2010-11-6 9:43', '2010-11-6 8:21', 2,'12 tipi ad alto rischio, esclusi HPV16 e HPV18', 'CIN-3', 'No', 'No', -1,-1,'Adeguato', '', 'Parzialmente visibile', 'TZ 2', 'Sì', 'Rimuov. la garza dopo 24 h. Seguire le indicaz. del medico e manten. un''igiene corretta. Asten. da rapp. sess. e bagni in vasca per un mese ed evit. attività fisiche intense. Nei prossimi 10 giorni potrebbe verificarsi un lieve sanguinamento vaginale. Consul. subito un medico se il sanguin. è super. al sanguinam. giornal. max durante le mestruaz. Portare la cartella al contr. per il follow-up.', '2014-1-7 0:00', 0,'1900-1-1 0:00', 'HSIL', 'Biopsia', 0);
INSERT INTO patientexamine (patientno,examineno,age,lastmenses,evaluatescore,ecc,pathology,see,deal,color,verge,bloodvessel,iodin,plandiagnoseresult,imageflag,imagepath,examineseq,requestdoctor,examinedoctor,examinetime,initdate,state,hpv,biopsy,menopause,pregnancy,pregweek,pregday,colexamsat,dissatreason,scjvisible,tz,directbiopsy,dealremark,followupdate,menopauseage,pathologydate,diagrway,dealrway,followuptime) VALUES ('DA_101106011', 'DA_101106011', 43,'1900-1-1 0:00', -1,'AGC-NOS (cellule ghiandolari atipiche non specificate, nel canale cervicale)', '', 'Epitelio aceto-bianco liscio e sottile; Vasi assenti;Colorazione di Lugol: non tinto', 'Biopsia',-1,-1,-1,-1,'HSIL', 0,'image\\201011\\20101106\\', 1,'sys', 'sys', '2010-11-6 10:05', '2010-11-6 8:31', 2,'12 tipi ad alto rischio, esclusi HPV16 e HPV18', 'CIN-2', 'No', 'No', -1,-1,'Adeguato', '', 'Parzialmente visibile', 'TZ 2', 'No', '', '2014-1-7 0:00', 0,'1900-1-1 0:00', 'HSIL', 'Biopsia', 0);
INSERT INTO patientexamine (patientno,examineno,age,lastmenses,evaluatescore,ecc,pathology,see,deal,color,verge,bloodvessel,iodin,plandiagnoseresult,imageflag,imagepath,examineseq,requestdoctor,examinedoctor,examinetime,initdate,state,hpv,biopsy,menopause,pregnancy,pregweek,pregday,colexamsat,dissatreason,scjvisible,tz,directbiopsy,dealremark,followupdate,menopauseage,pathologydate,diagrway,dealrway,followuptime) VALUES ('DA_101106012', 'DA_101106012', 56,'1900-1-1 0:00', -1,'NILM', '', 'Epitelio aceto-bianco liscio e sottile; Vasi assenti; Colorazione di Lugol: parzialmente tinto', 'Follow-up regolare',-1,-1,-1,-1,'Normal colposcopic findings（Atrophic）', 0,'image\\201011\\20101106\\', 1,'sys', 'sys', '2010-11-6 10:18', '2010-11-6 8:32', 2,'HPV 16', '', 'Sì', 'No', -1,-1,'Adeguato', '', 'Invisibile', 'TZ 3', 'No', '', '2011-2-17 0:00', 50,'1900-1-1 0:00', 'Normal colposcopic findings（Atrophic）', 'Follow-up regolare', 0);
INSERT INTO patientexamine (patientno,examineno,age,lastmenses,evaluatescore,ecc,pathology,see,deal,color,verge,bloodvessel,iodin,plandiagnoseresult,imageflag,imagepath,examineseq,requestdoctor,examinedoctor,examinetime,initdate,state,hpv,biopsy,menopause,pregnancy,pregweek,pregday,colexamsat,dissatreason,scjvisible,tz,directbiopsy,dealremark,followupdate,menopauseage,pathologydate,diagrway,dealrway,followuptime) VALUES ('DA_101106014', 'DA_101106014', 47,'1900-1-1 0:00', -1,'HSIL', '', 'Epitelio aceto-bianco compatto; Punteggiatura asimmetrica grossa; Mosaico asimmetrico grosso; Colorazione di Lugol: non tinto', 'Si raccomanda biopsia',-1,-1,-1,-1,'Sospetto per invasione', 0,'image\\201011\\20101106\\', 1,'sys', 'sys', '2010-11-6 10:36', '2010-11-6 9:04', 2,'HPV 16', 'CIN-3', 'No', 'No', -1,-1,'Adeguato', '', 'Invisibile', 'TZ 3', 'No', '', '2014-1-7 0:00', 0,'1900-1-1 0:00', 'Sospetto per invasione', 'Si raccomanda biopsia', 0);
INSERT INTO patientexamine (patientno,examineno,age,lastmenses,evaluatescore,ecc,pathology,see,deal,color,verge,bloodvessel,iodin,plandiagnoseresult,imageflag,imagepath,examineseq,requestdoctor,examinedoctor,examinetime,initdate,state,hpv,biopsy,menopause,pregnancy,pregweek,pregday,colexamsat,dissatreason,scjvisible,tz,directbiopsy,dealremark,followupdate,menopauseage,pathologydate,diagrway,dealrway,followuptime) VALUES ('DA_101106022', 'DA_101106022', 46,'1900-1-1 0:00', -1,'', '', 'Vasi fragili; Ulcerazione (necrotica); Superficie irregolare', 'Si raccomanda biopsia',-1,-1,-1,-1,'Sospetto per cancro alla cervice', 0,'image\\201011\\20101106\\', 1,'sys', 'sys', '2010-11-6 11:48', '2010-11-6 10:52', 2,'', 'CIN-3', 'No', 'No', -1,-1,'Inadeguato', 'Cervice oscurata da sanguinamento', 'Invisibile', 'TZ 3', 'Sì', 'Rimuov. la garza dopo 24 h. Seguire le indicaz. del medico e manten. un''igiene corretta. Asten. da rapp. sess. e bagni in vasca per un mese ed evit. attività fisiche intense. Nei prossimi 10 giorni potrebbe verificarsi un lieve sanguinamento vaginale. Consul. subito un medico se il sanguin. è super. al sanguinam. giornal. max durante le mestruaz. Portare la cartella al contr. per il follow-up.', '2014-1-8 0:00', 0,'1900-1-1 0:00', 'Sospetto per cancro alla cervice', 'Si raccomanda biopsia', 0);
INSERT INTO patientexamine (patientno,examineno,age,lastmenses,evaluatescore,ecc,pathology,see,deal,color,verge,bloodvessel,iodin,plandiagnoseresult,imageflag,imagepath,examineseq,requestdoctor,examinedoctor,examinetime,initdate,state,hpv,biopsy,menopause,pregnancy,pregweek,pregday,colexamsat,dissatreason,scjvisible,tz,directbiopsy,dealremark,followupdate,menopauseage,pathologydate,diagrway,dealrway,followuptime) VALUES ('DA_101107003', 'DA_101107003', 23,'1900-1-1 0:00', -1,'HSIL', '', 'Vasi fragili; Superficie irregolare; Lesione esofitica', 'Si raccomanda biopsia',-1,-1,-1,-1,'Sospetto per invasione', 0,'image\\201011\\20101107\\', 1,'sys', 'sys', '2010-11-7 8:56', '2010-11-7 8:09', 2,'', 'CA', 'No', 'No', -1,-1,'Inadeguato', 'Cervice oscurata da sanguinamento', 'Invisibile', 'TZ 3', 'Sì', 'Rimuov. la garza dopo 24 h. Seguire le indicaz. del medico e manten. un''igiene corretta. Asten. da rapp. sess. e bagni in vasca per un mese ed evit. attività fisiche intense. Nei prossimi 10 giorni potrebbe verificarsi un lieve sanguinamento vaginale. Consul. subito un medico se il sanguin. è super. al sanguinam. giornal. max durante le mestruaz. Portare la cartella al contr. per il follow-up.', '2014-1-8 0:00', 0,'1900-1-1 0:00', 'Sospetto per cancro alla cervice', 'Sospetto per invasione', 0);
INSERT INTO patientexamine (patientno,examineno,age,lastmenses,evaluatescore,ecc,pathology,see,deal,color,verge,bloodvessel,iodin,plandiagnoseresult,imageflag,imagepath,examineseq,requestdoctor,examinedoctor,examinetime,initdate,state,hpv,biopsy,menopause,pregnancy,pregweek,pregday,colexamsat,dissatreason,scjvisible,tz,directbiopsy,dealremark,followupdate,menopauseage,pathologydate,diagrway,dealrway,followuptime) VALUES ('DA_101107006', 'DA_101107006', 33,'1900-1-1 0:00', -1,'LSIL', '', 'Epitelio aceto-bianco liscio e sottile; Punteggiatura asimmetrica grossa; Colorazione di Lugol: non tinto', 'Biopsia (a seconda delle dimensioni della lesione)',-1,-1,-1,-1,'LSIL', 0,'image\\201011\\20101107\\', 1,'sys', 'sys', '2010-11-7 9:18', '2010-11-7 8:17', 2,'Test HPV DNA -', '', 'No', 'No', -1,-1,'Adeguato', '', 'Parzialmente visibile', 'TZ 2', 'No', '', '2014-1-8 0:00', 49,'1900-1-1 0:00', 'LSIL', 'Biopsia (a seconda delle dimensioni della lesione)', 0);
INSERT INTO patientexamine (patientno,examineno,age,lastmenses,evaluatescore,ecc,pathology,see,deal,color,verge,bloodvessel,iodin,plandiagnoseresult,imageflag,imagepath,examineseq,requestdoctor,examinedoctor,examinetime,initdate,state,hpv,biopsy,menopause,pregnancy,pregweek,pregday,colexamsat,dissatreason,scjvisible,tz,directbiopsy,dealremark,followupdate,menopauseage,pathologydate,diagrway,dealrway,followuptime) VALUES ('DA_101107015', 'DA_101107015', 50,'2010-10-25 0:00', -1,'ASC-US', '', 'Epitelio aceto-bianco liscio e sottile; Vasi assenti; Colorazione di Lugol: tinto;Punteggiatura simmetrica sottile', 'Follow-up regolare',-1,-1,-1,-1,'Esiti colposcopici normali (eseguire esame citologico o iniziare trattamento combinato a citologia)', 0,'image\\201011\\20101107\\', 1,'sys', 'sys', '2010-11-7 10:40', '2010-11-7 10:36', 2,'12 tipi ad alto rischio, esclusi HPV16 e HPV18', '', 'No', 'No', -1,-1,'Adeguato', '', 'Parzialmente visibile', 'TZ 2', 'No', '', '2014-1-8 0:00', 0,'1900-1-1 0:00', 'Esiti colposcopici normali (eseguire esame citologico o iniziare trattamento combinato a citologia)', 'Follow-up regolare', 0);
INSERT INTO patientexamine (patientno,examineno,age,lastmenses,evaluatescore,ecc,pathology,see,deal,color,verge,bloodvessel,iodin,plandiagnoseresult,imageflag,imagepath,examineseq,requestdoctor,examinedoctor,examinetime,initdate,state,hpv,biopsy,menopause,pregnancy,pregweek,pregday,colexamsat,dissatreason,scjvisible,tz,directbiopsy,dealremark,followupdate,menopauseage,pathologydate,diagrway,dealrway,followuptime) VALUES ('DA_101107017', 'DA_101107017', 36,'2010-10-5 0:00', -1,'NILM', '', 'Epitelio squamoso originario (Maturo)', 'Follow-up regolare; LEEP',-1,-1,-1,-1,'Risultati colposcopia normali; Mioma cervicale', 0,'image\\201011\\20101107\\', 1,'sys', 'sys', '2010-11-7 11:07', '2010-11-7 10:52', 2,'Test HPV DNA -', '', 'No', 'Sì', 8,5,'Inadeguato', 'Altre', 'Invisibile', 'TZ 3', 'No', '', '2013-12-31 0:00', 0,'1900-1-1 0:00', 'Risultati colposcopia normali', 'Follow-up regolare', 0);
INSERT INTO patientexamine (patientno,examineno,age,lastmenses,evaluatescore,ecc,pathology,see,deal,color,verge,bloodvessel,iodin,plandiagnoseresult,imageflag,imagepath,examineseq,requestdoctor,examinedoctor,examinetime,initdate,state,hpv,biopsy,menopause,pregnancy,pregweek,pregday,colexamsat,dissatreason,scjvisible,tz,directbiopsy,dealremark,followupdate,menopauseage,pathologydate,diagrway,dealrway,followuptime) VALUES ('DA_101107018', 'DA_101107018', 44,'2010-10-19 0:00', -1,'', '', 'Endocervical bleeding;Vasi fragili; Superficie irregolare; Necrosi; Ulcerazione (necrotica); Lesione esofitica', 'Si raccomanda biopsia',-1,-1,-1,-1,'Sospetto per invasione', 0,'image\\201011\\20101107\\', 1,'sys', 'sys', '2010-11-7 11:16', '2010-11-7 10:56', 2,'', 'CA', 'No', 'No', -1,-1,'Inadeguato', 'Cervice oscurata da sanguinamento', 'Invisibile', 'TZ 3', 'No', '', '2014-1-7 0:00', 0,'1900-1-1 0:00', 'Sospetto per invasione', 'Si raccomanda biopsia', 0);
INSERT INTO patientexamine (patientno,examineno,age,lastmenses,evaluatescore,ecc,pathology,see,deal,color,verge,bloodvessel,iodin,plandiagnoseresult,imageflag,imagepath,examineseq,requestdoctor,examinedoctor,examinetime,initdate,state,hpv,biopsy,menopause,pregnancy,pregweek,pregday,colexamsat,dissatreason,scjvisible,tz,directbiopsy,dealremark,followupdate,menopauseage,pathologydate,diagrway,dealrway,followuptime) VALUES ('DA_101107025', 'DA_101107025', 42,'1900-1-1 0:00', -1,'ASC-H', 'CIN-2', '', '',-1,-1,-1,-1,'', 0,'image\\201011\\20101107\\', 1,'sys', 'sys', '2010-11-7 14:16', '2010-11-7 13:23', 2,'12 tipi ad alto rischio, esclusi HPV16 e HPV18', '', 'No', 'No', -1,-1,'', '', '', '', 'Sì', '', '2010-11-18 0:00', 0,'2013-10-21 0:00', '', '', 0);
INSERT INTO patientexamine (patientno,examineno,age,lastmenses,evaluatescore,ecc,pathology,see,deal,color,verge,bloodvessel,iodin,plandiagnoseresult,imageflag,imagepath,examineseq,requestdoctor,examinedoctor,examinetime,initdate,state,hpv,biopsy,menopause,pregnancy,pregweek,pregday,colexamsat,dissatreason,scjvisible,tz,directbiopsy,dealremark,followupdate,menopauseage,pathologydate,diagrway,dealrway,followuptime) VALUES ('DA_101108002', 'DA_101108002', 29,'1900-1-1 0:00', -1,'Citologia insoddisfacente', '', 'Epitelio aceto-bianco liscio e sottile; Epitelio squamoso metaplastico', 'Biopsia (a seconda delle dimensioni della lesione)',-1,-1,-1,-1,'LSIL', 0,'image\\201011\\20101108\\', 1,'sys', 'sys', '2010-11-8 8:45', '2010-11-8 8:16', 2,'HPV 16', '', 'No', 'No', -1,-1,'Adeguato', '', 'Parzialmente visibile', 'TZ 2', 'No', '', '2014-1-7 0:00', 0,'1900-1-1 0:00', 'LSIL', 'Biopsia (a seconda delle dimensioni della lesione)', 0);
INSERT INTO patientexamine (patientno,examineno,age,lastmenses,evaluatescore,ecc,pathology,see,deal,color,verge,bloodvessel,iodin,plandiagnoseresult,imageflag,imagepath,examineseq,requestdoctor,examinedoctor,examinetime,initdate,state,hpv,biopsy,menopause,pregnancy,pregweek,pregday,colexamsat,dissatreason,scjvisible,tz,directbiopsy,dealremark,followupdate,menopauseage,pathologydate,diagrway,dealrway,followuptime) VALUES ('DA_101108011', 'DA_101108011', 41,'1900-1-1 0:00', -1,'NILM', '', 'Endocervical bleeding;Vasi fragili', 'Si raccomanda biopsia',-1,-1,-1,-1,'Sospetto per invasione', 0,'image\\201011\\20101108\\', 1,'sys', 'sys', '2010-11-8 10:28', '2010-11-8 9:35', 2,'Test HPV DNA -', '', 'No', 'No', -1,-1,'Inadeguato', 'Cervice oscurata da sanguinamento', 'Invisibile', 'TZ 3', 'No', '', '2013-12-31 0:00', 0,'1900-1-1 0:00', 'SSospetto per invasione', 'Si raccomanda biopsia', 0);
INSERT INTO patientexamine (patientno,examineno,age,lastmenses,evaluatescore,ecc,pathology,see,deal,color,verge,bloodvessel,iodin,plandiagnoseresult,imageflag,imagepath,examineseq,requestdoctor,examinedoctor,examinetime,initdate,state,hpv,biopsy,menopause,pregnancy,pregweek,pregday,colexamsat,dissatreason,scjvisible,tz,directbiopsy,dealremark,followupdate,menopauseage,pathologydate,diagrway,dealrway,followuptime) VALUES ('DA_101108012', 'DA_101108012', 32,'1900-1-1 0:00', -1,'HSIL; AGC-FN (cellule ghiandolari atipiche favorenti neoplasia, nel canale cervicale)', '', 'Epitelio aceto-bianco liscio e sottile; Vasi assenti; Colorazione di Lugol: non tinto', 'Biopsia',-1,-1,-1,-1,'HSIL', 0,'image\\201011\\20101108\\', 1,'sys', 'sys', '2010-11-8 10:29', '2010-11-8 10:11', 2,'HPV 16', 'CIN-2', 'No', 'No', -1,-1,'Adeguato', '', 'Parzialmente visibile', 'TZ 2', 'No', '', '2014-1-7 0:00', 0,'1900-1-1 0:00', 'HSIL', 'Biopsia', 0);
INSERT INTO patientexamine (patientno,examineno,age,lastmenses,evaluatescore,ecc,pathology,see,deal,color,verge,bloodvessel,iodin,plandiagnoseresult,imageflag,imagepath,examineseq,requestdoctor,examinedoctor,examinetime,initdate,state,hpv,biopsy,menopause,pregnancy,pregweek,pregday,colexamsat,dissatreason,scjvisible,tz,directbiopsy,dealremark,followupdate,menopauseage,pathologydate,diagrway,dealrway,followuptime) VALUES ('DA_101108014', 'DA_101108014', 30,'1900-1-1 0:00', -1,'NILM', '', 'Epitelio squamoso originario (Maturo)', 'Follow-up regolare',-1,-1,-1,-1,'Normal colposcopic findings(Mature)', 0,'image\\201011\\20101108\\', 1,'sys', 'sys', '2010-11-8 11:15', '2010-11-8 11:03', 2,'HPV 18', '', 'No', 'No', -1,-1,'Adeguato', '', 'Invisibile', 'TZ 3', 'No', '', '2013-12-31 0:00', 0,'1900-1-1 0:00', 'Normal colposcopic findings(Mature)', 'Follow-up regolare', 0);
INSERT INTO patientexamine (patientno,examineno,age,lastmenses,evaluatescore,ecc,pathology,see,deal,color,verge,bloodvessel,iodin,plandiagnoseresult,imageflag,imagepath,examineseq,requestdoctor,examinedoctor,examinetime,initdate,state,hpv,biopsy,menopause,pregnancy,pregweek,pregday,colexamsat,dissatreason,scjvisible,tz,directbiopsy,dealremark,followupdate,menopauseage,pathologydate,diagrway,dealrway,followuptime) VALUES ('DA_101111007', 'DA_101111007', 45,'1900-1-1 0:00', -1,'NILM', '', 'Epitelio squamoso originario (Maturo); Epitelio squamoso metaplastico', 'Follow-up regolare',-1,-1,-1,-1,'Normal colposcopic findings(Mature)', 0,'image\\201011\\20101111\\', 1,'sys', 'sys', '2010-11-11 14:17', '2010-11-11 13:23', 2,'12 tipi ad alto rischio, esclusi HPV16 e HPV18', '', 'No', 'No', -1,-1,'Inadeguato', '', 'Parzialmente visibile', 'TZ 2', 'No', '', '2013-12-31 0:00', 0,'1900-1-1 0:00', 'Normal colposcopic findings(Mature)', 'Follow-up regolare', 0);
INSERT INTO patientexamine (patientno,examineno,age,lastmenses,evaluatescore,ecc,pathology,see,deal,color,verge,bloodvessel,iodin,plandiagnoseresult,imageflag,imagepath,examineseq,requestdoctor,examinedoctor,examinetime,initdate,state,hpv,biopsy,menopause,pregnancy,pregweek,pregday,colexamsat,dissatreason,scjvisible,tz,directbiopsy,dealremark,followupdate,menopauseage,pathologydate,diagrway,dealrway,followuptime) VALUES ('DA_101111009', 'DA_101111009', 29,'1900-1-1 0:00', -1,'LSIL', '', 'Epitelio aceto-bianco liscio e sottile; Colorazione di Lugol: non tinto', 'Follow-up regolare',-1,-1,-1,-1,'Risultati colposcopia normali', 0,'image\\201011\\20101111\\', 1,'sys', 'sys', '2010-11-11 14:28', '2010-11-11 13:26', 2,'12 tipi ad alto rischio, esclusi HPV16 e HPV18', 'CIN-1', 'No', 'No', -1,-1,'Adeguato', '', 'Completamente visibile', 'TZ 1', 'No', '', '2014-1-8 0:00', 0,'1900-1-1 0:00', 'Risultati colposcopia normali', 'Follow-up regolare', 0);
INSERT INTO patientexamine (patientno,examineno,age,lastmenses,evaluatescore,ecc,pathology,see,deal,color,verge,bloodvessel,iodin,plandiagnoseresult,imageflag,imagepath,examineseq,requestdoctor,examinedoctor,examinetime,initdate,state,hpv,biopsy,menopause,pregnancy,pregweek,pregday,colexamsat,dissatreason,scjvisible,tz,directbiopsy,dealremark,followupdate,menopauseage,pathologydate,diagrway,dealrway,followuptime) VALUES ('DA_101111011', 'DA_101111011', 45,'1900-1-1 0:00', -1,'NILM', '', 'Punteggiatura simmetrica sottile; Colorazione di Lugol: non tinto', 'Follow-up regolare',-1,-1,-1,-1,'Risultati colposcopia normali', 0,'image\\201011\\20101111\\', 1,'sys', 'sys', '2010-11-11 14:47', '2010-11-11 13:29', 2,'Test HPV DNA -', '', 'No', 'No', -1,-1,'Adeguato', '', 'Completamente visibile', 'TZ 1', 'No', '', '2013-12-31 0:00', 0,'1900-1-1 0:00', 'Risultati colposcopia normali', 'Follow-up regolare', 0);
INSERT INTO patientexamine (patientno,examineno,age,lastmenses,evaluatescore,ecc,pathology,see,deal,color,verge,bloodvessel,iodin,plandiagnoseresult,imageflag,imagepath,examineseq,requestdoctor,examinedoctor,examinetime,initdate,state,hpv,biopsy,menopause,pregnancy,pregweek,pregday,colexamsat,dissatreason,scjvisible,tz,directbiopsy,dealremark,followupdate,menopauseage,pathologydate,diagrway,dealrway,followuptime) VALUES ('DA_101111013', 'DA_101111013', 42,'1900-1-1 0:00', -1,'ASC-US', '', 'Epitelio aceto-bianco liscio e sottile; Vasi assenti; Colorazione di Lugol: non tinto', 'Biopsia',-1,-1,-1,-1,'HSIL', 0,'image\\201011\\20101111\\', 1,'sys', 'sys', '2010-11-11 15:11', '2010-11-11 13:32', 2,'12 tipi ad alto rischio, esclusi HPV16 e HPV18', 'CIN-2', 'No', 'No', -1,-1,'Adeguato', '', 'Completamente visibile', 'TZ 1', 'Sì', 'Rimuov. la garza dopo 24 h. Seguire le indicaz. del medico e manten. un''igiene corretta. Asten. da rapp. sess. e bagni in vasca per un mese ed evit. attività fisiche intense. Nei prossimi 10 giorni potrebbe verificarsi un lieve sanguinamento vaginale. Consul. subito un medico se il sanguin. è super. al sanguinam. giornal. max durante le mestruaz. Portare la cartella al contr. per il follow-up.', '2014-1-8 0:00', 0,'1900-1-1 0:00', 'HSIL', 'Biopsia', 0);
INSERT INTO patientexamine (patientno,examineno,age,lastmenses,evaluatescore,ecc,pathology,see,deal,color,verge,bloodvessel,iodin,plandiagnoseresult,imageflag,imagepath,examineseq,requestdoctor,examinedoctor,examinetime,initdate,state,hpv,biopsy,menopause,pregnancy,pregweek,pregday,colexamsat,dissatreason,scjvisible,tz,directbiopsy,dealremark,followupdate,menopauseage,pathologydate,diagrway,dealrway,followuptime) VALUES ('DA_101113001', 'DA_101113001', 41,'2010-10-30 0:00', -1,'NILM', '', 'Epitelio colonnare (Ectopia); Epitelio aceto-bianco liscio e sottile; Colorazione di Lugol: non tinto', 'Follow-up regolare',-1,-1,-1,-1,'Risultati colposcopia normali', 0,'image\\201011\\20101113\\', 1,'sys', 'sys', '2010-11-13 8:18', '2010-11-13 8:05', 2,'12 tipi ad alto rischio, esclusi HPV16 e HPV18', '', 'No', 'No', -1,-1,'Adeguato', '', 'Completamente visibile', 'TZ 1', 'No', '', '2013-12-31 0:00', 0,'1900-1-1 0:00', 'Risultati colposcopia normali', 'Follow-up regolare', 0);
INSERT INTO patientexamine (patientno,examineno,age,lastmenses,evaluatescore,ecc,pathology,see,deal,color,verge,bloodvessel,iodin,plandiagnoseresult,imageflag,imagepath,examineseq,requestdoctor,examinedoctor,examinetime,initdate,state,hpv,biopsy,menopause,pregnancy,pregweek,pregday,colexamsat,dissatreason,scjvisible,tz,directbiopsy,dealremark,followupdate,menopauseage,pathologydate,diagrway,dealrway,followuptime) VALUES ('DA_101113002', 'DA_101113002', 24,'2010-11-6 0:00', -1,'NILM', '', 'Epitelio squamoso originario (Maturo); Epitelio colonnare; Condiloma', 'Follow-up regolare',-1,-1,-1,-1,'Risultati colposcopia normali', 0,'image\\201011\\20101113\\', 1,'sys', 'sys', '2010-11-13 8:28', '2010-11-13 8:07', 2,'Test HPV DNA -', '', 'No', 'No', -1,-1,'Adeguato', '', 'Completamente visibile', 'TZ 1', 'No', '', '2014-1-7 0:00', 0,'1900-1-1 0:00', 'Risultati colposcopia normali', 'Follow-up regolare', 0);
INSERT INTO patientexamine (patientno,examineno,age,lastmenses,evaluatescore,ecc,pathology,see,deal,color,verge,bloodvessel,iodin,plandiagnoseresult,imageflag,imagepath,examineseq,requestdoctor,examinedoctor,examinetime,initdate,state,hpv,biopsy,menopause,pregnancy,pregweek,pregday,colexamsat,dissatreason,scjvisible,tz,directbiopsy,dealremark,followupdate,menopauseage,pathologydate,diagrway,dealrway,followuptime) VALUES ('DA_101113003', 'DA_101113003', 42,'2010-10-18 0:00', -1,'NILM', '', 'Epitelio aceto-bianco liscio e sottile; Punteggiatura asimmetrica grossa; Colorazione di Lugol: parzialmente tinto', 'Biopsia',-1,-1,-1,-1,'HSIL', 0,'image\\201011\\20101113\\', 1,'sys', 'sys', '2010-11-13 8:37', '2010-11-13 8:09', 2,'HPV 16', 'CIN-2', 'No', 'No', -1,-1,'Adeguato', '', 'Parzialmente visibile', 'TZ 2', 'Sì', 'Rimuov. la garza dopo 24 h. Seguire le indicaz. del medico e manten. un''igiene corretta. Asten. da rapp. sess. e bagni in vasca per un mese ed evit. attività fisiche intense. Nei prossimi 10 giorni potrebbe verificarsi un lieve sanguinamento vaginale. Consul. subito un medico se il sanguin. è super. al sanguinam. giornal. max durante le mestruaz. Portare la cartella al contr. per il follow-up.', '2014-1-7 0:00', 0,'1900-1-1 0:00', 'HSIL', 'Biopsia', 0);
INSERT INTO patientexamine (patientno,examineno,age,lastmenses,evaluatescore,ecc,pathology,see,deal,color,verge,bloodvessel,iodin,plandiagnoseresult,imageflag,imagepath,examineseq,requestdoctor,examinedoctor,examinetime,initdate,state,hpv,biopsy,menopause,pregnancy,pregweek,pregday,colexamsat,dissatreason,scjvisible,tz,directbiopsy,dealremark,followupdate,menopauseage,pathologydate,diagrway,dealrway,followuptime) VALUES ('DA_101113008', 'DA_101113008', 57,'1900-1-1 0:00', -1,'NILM', '', 'Epitelio squamoso originario (Maturo); Epitelio squamoso originario (Atrofico); Polipo(endocervicale)', 'Follow-up regolare',-1,-1,-1,-1,'Risultati colposcopia normali', 0,'image\\201011\\20101113\\', 1,'sys', 'sys', '2010-11-13 9:24', '2010-11-13 8:28', 2,'12 tipi ad alto rischio, esclusi HPV16 e HPV18', '', 'Sì', 'No', -1,-1,'Adeguato', '', 'Parzialmente visibile', 'TZ 2', 'No', '', '2013-12-31 0:00', 50,'1900-1-1 0:00', 'Risultati colposcopia normali', 'Follow-up regolare', 0);
INSERT INTO patientexamine (patientno,examineno,age,lastmenses,evaluatescore,ecc,pathology,see,deal,color,verge,bloodvessel,iodin,plandiagnoseresult,imageflag,imagepath,examineseq,requestdoctor,examinedoctor,examinetime,initdate,state,hpv,biopsy,menopause,pregnancy,pregweek,pregday,colexamsat,dissatreason,scjvisible,tz,directbiopsy,dealremark,followupdate,menopauseage,pathologydate,diagrway,dealrway,followuptime) VALUES ('DA_101113009', 'DA_101113009', 51,'1900-1-1 0:00', -1,'NILM', '', 'Epitelio squamoso originario (Maturo)', 'Follow-up regolare',-1,-1,-1,-1,'Normal colposcopic findings(Mature)', 0,'image\\201011\\20101113\\', 1,'sys', 'sys', '2010-11-13 9:33', '2010-11-13 8:32', 2,'Test HPV DNA -', '', 'Sì', 'No', -1,-1,'Adeguato', '', 'Invisibile', 'TZ 3', 'No', '', '2013-12-31 0:00', 50,'1900-1-1 0:00', 'Normal colposcopic findings(Mature)', 'Follow-up regolare', 0);
INSERT INTO patientexamine (patientno,examineno,age,lastmenses,evaluatescore,ecc,pathology,see,deal,color,verge,bloodvessel,iodin,plandiagnoseresult,imageflag,imagepath,examineseq,requestdoctor,examinedoctor,examinetime,initdate,state,hpv,biopsy,menopause,pregnancy,pregweek,pregday,colexamsat,dissatreason,scjvisible,tz,directbiopsy,dealremark,followupdate,menopauseage,pathologydate,diagrway,dealrway,followuptime) VALUES ('DA_101113013', 'DA_101113013', 35,'2010-10-18 0:00', -1,'', '', 'Cervical bleeding;Epitelio squamoso originario (Maturo); Erosione', 'Follow-up regolare; Esame microbico (clamidia, gonococco, micoplasma, ecc)',-1,-1,-1,-1,'Risultati colposcopia normali', 0,'image\\201011\\20101113\\', 1,'sys', 'sys', '2010-11-13 10:36', '2010-11-13 9:08', 2,'', '', 'No', 'No', -1,-1,'Inadeguato', 'Cervice oscurata da sanguinamento', 'Invisibile', 'TZ 3', 'No', '', '2013-12-31 0:00', 0,'1900-1-1 0:00', 'Risultati colposcopia normali', 'Follow-up regolare', 0);
INSERT INTO patientexamine (patientno,examineno,age,lastmenses,evaluatescore,ecc,pathology,see,deal,color,verge,bloodvessel,iodin,plandiagnoseresult,imageflag,imagepath,examineseq,requestdoctor,examinedoctor,examinetime,initdate,state,hpv,biopsy,menopause,pregnancy,pregweek,pregday,colexamsat,dissatreason,scjvisible,tz,directbiopsy,dealremark,followupdate,menopauseage,pathologydate,diagrway,dealrway,followuptime) VALUES ('DA_101114002', 'DA_101114002', 48,'2010-10-23 0:00', -1,'AGC-NOS (cellule ghiandolari atipiche non specificate, incerte)', '', 'Epitelio squamoso originario (Maturo); Epitelio colonnare (Ectopia); Cisti di Naboth; Aperture cripta (ghiandola)', 'Bleeding region biopsy;Biopsia multipunto, ECC ed esame endometriale',-1,-1,-1,-1,'Risultati colposcopia normali', 0,'image\\201011\\20101114\\', 1,'sys', 'sys', '2010-11-14 8:25', '2010-11-14 8:05', 2,'Test HPV DNA -', '', 'No', 'No', -1,-1,'Adeguato', '', 'Parzialmente visibile', 'TZ 2', 'Sì', 'Rimuov. la garza dopo 24 h. Seguire le indicaz. del medico e manten. un''igiene corretta. Asten. da rapp. sess. e bagni in vasca per un mese ed evit. attività fisiche intense. Nei prossimi 10 giorni potrebbe verificarsi un lieve sanguinamento vaginale. Consul. subito un medico se il sanguin. è super. al sanguinam. giornal. max durante le mestruaz. Portare la cartella al contr. per il follow-up.', '2013-12-31 0:00', 0,'1900-1-1 0:00', 'Risultati colposcopia normali', 'Bleeding region biopsy;Biopsia multipunto, ECC ed esame endometriale', 0);
INSERT INTO patientexamine (patientno,examineno,age,lastmenses,evaluatescore,ecc,pathology,see,deal,color,verge,bloodvessel,iodin,plandiagnoseresult,imageflag,imagepath,examineseq,requestdoctor,examinedoctor,examinetime,initdate,state,hpv,biopsy,menopause,pregnancy,pregweek,pregday,colexamsat,dissatreason,scjvisible,tz,directbiopsy,dealremark,followupdate,menopauseage,pathologydate,diagrway,dealrway,followuptime) VALUES ('DA_101114003', 'DA_101114003', 40,'2010-11-4 0:00', -1,'ASC-US', '', 'Cisti di Naboth; Polipo(ectocervicale)', 'Follow-up regolare',-1,-1,-1,-1,'Esiti colposcopici normali (eseguire esame citologico o iniziare trattamento combinato a citologia)', 0,'image\\201011\\20101114\\', 1,'sys', 'sys', '2010-11-14 8:34', '2010-11-14 8:08', 2,'12 tipi ad alto rischio, esclusi HPV16 e HPV18', '', 'No', 'No', -1,-1,'Adeguato', '', 'Parzialmente visibile', 'TZ 2', 'No', '', '2013-12-31 0:00', 0,'1900-1-1 0:00', 'Esiti colposcopici normali (eseguire esame citologico o iniziare trattamento combinato a citologia)', 'Follow-up regolare', 0);
INSERT INTO patientexamine (patientno,examineno,age,lastmenses,evaluatescore,ecc,pathology,see,deal,color,verge,bloodvessel,iodin,plandiagnoseresult,imageflag,imagepath,examineseq,requestdoctor,examinedoctor,examinetime,initdate,state,hpv,biopsy,menopause,pregnancy,pregweek,pregday,colexamsat,dissatreason,scjvisible,tz,directbiopsy,dealremark,followupdate,menopauseage,pathologydate,diagrway,dealrway,followuptime) VALUES ('DA_101114012', 'DA_101114012', 43,'2010-11-5 0:00', -1,'LSIL', '', 'Epitelio squamoso metaplastico; Colorazione di Lugol: tinto', 'Follow-up regolare',-1,-1,-1,-1,'Esiti colposcopici normali (eseguire esame citologico o iniziare trattamento combinato a citologia)', 0,'image\\201011\\20101114\\', 1,'sys', 'sys', '2010-11-14 10:25', '2010-11-14 9:59', 2,'12 tipi ad alto rischio, esclusi HPV16 e HPV18', '', 'No', 'No', -1,-1,'Adeguato', '', 'Parzialmente visibile', 'TZ 2', 'No', '', '2013-12-31 0:00', 0,'1900-1-1 0:00', 'Esiti colposcopici normali (eseguire esame citologico o iniziare trattamento combinato a citologia)', 'Follow-up regolare', 0);
commit transaction;

--examtermselect
begin transaction;
INSERT INTO examtermselect (examineno, termid, seq) VALUES ('DA_100905003', 90101,1);
INSERT INTO examtermselect (examineno, termid, seq) VALUES ('DA_100905003', 90405,1);
INSERT INTO examtermselect (examineno, termid, seq) VALUES ('DA_100909007', 90110,1);
INSERT INTO examtermselect (examineno, termid, seq) VALUES ('DA_100912003', 90114,1);
INSERT INTO examtermselect (examineno, termid, seq) VALUES ('DA_100912003', 90401,1);
INSERT INTO examtermselect (examineno, termid, seq) VALUES ('DA_100912008', 90109,1);
INSERT INTO examtermselect (examineno, termid, seq) VALUES ('DA_100912008', 90402,1);
INSERT INTO examtermselect (examineno, termid, seq) VALUES ('DA_100916008', 90402,1);
INSERT INTO examtermselect (examineno, termid, seq) VALUES ('DA_100922002', 90107,1);
INSERT INTO examtermselect (examineno, termid, seq) VALUES ('DA_100922002', 90405,1);
INSERT INTO examtermselect (examineno, termid, seq) VALUES ('DA_100923005', 90110,1);
INSERT INTO examtermselect (examineno, termid, seq) VALUES ('DA_100923005', 90405,1);
INSERT INTO examtermselect (examineno, termid, seq) VALUES ('DA_100925006', 90108,1);
INSERT INTO examtermselect (examineno, termid, seq) VALUES ('DA_100925006', 90405,1);
INSERT INTO examtermselect (examineno, termid, seq) VALUES ('DA_100925013', 90110,1);
INSERT INTO examtermselect (examineno, termid, seq) VALUES ('DA_100925013', 90401,1);
INSERT INTO examtermselect (examineno, termid, seq) VALUES ('DA_100929005', 90109,1);
INSERT INTO examtermselect (examineno, termid, seq) VALUES ('DA_100929005', 90405,1);
INSERT INTO examtermselect (examineno, termid, seq) VALUES ('DA_101009006', 90101,1);
INSERT INTO examtermselect (examineno, termid, seq) VALUES ('DA_101009006', 90402,1);
INSERT INTO examtermselect (examineno, termid, seq) VALUES ('DA_101009009', 90101,1);
INSERT INTO examtermselect (examineno, termid, seq) VALUES ('DA_101009009', 90405,1);
INSERT INTO examtermselect (examineno, termid, seq) VALUES ('DA_101010009', 90107,1);
INSERT INTO examtermselect (examineno, termid, seq) VALUES ('DA_101010009', 90403,1);
INSERT INTO examtermselect (examineno, termid, seq) VALUES ('DA_101011002', 90113,1);
INSERT INTO examtermselect (examineno, termid, seq) VALUES ('DA_101011003', 90109,1);
INSERT INTO examtermselect (examineno, termid, seq) VALUES ('DA_101011003', 90405,1);
INSERT INTO examtermselect (examineno, termid, seq) VALUES ('DA_101011004', 90101,1);
INSERT INTO examtermselect (examineno, termid, seq) VALUES ('DA_101011004', 90405,1);
INSERT INTO examtermselect (examineno, termid, seq) VALUES ('DA_101011005', 90101,1);
INSERT INTO examtermselect (examineno, termid, seq) VALUES ('DA_101011005', 90403,1);
INSERT INTO examtermselect (examineno, termid, seq) VALUES ('DA_101016008', 90110,1);
INSERT INTO examtermselect (examineno, termid, seq) VALUES ('DA_101016008', 90403,1);
INSERT INTO examtermselect (examineno, termid, seq) VALUES ('DA_101018001', 90107,1);
INSERT INTO examtermselect (examineno, termid, seq) VALUES ('DA_101018001', 90405,1);
INSERT INTO examtermselect (examineno, termid, seq) VALUES ('DA_101018002', 90107,1);
INSERT INTO examtermselect (examineno, termid, seq) VALUES ('DA_101018002', 90404,1);
INSERT INTO examtermselect (examineno, termid, seq) VALUES ('DA_101021002', 90109,1);
INSERT INTO examtermselect (examineno, termid, seq) VALUES ('DA_101021002', 90405,1);
INSERT INTO examtermselect (examineno, termid, seq) VALUES ('DA_101023007', 90110,1);
INSERT INTO examtermselect (examineno, termid, seq) VALUES ('DA_101023007', 90403,1);
INSERT INTO examtermselect (examineno, termid, seq) VALUES ('DA_101023012', 90107,1);
INSERT INTO examtermselect (examineno, termid, seq) VALUES ('DA_101023012', 90403,1);
INSERT INTO examtermselect (examineno, termid, seq) VALUES ('DA_101023012', 90405,2);
INSERT INTO examtermselect (examineno, termid, seq) VALUES ('DA_101023013', 90405,1);
INSERT INTO examtermselect (examineno, termid, seq) VALUES ('DA_101023014', 90107,1);
INSERT INTO examtermselect (examineno, termid, seq) VALUES ('DA_101024001', 90107,1);
INSERT INTO examtermselect (examineno, termid, seq) VALUES ('DA_101024001', 90401,1);
INSERT INTO examtermselect (examineno, termid, seq) VALUES ('DA_101024003', 90101,1);
INSERT INTO examtermselect (examineno, termid, seq) VALUES ('DA_101024003', 90404,1);
INSERT INTO examtermselect (examineno, termid, seq) VALUES ('DA_101024011', 90107,1);
INSERT INTO examtermselect (examineno, termid, seq) VALUES ('DA_101024011', 90405,1);
INSERT INTO examtermselect (examineno, termid, seq) VALUES ('DA_101025006', 90109,1);
INSERT INTO examtermselect (examineno, termid, seq) VALUES ('DA_101025006', 90405,1);
INSERT INTO examtermselect (examineno, termid, seq) VALUES ('DA_101030007', 90109,1);
INSERT INTO examtermselect (examineno, termid, seq) VALUES ('DA_101030007', 90405,1);
INSERT INTO examtermselect (examineno, termid, seq) VALUES ('DA_101030010', 90101,1);
INSERT INTO examtermselect (examineno, termid, seq) VALUES ('DA_101030010', 90405,1);
INSERT INTO examtermselect (examineno, termid, seq) VALUES ('DA_101030014', 90108,1);
INSERT INTO examtermselect (examineno, termid, seq) VALUES ('DA_101030014', 90405,1);
INSERT INTO examtermselect (examineno, termid, seq) VALUES ('DA_101104006', 90108,1);
INSERT INTO examtermselect (examineno, termid, seq) VALUES ('DA_101104006', 90405,1);
INSERT INTO examtermselect (examineno, termid, seq) VALUES ('DA_101104009', 90109,1);
INSERT INTO examtermselect (examineno, termid, seq) VALUES ('DA_101104009', 90405,1);
INSERT INTO examtermselect (examineno, termid, seq) VALUES ('DA_101104012', 90110,1);
INSERT INTO examtermselect (examineno, termid, seq) VALUES ('DA_101104012', 90403,1);
INSERT INTO examtermselect (examineno, termid, seq) VALUES ('DA_101104019', 90101,1);
INSERT INTO examtermselect (examineno, termid, seq) VALUES ('DA_101104019', 90403,1);
INSERT INTO examtermselect (examineno, termid, seq) VALUES ('DA_101105001', 90402,1);
INSERT INTO examtermselect (examineno, termid, seq) VALUES ('DA_101105002', 90101,1);
INSERT INTO examtermselect (examineno, termid, seq) VALUES ('DA_101105002', 90405,1);
INSERT INTO examtermselect (examineno, termid, seq) VALUES ('DA_101105003', 90106,1);
INSERT INTO examtermselect (examineno, termid, seq) VALUES ('DA_101105006', 90101,1);
INSERT INTO examtermselect (examineno, termid, seq) VALUES ('DA_101105006', 90405,1);
INSERT INTO examtermselect (examineno, termid, seq) VALUES ('DA_101106006', 90110,1);
INSERT INTO examtermselect (examineno, termid, seq) VALUES ('DA_101106006', 90405,1);
INSERT INTO examtermselect (examineno, termid, seq) VALUES ('DA_101106011', 90112,1);
INSERT INTO examtermselect (examineno, termid, seq) VALUES ('DA_101106011', 90405,1);
INSERT INTO examtermselect (examineno, termid, seq) VALUES ('DA_101106012', 90101,1);
INSERT INTO examtermselect (examineno, termid, seq) VALUES ('DA_101106012', 90403,1);
INSERT INTO examtermselect (examineno, termid, seq) VALUES ('DA_101106014', 90110,1);
INSERT INTO examtermselect (examineno, termid, seq) VALUES ('DA_101106014', 90403,1);
INSERT INTO examtermselect (examineno, termid, seq) VALUES ('DA_101107003', 90110,1);
INSERT INTO examtermselect (examineno, termid, seq) VALUES ('DA_101107006', 90109,1);
INSERT INTO examtermselect (examineno, termid, seq) VALUES ('DA_101107006', 90402,1);
INSERT INTO examtermselect (examineno, termid, seq) VALUES ('DA_101107015', 90107,1);
INSERT INTO examtermselect (examineno, termid, seq) VALUES ('DA_101107015', 90405,1);
INSERT INTO examtermselect (examineno, termid, seq) VALUES ('DA_101107017', 90101,1);
INSERT INTO examtermselect (examineno, termid, seq) VALUES ('DA_101107017', 90402,1);
INSERT INTO examtermselect (examineno, termid, seq) VALUES ('DA_101107018', 90101,1);
INSERT INTO examtermselect (examineno, termid, seq) VALUES ('DA_101107025', 90108,1);
INSERT INTO examtermselect (examineno, termid, seq) VALUES ('DA_101107025', 90405,1);
INSERT INTO examtermselect (examineno, termid, seq) VALUES ('DA_101108002', 90122,1);
INSERT INTO examtermselect (examineno, termid, seq) VALUES ('DA_101108002', 90403,1);
INSERT INTO examtermselect (examineno, termid, seq) VALUES ('DA_101108011', 90101,1);
INSERT INTO examtermselect (examineno, termid, seq) VALUES ('DA_101108011', 90402,1);
INSERT INTO examtermselect (examineno, termid, seq) VALUES ('DA_101108012', 90110,1);
INSERT INTO examtermselect (examineno, termid, seq) VALUES ('DA_101108012', 90115,2);
INSERT INTO examtermselect (examineno, termid, seq) VALUES ('DA_101108012', 90403,1);
INSERT INTO examtermselect (examineno, termid, seq) VALUES ('DA_101108014', 90101,1);
INSERT INTO examtermselect (examineno, termid, seq) VALUES ('DA_101108014', 90404,1);
INSERT INTO examtermselect (examineno, termid, seq) VALUES ('DA_101111007', 90101,1);
INSERT INTO examtermselect (examineno, termid, seq) VALUES ('DA_101111007', 90405,1);
INSERT INTO examtermselect (examineno, termid, seq) VALUES ('DA_101111009', 90109,1);
INSERT INTO examtermselect (examineno, termid, seq) VALUES ('DA_101111009', 90405,1);
INSERT INTO examtermselect (examineno, termid, seq) VALUES ('DA_101111011', 90101,1);
INSERT INTO examtermselect (examineno, termid, seq) VALUES ('DA_101111011', 90402,1);
INSERT INTO examtermselect (examineno, termid, seq) VALUES ('DA_101111013', 90107,1);
INSERT INTO examtermselect (examineno, termid, seq) VALUES ('DA_101111013', 90405,1);
INSERT INTO examtermselect (examineno, termid, seq) VALUES ('DA_101113001', 90101,1);
INSERT INTO examtermselect (examineno, termid, seq) VALUES ('DA_101113001', 90405,1);
INSERT INTO examtermselect (examineno, termid, seq) VALUES ('DA_101113002', 90101,1);
INSERT INTO examtermselect (examineno, termid, seq) VALUES ('DA_101113002', 90402,1);
INSERT INTO examtermselect (examineno, termid, seq) VALUES ('DA_101113003', 90101,1);
INSERT INTO examtermselect (examineno, termid, seq) VALUES ('DA_101113003', 90403,1);
INSERT INTO examtermselect (examineno, termid, seq) VALUES ('DA_101113008', 90101,1);
INSERT INTO examtermselect (examineno, termid, seq) VALUES ('DA_101113008', 90405,1);
INSERT INTO examtermselect (examineno, termid, seq) VALUES ('DA_101113009', 90101,1);
INSERT INTO examtermselect (examineno, termid, seq) VALUES ('DA_101113009', 90402,1);
INSERT INTO examtermselect (examineno, termid, seq) VALUES ('DA_101114002', 90114,1);
INSERT INTO examtermselect (examineno, termid, seq) VALUES ('DA_101114002', 90402,1);
INSERT INTO examtermselect (examineno, termid, seq) VALUES ('DA_101114003', 90107,1);
INSERT INTO examtermselect (examineno, termid, seq) VALUES ('DA_101114003', 90405,1);
INSERT INTO examtermselect (examineno, termid, seq) VALUES ('DA_101114012', 90109,1);
INSERT INTO examtermselect (examineno, termid, seq) VALUES ('DA_101114012', 90405,1);
INSERT INTO examtermselect (examineno, termid, seq) VALUES ('DA_101108011', 97101,1);
INSERT INTO examtermselect (examineno, termid, seq) VALUES ('DA_101108011', 97102,2);
INSERT INTO examtermselect (examineno, termid, seq) VALUES ('DA_101107018', 97101,1);
INSERT INTO examtermselect (examineno, termid, seq) VALUES ('DA_101107018', 97102,2);
INSERT INTO examtermselect (examineno, termid, seq) VALUES ('DA_101106014', 97102,1);
INSERT INTO examtermselect (examineno, termid, seq) VALUES ('DA_101107003', 97101,1);
INSERT INTO examtermselect (examineno, termid, seq) VALUES ('DA_101107003', 97102,2);
INSERT INTO examtermselect (examineno, termid, seq) VALUES ('DA_101105001', 92412,1);
INSERT INTO examtermselect (examineno, termid, seq) VALUES ('DA_100925013', 97101,1);
INSERT INTO examtermselect (examineno, termid, seq) VALUES ('DA_100925013', 97102,2);
INSERT INTO examtermselect (examineno, termid, seq) VALUES ('DA_100925013', 97106,3);
INSERT INTO examtermselect (examineno, termid, seq) VALUES ('DA_101107017', 92427,1);
commit transaction;

--patientactivemark
begin transaction;
INSERT INTO patientactivemark(examineno,markvalue,mx,my,marktype,grade,quadrant,clockdirection,position,directbiopsy) VALUES ('DA_101107025','',1243996,1024,4,'',3,9,2,1);
INSERT INTO patientactivemark(examineno,markvalue,mx,my,marktype,grade,quadrant,clockdirection,position,directbiopsy) VALUES ('DA_101114002','',0,0,2,'blood',3,7,1,0);
INSERT INTO patientactivemark(examineno,markvalue,mx,my,marktype,grade,quadrant,clockdirection,position,directbiopsy) VALUES ('DA_101114002','',0,0,2,'blood',2,6,1,0);
INSERT INTO patientactivemark(examineno,markvalue,mx,my,marktype,grade,quadrant,clockdirection,position,directbiopsy) VALUES ('DA_101114002','',0,0,2,'blood',2,6,2,0);
INSERT INTO patientactivemark(examineno,markvalue,mx,my,marktype,grade,quadrant,clockdirection,position,directbiopsy) VALUES ('DA_101114002','',0,0,3,'N=Esiti colposcopici normali',3,7,1,0);
INSERT INTO patientactivemark(examineno,markvalue,mx,my,marktype,grade,quadrant,clockdirection,position,directbiopsy) VALUES ('DA_101114002','',0,0,3,'N=Esiti colposcopici normali',2,6,1,1);
INSERT INTO patientactivemark(examineno,markvalue,mx,my,marktype,grade,quadrant,clockdirection,position,directbiopsy) VALUES ('DA_101114002','',0,0,3,'N=Esiti colposcopici normali',2,6,2,0);
INSERT INTO patientactivemark(examineno,markvalue,mx,my,marktype,grade,quadrant,clockdirection,position,directbiopsy) VALUES ('DA_101114002','',0,0,3,'ECC',0,0,0,1);
INSERT INTO patientactivemark(examineno,markvalue,mx,my,marktype,grade,quadrant,clockdirection,position,directbiopsy) VALUES ('DA_101113003','',0,0,2,'acetowhite',1,3,1,0);
INSERT INTO patientactivemark(examineno,markvalue,mx,my,marktype,grade,quadrant,clockdirection,position,directbiopsy) VALUES ('DA_101113003','',0,0,2,'acetowhite',2,4,2,0);
INSERT INTO patientactivemark(examineno,markvalue,mx,my,marktype,grade,quadrant,clockdirection,position,directbiopsy) VALUES ('DA_101113003','',0,0,2,'acetowhite',2,4,1,0);
INSERT INTO patientactivemark(examineno,markvalue,mx,my,marktype,grade,quadrant,clockdirection,position,directbiopsy) VALUES ('DA_101113003','',0,0,2,'red',1,3,1,0);
INSERT INTO patientactivemark(examineno,markvalue,mx,my,marktype,grade,quadrant,clockdirection,position,directbiopsy) VALUES ('DA_101113003','',0,0,2,'red',2,4,1,0);
INSERT INTO patientactivemark(examineno,markvalue,mx,my,marktype,grade,quadrant,clockdirection,position,directbiopsy) VALUES ('DA_101113003','',0,0,2,'red',2,4,2,0);
INSERT INTO patientactivemark(examineno,markvalue,mx,my,marktype,grade,quadrant,clockdirection,position,directbiopsy) VALUES ('DA_101113003','',0,0,2,'lugols',1,3,1,0);
INSERT INTO patientactivemark(examineno,markvalue,mx,my,marktype,grade,quadrant,clockdirection,position,directbiopsy) VALUES ('DA_101113003','',0,0,2,'lugols',2,4,1,0);
INSERT INTO patientactivemark(examineno,markvalue,mx,my,marktype,grade,quadrant,clockdirection,position,directbiopsy) VALUES ('DA_101113003','',0,0,2,'lugols',2,4,2,0);
INSERT INTO patientactivemark(examineno,markvalue,mx,my,marktype,grade,quadrant,clockdirection,position,directbiopsy) VALUES ('DA_101113003','',0,0,3,'H=HSIL',1,3,1,0);
INSERT INTO patientactivemark(examineno,markvalue,mx,my,marktype,grade,quadrant,clockdirection,position,directbiopsy) VALUES ('DA_101113003','',0,0,3,'H=HSIL',2,4,1,1);
INSERT INTO patientactivemark(examineno,markvalue,mx,my,marktype,grade,quadrant,clockdirection,position,directbiopsy) VALUES ('DA_101113003','',0,0,3,'H=HSIL',2,4,2,0);
INSERT INTO patientactivemark(examineno,markvalue,mx,my,marktype,grade,quadrant,clockdirection,position,directbiopsy) VALUES ('DA_101113001','',0,0,2,'acetowhite',4,12,1,0);
INSERT INTO patientactivemark(examineno,markvalue,mx,my,marktype,grade,quadrant,clockdirection,position,directbiopsy) VALUES ('DA_101113001','',0,0,2,'acetowhite',4,11,2,0);
INSERT INTO patientactivemark(examineno,markvalue,mx,my,marktype,grade,quadrant,clockdirection,position,directbiopsy) VALUES ('DA_101111013','',0,0,2,'acetowhite',4,10,1,0);
INSERT INTO patientactivemark(examineno,markvalue,mx,my,marktype,grade,quadrant,clockdirection,position,directbiopsy) VALUES ('DA_101111013','',0,0,2,'acetowhite',4,10,2,0);
INSERT INTO patientactivemark(examineno,markvalue,mx,my,marktype,grade,quadrant,clockdirection,position,directbiopsy) VALUES ('DA_101111013','',0,0,2,'acetowhite',4,11,2,0);
INSERT INTO patientactivemark(examineno,markvalue,mx,my,marktype,grade,quadrant,clockdirection,position,directbiopsy) VALUES ('DA_101111013','',0,0,2,'red',4,10,1,0);
INSERT INTO patientactivemark(examineno,markvalue,mx,my,marktype,grade,quadrant,clockdirection,position,directbiopsy) VALUES ('DA_101111013','',0,0,2,'red',4,10,2,0);
INSERT INTO patientactivemark(examineno,markvalue,mx,my,marktype,grade,quadrant,clockdirection,position,directbiopsy) VALUES ('DA_101111013','',0,0,2,'lugols',4,10,1,0);
INSERT INTO patientactivemark(examineno,markvalue,mx,my,marktype,grade,quadrant,clockdirection,position,directbiopsy) VALUES ('DA_101111013','',0,0,3,'H=HSIL',4,10,1,1);
INSERT INTO patientactivemark(examineno,markvalue,mx,my,marktype,grade,quadrant,clockdirection,position,directbiopsy) VALUES ('DA_101111009','',0,0,2,'acetowhite',4,12,1,0);
INSERT INTO patientactivemark(examineno,markvalue,mx,my,marktype,grade,quadrant,clockdirection,position,directbiopsy) VALUES ('DA_101111009','',0,0,2,'acetowhite',1,3,1,0);
INSERT INTO patientactivemark(examineno,markvalue,mx,my,marktype,grade,quadrant,clockdirection,position,directbiopsy) VALUES ('DA_101111009','',0,0,2,'acetowhite',3,7,1,0);
INSERT INTO patientactivemark(examineno,markvalue,mx,my,marktype,grade,quadrant,clockdirection,position,directbiopsy) VALUES ('DA_101108012','',0,0,2,'acetowhite',1,2,1,0);
INSERT INTO patientactivemark(examineno,markvalue,mx,my,marktype,grade,quadrant,clockdirection,position,directbiopsy) VALUES ('DA_101108012','',0,0,2,'acetowhite',1,3,1,0);
INSERT INTO patientactivemark(examineno,markvalue,mx,my,marktype,grade,quadrant,clockdirection,position,directbiopsy) VALUES ('DA_101108012','',0,0,2,'acetowhite',2,6,1,0);
INSERT INTO patientactivemark(examineno,markvalue,mx,my,marktype,grade,quadrant,clockdirection,position,directbiopsy) VALUES ('DA_101108012','',0,0,2,'acetowhite',2,4,1,0);
INSERT INTO patientactivemark(examineno,markvalue,mx,my,marktype,grade,quadrant,clockdirection,position,directbiopsy) VALUES ('DA_101108012','',0,0,2,'red',2,6,1,0);
INSERT INTO patientactivemark(examineno,markvalue,mx,my,marktype,grade,quadrant,clockdirection,position,directbiopsy) VALUES ('DA_101108012','',0,0,2,'lugols',2,6,1,0);
INSERT INTO patientactivemark(examineno,markvalue,mx,my,marktype,grade,quadrant,clockdirection,position,directbiopsy) VALUES ('DA_101108012','',0,0,3,'H=HSIL',2,6,1,0);
INSERT INTO patientactivemark(examineno,markvalue,mx,my,marktype,grade,quadrant,clockdirection,position,directbiopsy) VALUES ('DA_101108002','',0,0,2,'acetowhite',4,12,1,0);
INSERT INTO patientactivemark(examineno,markvalue,mx,my,marktype,grade,quadrant,clockdirection,position,directbiopsy) VALUES ('DA_101108002','',0,0,2,'lugols',4,12,1,0);
INSERT INTO patientactivemark(examineno,markvalue,mx,my,marktype,grade,quadrant,clockdirection,position,directbiopsy) VALUES ('DA_101107017','',0,0,2,'acetowhite',2,6,2,0);
INSERT INTO patientactivemark(examineno,markvalue,mx,my,marktype,grade,quadrant,clockdirection,position,directbiopsy) VALUES ('DA_101107015','',0,0,2,'acetowhite',2,6,1,0);
INSERT INTO patientactivemark(examineno,markvalue,mx,my,marktype,grade,quadrant,clockdirection,position,directbiopsy) VALUES ('DA_101107015','',0,0,2,'acetowhite',2,6,3,0);
INSERT INTO patientactivemark(examineno,markvalue,mx,my,marktype,grade,quadrant,clockdirection,position,directbiopsy) VALUES ('DA_101107015','',0,0,2,'acetowhite',2,6,2,0);
INSERT INTO patientactivemark(examineno,markvalue,mx,my,marktype,grade,quadrant,clockdirection,position,directbiopsy) VALUES ('DA_101107015','',0,0,2,'red',2,6,1,0);
INSERT INTO patientactivemark(examineno,markvalue,mx,my,marktype,grade,quadrant,clockdirection,position,directbiopsy) VALUES ('DA_101107015','',0,0,2,'lugols',2,6,1,0);
INSERT INTO patientactivemark(examineno,markvalue,mx,my,marktype,grade,quadrant,clockdirection,position,directbiopsy) VALUES ('DA_101107015','',0,0,2,'lugols',2,5,1,0);
INSERT INTO patientactivemark(examineno,markvalue,mx,my,marktype,grade,quadrant,clockdirection,position,directbiopsy) VALUES ('DA_101107006','',0,0,2,'acetowhite',4,12,1,0);
INSERT INTO patientactivemark(examineno,markvalue,mx,my,marktype,grade,quadrant,clockdirection,position,directbiopsy) VALUES ('DA_101107006','',0,0,2,'acetowhite',2,6,1,0);
INSERT INTO patientactivemark(examineno,markvalue,mx,my,marktype,grade,quadrant,clockdirection,position,directbiopsy) VALUES ('DA_101107006','',0,0,2,'acetowhite',3,7,1,0);
INSERT INTO patientactivemark(examineno,markvalue,mx,my,marktype,grade,quadrant,clockdirection,position,directbiopsy) VALUES ('DA_101107006','',0,0,2,'acetowhite',2,5,1,0);
INSERT INTO patientactivemark(examineno,markvalue,mx,my,marktype,grade,quadrant,clockdirection,position,directbiopsy) VALUES ('DA_101107006','',0,0,2,'lugols',3,7,1,0);
INSERT INTO patientactivemark(examineno,markvalue,mx,my,marktype,grade,quadrant,clockdirection,position,directbiopsy) VALUES ('DA_101107006','',0,0,2,'lugols',2,6,1,0);
INSERT INTO patientactivemark(examineno,markvalue,mx,my,marktype,grade,quadrant,clockdirection,position,directbiopsy) VALUES ('DA_101107006','',0,0,2,'lugols',2,5,1,0);
INSERT INTO patientactivemark(examineno,markvalue,mx,my,marktype,grade,quadrant,clockdirection,position,directbiopsy) VALUES ('DA_101107006','',0,0,2,'lugols',4,12,1,0);
INSERT INTO patientactivemark(examineno,markvalue,mx,my,marktype,grade,quadrant,clockdirection,position,directbiopsy) VALUES ('DA_101107006','',0,0,2,'blood',3,7,2,0);
INSERT INTO patientactivemark(examineno,markvalue,mx,my,marktype,grade,quadrant,clockdirection,position,directbiopsy) VALUES ('DA_101107006','',0,0,3,'N=Esiti colposcopici normali',3,7,2,0);
INSERT INTO patientactivemark(examineno,markvalue,mx,my,marktype,grade,quadrant,clockdirection,position,directbiopsy) VALUES ('DA_101106006','',0,0,2,'acetowhite',3,8,1,0);
INSERT INTO patientactivemark(examineno,markvalue,mx,my,marktype,grade,quadrant,clockdirection,position,directbiopsy) VALUES ('DA_101106006','',0,0,2,'acetowhite',3,7,1,0);
INSERT INTO patientactivemark(examineno,markvalue,mx,my,marktype,grade,quadrant,clockdirection,position,directbiopsy) VALUES ('DA_101106006','',0,0,2,'acetowhite',2,6,1,0);
INSERT INTO patientactivemark(examineno,markvalue,mx,my,marktype,grade,quadrant,clockdirection,position,directbiopsy) VALUES ('DA_101106006','',0,0,2,'red',3,8,1,0);
INSERT INTO patientactivemark(examineno,markvalue,mx,my,marktype,grade,quadrant,clockdirection,position,directbiopsy) VALUES ('DA_101106006','',0,0,2,'red',3,7,1,0);
INSERT INTO patientactivemark(examineno,markvalue,mx,my,marktype,grade,quadrant,clockdirection,position,directbiopsy) VALUES ('DA_101106006','',0,0,2,'red',2,6,1,0);
INSERT INTO patientactivemark(examineno,markvalue,mx,my,marktype,grade,quadrant,clockdirection,position,directbiopsy) VALUES ('DA_101106006','',0,0,2,'lugols',3,8,1,0);
INSERT INTO patientactivemark(examineno,markvalue,mx,my,marktype,grade,quadrant,clockdirection,position,directbiopsy) VALUES ('DA_101106006','',0,0,2,'lugols',3,7,1,0);
INSERT INTO patientactivemark(examineno,markvalue,mx,my,marktype,grade,quadrant,clockdirection,position,directbiopsy) VALUES ('DA_101106006','',0,0,2,'lugols',2,6,1,0);
INSERT INTO patientactivemark(examineno,markvalue,mx,my,marktype,grade,quadrant,clockdirection,position,directbiopsy) VALUES ('DA_101106006','',0,0,3,'H=HSIL',2,6,1,0);
INSERT INTO patientactivemark(examineno,markvalue,mx,my,marktype,grade,quadrant,clockdirection,position,directbiopsy) VALUES ('DA_101106006','',0,0,3,'H=HSIL',3,7,1,1);
INSERT INTO patientactivemark(examineno,markvalue,mx,my,marktype,grade,quadrant,clockdirection,position,directbiopsy) VALUES ('DA_101106006','',0,0,3,'H=HSIL',3,8,1,0);
INSERT INTO patientactivemark(examineno,markvalue,mx,my,marktype,grade,quadrant,clockdirection,position,directbiopsy) VALUES ('DA_101104012','',0,0,2,'acetowhite',3,7,1,0);
INSERT INTO patientactivemark(examineno,markvalue,mx,my,marktype,grade,quadrant,clockdirection,position,directbiopsy) VALUES ('DA_101104012','',0,0,2,'acetowhite',2,6,1,0);
INSERT INTO patientactivemark(examineno,markvalue,mx,my,marktype,grade,quadrant,clockdirection,position,directbiopsy) VALUES ('DA_101104012','',0,0,2,'acetowhite',2,5,1,0);
INSERT INTO patientactivemark(examineno,markvalue,mx,my,marktype,grade,quadrant,clockdirection,position,directbiopsy) VALUES ('DA_101104012','',0,0,2,'red',3,7,1,0);
INSERT INTO patientactivemark(examineno,markvalue,mx,my,marktype,grade,quadrant,clockdirection,position,directbiopsy) VALUES ('DA_101104012','',0,0,2,'red',2,6,1,0);
INSERT INTO patientactivemark(examineno,markvalue,mx,my,marktype,grade,quadrant,clockdirection,position,directbiopsy) VALUES ('DA_101104012','',0,0,2,'red',2,5,1,0);
INSERT INTO patientactivemark(examineno,markvalue,mx,my,marktype,grade,quadrant,clockdirection,position,directbiopsy) VALUES ('DA_101104012','',0,0,2,'lugols',3,7,1,0);
INSERT INTO patientactivemark(examineno,markvalue,mx,my,marktype,grade,quadrant,clockdirection,position,directbiopsy) VALUES ('DA_101104012','',0,0,2,'lugols',2,6,1,0);
INSERT INTO patientactivemark(examineno,markvalue,mx,my,marktype,grade,quadrant,clockdirection,position,directbiopsy) VALUES ('DA_101104012','',0,0,2,'lugols',2,5,1,0);
INSERT INTO patientactivemark(examineno,markvalue,mx,my,marktype,grade,quadrant,clockdirection,position,directbiopsy) VALUES ('DA_101104012','',0,0,3,'H=HSIL',2,5,1,0);
INSERT INTO patientactivemark(examineno,markvalue,mx,my,marktype,grade,quadrant,clockdirection,position,directbiopsy) VALUES ('DA_101104012','',0,0,3,'H=HSIL',2,6,1,1);
INSERT INTO patientactivemark(examineno,markvalue,mx,my,marktype,grade,quadrant,clockdirection,position,directbiopsy) VALUES ('DA_101104012','',0,0,3,'H=HSIL',3,7,1,0);
INSERT INTO patientactivemark(examineno,markvalue,mx,my,marktype,grade,quadrant,clockdirection,position,directbiopsy) VALUES ('DA_101106022','X1',0,0,4,'',1,3,1,1);
INSERT INTO patientactivemark(examineno,markvalue,mx,my,marktype,grade,quadrant,clockdirection,position,directbiopsy) VALUES ('DA_101106022','X2',0,0,4,'',2,6,1,1);
INSERT INTO patientactivemark(examineno,markvalue,mx,my,marktype,grade,quadrant,clockdirection,position,directbiopsy) VALUES ('DA_101106022','X3',0,0,4,'',3,9,1,1);
INSERT INTO patientactivemark(examineno,markvalue,mx,my,marktype,grade,quadrant,clockdirection,position,directbiopsy) VALUES ('DA_101106022','X4',0,0,4,'',4,12,1,1);
INSERT INTO patientactivemark(examineno,markvalue,mx,my,marktype,grade,quadrant,clockdirection,position,directbiopsy) VALUES ('DA_101105003','',0,0,2,'acetowhite',1,1,2,0);
INSERT INTO patientactivemark(examineno,markvalue,mx,my,marktype,grade,quadrant,clockdirection,position,directbiopsy) VALUES ('DA_101105003','',0,0,2,'acetowhite',1,2,2,0);
INSERT INTO patientactivemark(examineno,markvalue,mx,my,marktype,grade,quadrant,clockdirection,position,directbiopsy) VALUES ('DA_101105003','',0,0,2,'acetowhite',1,2,1,0);
INSERT INTO patientactivemark(examineno,markvalue,mx,my,marktype,grade,quadrant,clockdirection,position,directbiopsy) VALUES ('DA_101105003','',0,0,2,'lugols',1,1,2,0);
INSERT INTO patientactivemark(examineno,markvalue,mx,my,marktype,grade,quadrant,clockdirection,position,directbiopsy) VALUES ('DA_101105003','',0,0,2,'lugols',1,2,2,0);
INSERT INTO patientactivemark(examineno,markvalue,mx,my,marktype,grade,quadrant,clockdirection,position,directbiopsy) VALUES ('DA_101104009','',0,0,2,'acetowhite',2,4,1,0);
INSERT INTO patientactivemark(examineno,markvalue,mx,my,marktype,grade,quadrant,clockdirection,position,directbiopsy) VALUES ('DA_101104009','',0,0,2,'acetowhite',2,5,1,0);
INSERT INTO patientactivemark(examineno,markvalue,mx,my,marktype,grade,quadrant,clockdirection,position,directbiopsy) VALUES ('DA_101104009','',0,0,2,'acetowhite',4,12,1,0);
INSERT INTO patientactivemark(examineno,markvalue,mx,my,marktype,grade,quadrant,clockdirection,position,directbiopsy) VALUES ('DA_101104009','',0,0,2,'acetowhite',3,8,1,0);
INSERT INTO patientactivemark(examineno,markvalue,mx,my,marktype,grade,quadrant,clockdirection,position,directbiopsy) VALUES ('DA_101104009','',0,0,2,'red',2,4,1,0);
INSERT INTO patientactivemark(examineno,markvalue,mx,my,marktype,grade,quadrant,clockdirection,position,directbiopsy) VALUES ('DA_101104009','',0,0,2,'red',2,5,1,0);
INSERT INTO patientactivemark(examineno,markvalue,mx,my,marktype,grade,quadrant,clockdirection,position,directbiopsy) VALUES ('DA_101104009','',0,0,2,'red',3,8,1,0);
INSERT INTO patientactivemark(examineno,markvalue,mx,my,marktype,grade,quadrant,clockdirection,position,directbiopsy) VALUES ('DA_101104009','',0,0,2,'red',4,12,1,0);
INSERT INTO patientactivemark(examineno,markvalue,mx,my,marktype,grade,quadrant,clockdirection,position,directbiopsy) VALUES ('DA_101104009','',0,0,2,'lugols',2,4,1,0);
INSERT INTO patientactivemark(examineno,markvalue,mx,my,marktype,grade,quadrant,clockdirection,position,directbiopsy) VALUES ('DA_101104009','',0,0,2,'lugols',2,5,1,0);
INSERT INTO patientactivemark(examineno,markvalue,mx,my,marktype,grade,quadrant,clockdirection,position,directbiopsy) VALUES ('DA_101104009','',0,0,2,'lugols',3,8,1,0);
INSERT INTO patientactivemark(examineno,markvalue,mx,my,marktype,grade,quadrant,clockdirection,position,directbiopsy) VALUES ('DA_101104009','',0,0,2,'lugols',4,12,1,0);
INSERT INTO patientactivemark(examineno,markvalue,mx,my,marktype,grade,quadrant,clockdirection,position,directbiopsy) VALUES ('DA_101104009','',0,0,3,'H=HSIL',2,4,1,1);
INSERT INTO patientactivemark(examineno,markvalue,mx,my,marktype,grade,quadrant,clockdirection,position,directbiopsy) VALUES ('DA_101104009','',0,0,3,'H=HSIL',2,5,1,1);
INSERT INTO patientactivemark(examineno,markvalue,mx,my,marktype,grade,quadrant,clockdirection,position,directbiopsy) VALUES ('DA_101104009','',0,0,3,'H=HSIL',3,8,1,0);
INSERT INTO patientactivemark(examineno,markvalue,mx,my,marktype,grade,quadrant,clockdirection,position,directbiopsy) VALUES ('DA_101104009','',0,0,3,'H=HSIL',4,12,1,0);
INSERT INTO patientactivemark(examineno,markvalue,mx,my,marktype,grade,quadrant,clockdirection,position,directbiopsy) VALUES ('DA_101104009','',0,0,4,'H=HSIL',2,4,1,1);
INSERT INTO patientactivemark(examineno,markvalue,mx,my,marktype,grade,quadrant,clockdirection,position,directbiopsy) VALUES ('DA_101104009','',0,0,4,'H=HSIL',2,5,1,1);
INSERT INTO patientactivemark(examineno,markvalue,mx,my,marktype,grade,quadrant,clockdirection,position,directbiopsy) VALUES ('DA_101104009','',0,0,4,'H=HSIL',3,8,1,0);
INSERT INTO patientactivemark(examineno,markvalue,mx,my,marktype,grade,quadrant,clockdirection,position,directbiopsy) VALUES ('DA_101104009','',0,0,4,'H=HSIL',4,12,1,0);
INSERT INTO patientactivemark(examineno,markvalue,mx,my,marktype,grade,quadrant,clockdirection,position,directbiopsy) VALUES ('DA_101104006','',0,0,2,'acetowhite',4,11,1,0);
INSERT INTO patientactivemark(examineno,markvalue,mx,my,marktype,grade,quadrant,clockdirection,position,directbiopsy) VALUES ('DA_101104006','',0,0,2,'acetowhite',4,12,1,0);
INSERT INTO patientactivemark(examineno,markvalue,mx,my,marktype,grade,quadrant,clockdirection,position,directbiopsy) VALUES ('DA_101104006','',0,0,2,'acetowhite',1,1,1,0);
INSERT INTO patientactivemark(examineno,markvalue,mx,my,marktype,grade,quadrant,clockdirection,position,directbiopsy) VALUES ('DA_101104006','',0,0,2,'red',4,12,1,0);
INSERT INTO patientactivemark(examineno,markvalue,mx,my,marktype,grade,quadrant,clockdirection,position,directbiopsy) VALUES ('DA_101104006','',0,0,2,'lugols',4,12,1,0);
INSERT INTO patientactivemark(examineno,markvalue,mx,my,marktype,grade,quadrant,clockdirection,position,directbiopsy) VALUES ('DA_101104006','',0,0,2,'lugols',4,11,1,0);
INSERT INTO patientactivemark(examineno,markvalue,mx,my,marktype,grade,quadrant,clockdirection,position,directbiopsy) VALUES ('DA_101104006','',0,0,2,'lugols',1,1,1,0);
INSERT INTO patientactivemark(examineno,markvalue,mx,my,marktype,grade,quadrant,clockdirection,position,directbiopsy) VALUES ('DA_101104006','',0,0,3,'H=HSIL',4,12,1,0);
INSERT INTO patientactivemark(examineno,markvalue,mx,my,marktype,grade,quadrant,clockdirection,position,directbiopsy) VALUES ('DA_101104006','',0,0,4,'H=HSIL',4,12,1,0);
INSERT INTO patientactivemark(examineno,markvalue,mx,my,marktype,grade,quadrant,clockdirection,position,directbiopsy) VALUES ('DA_101030014','',0,0,2,'acetowhite',4,12,2,0);
INSERT INTO patientactivemark(examineno,markvalue,mx,my,marktype,grade,quadrant,clockdirection,position,directbiopsy) VALUES ('DA_101030014','',0,0,2,'acetowhite',4,12,1,0);
INSERT INTO patientactivemark(examineno,markvalue,mx,my,marktype,grade,quadrant,clockdirection,position,directbiopsy) VALUES ('DA_101030014','',0,0,2,'acetowhite',1,1,2,0);
INSERT INTO patientactivemark(examineno,markvalue,mx,my,marktype,grade,quadrant,clockdirection,position,directbiopsy) VALUES ('DA_101030014','',0,0,2,'red',4,12,2,0);
INSERT INTO patientactivemark(examineno,markvalue,mx,my,marktype,grade,quadrant,clockdirection,position,directbiopsy) VALUES ('DA_101030014','',0,0,2,'red',4,12,1,0);
INSERT INTO patientactivemark(examineno,markvalue,mx,my,marktype,grade,quadrant,clockdirection,position,directbiopsy) VALUES ('DA_101030014','',0,0,3,'ECC',0,0,0,1);
INSERT INTO patientactivemark(examineno,markvalue,mx,my,marktype,grade,quadrant,clockdirection,position,directbiopsy) VALUES ('DA_101030014','',0,0,4,'ECC',0,0,0,1);
INSERT INTO patientactivemark(examineno,markvalue,mx,my,marktype,grade,quadrant,clockdirection,position,directbiopsy) VALUES ('DA_101030007','',0,0,2,'acetowhite',4,11,1,0);
INSERT INTO patientactivemark(examineno,markvalue,mx,my,marktype,grade,quadrant,clockdirection,position,directbiopsy) VALUES ('DA_101030007','',0,0,2,'acetowhite',4,12,1,0);
INSERT INTO patientactivemark(examineno,markvalue,mx,my,marktype,grade,quadrant,clockdirection,position,directbiopsy) VALUES ('DA_101030007','',0,0,2,'acetowhite',4,11,2,0);
INSERT INTO patientactivemark(examineno,markvalue,mx,my,marktype,grade,quadrant,clockdirection,position,directbiopsy) VALUES ('DA_101030007','',0,0,2,'red',4,11,1,0);
INSERT INTO patientactivemark(examineno,markvalue,mx,my,marktype,grade,quadrant,clockdirection,position,directbiopsy) VALUES ('DA_101030007','',0,0,2,'red',4,12,1,0);
INSERT INTO patientactivemark(examineno,markvalue,mx,my,marktype,grade,quadrant,clockdirection,position,directbiopsy) VALUES ('DA_101030007','',0,0,2,'red',4,11,2,0);
INSERT INTO patientactivemark(examineno,markvalue,mx,my,marktype,grade,quadrant,clockdirection,position,directbiopsy) VALUES ('DA_101024011','',0,0,2,'acetowhite',2,6,1,0);
INSERT INTO patientactivemark(examineno,markvalue,mx,my,marktype,grade,quadrant,clockdirection,position,directbiopsy) VALUES ('DA_101024011','',0,0,2,'acetowhite',3,7,2,0);
INSERT INTO patientactivemark(examineno,markvalue,mx,my,marktype,grade,quadrant,clockdirection,position,directbiopsy) VALUES ('DA_101024011','',0,0,2,'acetowhite',2,6,2,0);
INSERT INTO patientactivemark(examineno,markvalue,mx,my,marktype,grade,quadrant,clockdirection,position,directbiopsy) VALUES ('DA_101024011','',0,0,2,'red',3,7,2,0);
INSERT INTO patientactivemark(examineno,markvalue,mx,my,marktype,grade,quadrant,clockdirection,position,directbiopsy) VALUES ('DA_101024011','',0,0,2,'red',2,6,2,0);
INSERT INTO patientactivemark(examineno,markvalue,mx,my,marktype,grade,quadrant,clockdirection,position,directbiopsy) VALUES ('DA_101024011','',0,0,2,'red',2,6,1,0);
INSERT INTO patientactivemark(examineno,markvalue,mx,my,marktype,grade,quadrant,clockdirection,position,directbiopsy) VALUES ('DA_101024011','',0,0,2,'lugols',3,7,2,0);
INSERT INTO patientactivemark(examineno,markvalue,mx,my,marktype,grade,quadrant,clockdirection,position,directbiopsy) VALUES ('DA_101024011','',0,0,2,'lugols',2,6,2,0);
INSERT INTO patientactivemark(examineno,markvalue,mx,my,marktype,grade,quadrant,clockdirection,position,directbiopsy) VALUES ('DA_101024011','',0,0,2,'lugols',2,6,1,0);
INSERT INTO patientactivemark(examineno,markvalue,mx,my,marktype,grade,quadrant,clockdirection,position,directbiopsy) VALUES ('DA_101024001','',0,0,2,'acetowhite',4,10,2,0);
INSERT INTO patientactivemark(examineno,markvalue,mx,my,marktype,grade,quadrant,clockdirection,position,directbiopsy) VALUES ('DA_101024001','',0,0,2,'acetowhite',4,11,2,0);
INSERT INTO patientactivemark(examineno,markvalue,mx,my,marktype,grade,quadrant,clockdirection,position,directbiopsy) VALUES ('DA_101024001','',0,0,2,'acetowhite',4,12,2,0);
INSERT INTO patientactivemark(examineno,markvalue,mx,my,marktype,grade,quadrant,clockdirection,position,directbiopsy) VALUES ('DA_101024001','',0,0,2,'acetowhite',1,1,2,0);
INSERT INTO patientactivemark(examineno,markvalue,mx,my,marktype,grade,quadrant,clockdirection,position,directbiopsy) VALUES ('DA_101024001','',0,0,2,'red',4,10,2,0);
INSERT INTO patientactivemark(examineno,markvalue,mx,my,marktype,grade,quadrant,clockdirection,position,directbiopsy) VALUES ('DA_101024001','',0,0,2,'red',4,11,2,0);
INSERT INTO patientactivemark(examineno,markvalue,mx,my,marktype,grade,quadrant,clockdirection,position,directbiopsy) VALUES ('DA_101024001','',0,0,2,'red',1,1,2,0);
INSERT INTO patientactivemark(examineno,markvalue,mx,my,marktype,grade,quadrant,clockdirection,position,directbiopsy) VALUES ('DA_101024001','',0,0,2,'lugols',1,1,2,0);
INSERT INTO patientactivemark(examineno,markvalue,mx,my,marktype,grade,quadrant,clockdirection,position,directbiopsy) VALUES ('DA_101024001','',0,0,2,'lugols',4,11,2,0);
INSERT INTO patientactivemark(examineno,markvalue,mx,my,marktype,grade,quadrant,clockdirection,position,directbiopsy) VALUES ('DA_101023013','',0,0,2,'acetowhite',4,10,1,0);
INSERT INTO patientactivemark(examineno,markvalue,mx,my,marktype,grade,quadrant,clockdirection,position,directbiopsy) VALUES ('DA_101023013','',0,0,2,'acetowhite',4,11,1,0);
INSERT INTO patientactivemark(examineno,markvalue,mx,my,marktype,grade,quadrant,clockdirection,position,directbiopsy) VALUES ('DA_101023013','',0,0,2,'acetowhite',4,12,1,0);
INSERT INTO patientactivemark(examineno,markvalue,mx,my,marktype,grade,quadrant,clockdirection,position,directbiopsy) VALUES ('DA_101023013','',0,0,2,'acetowhite',1,1,1,0);
INSERT INTO patientactivemark(examineno,markvalue,mx,my,marktype,grade,quadrant,clockdirection,position,directbiopsy) VALUES ('DA_101023013','',0,0,2,'acetowhite',4,12,2,0);
INSERT INTO patientactivemark(examineno,markvalue,mx,my,marktype,grade,quadrant,clockdirection,position,directbiopsy) VALUES ('DA_101023013','',0,0,2,'acetowhite',4,11,2,0);
INSERT INTO patientactivemark(examineno,markvalue,mx,my,marktype,grade,quadrant,clockdirection,position,directbiopsy) VALUES ('DA_101023013','',0,0,2,'acetowhite',4,10,2,0);
INSERT INTO patientactivemark(examineno,markvalue,mx,my,marktype,grade,quadrant,clockdirection,position,directbiopsy) VALUES ('DA_101023013','',0,0,2,'acetowhite',1,1,2,0);
INSERT INTO patientactivemark(examineno,markvalue,mx,my,marktype,grade,quadrant,clockdirection,position,directbiopsy) VALUES ('DA_101023013','',0,0,2,'red',1,1,2,0);
INSERT INTO patientactivemark(examineno,markvalue,mx,my,marktype,grade,quadrant,clockdirection,position,directbiopsy) VALUES ('DA_101023013','',0,0,2,'red',4,12,2,0);
INSERT INTO patientactivemark(examineno,markvalue,mx,my,marktype,grade,quadrant,clockdirection,position,directbiopsy) VALUES ('DA_101023013','',0,0,2,'red',4,11,2,0);
INSERT INTO patientactivemark(examineno,markvalue,mx,my,marktype,grade,quadrant,clockdirection,position,directbiopsy) VALUES ('DA_101023013','',0,0,2,'red',4,10,2,0);
INSERT INTO patientactivemark(examineno,markvalue,mx,my,marktype,grade,quadrant,clockdirection,position,directbiopsy) VALUES ('DA_101023013','',0,0,2,'red',1,1,1,0);
INSERT INTO patientactivemark(examineno,markvalue,mx,my,marktype,grade,quadrant,clockdirection,position,directbiopsy) VALUES ('DA_101023013','',0,0,2,'red',4,12,1,0);
INSERT INTO patientactivemark(examineno,markvalue,mx,my,marktype,grade,quadrant,clockdirection,position,directbiopsy) VALUES ('DA_101023013','',0,0,2,'red',4,11,1,0);
INSERT INTO patientactivemark(examineno,markvalue,mx,my,marktype,grade,quadrant,clockdirection,position,directbiopsy) VALUES ('DA_101023013','',0,0,2,'red',4,10,1,0);
INSERT INTO patientactivemark(examineno,markvalue,mx,my,marktype,grade,quadrant,clockdirection,position,directbiopsy) VALUES ('DA_101023013','',0,0,2,'lugols',1,1,1,0);
INSERT INTO patientactivemark(examineno,markvalue,mx,my,marktype,grade,quadrant,clockdirection,position,directbiopsy) VALUES ('DA_101023013','',0,0,2,'lugols',4,12,1,0);
INSERT INTO patientactivemark(examineno,markvalue,mx,my,marktype,grade,quadrant,clockdirection,position,directbiopsy) VALUES ('DA_101023013','',0,0,2,'lugols',4,11,1,0);
INSERT INTO patientactivemark(examineno,markvalue,mx,my,marktype,grade,quadrant,clockdirection,position,directbiopsy) VALUES ('DA_101023013','',0,0,2,'lugols',4,10,1,0);
INSERT INTO patientactivemark(examineno,markvalue,mx,my,marktype,grade,quadrant,clockdirection,position,directbiopsy) VALUES ('DA_101023013','',0,0,2,'lugols',4,10,2,0);
INSERT INTO patientactivemark(examineno,markvalue,mx,my,marktype,grade,quadrant,clockdirection,position,directbiopsy) VALUES ('DA_101023013','',0,0,2,'lugols',4,11,2,0);
INSERT INTO patientactivemark(examineno,markvalue,mx,my,marktype,grade,quadrant,clockdirection,position,directbiopsy) VALUES ('DA_101023013','',0,0,2,'lugols',4,12,2,0);
INSERT INTO patientactivemark(examineno,markvalue,mx,my,marktype,grade,quadrant,clockdirection,position,directbiopsy) VALUES ('DA_101023013','',0,0,2,'lugols',1,1,2,0);
INSERT INTO patientactivemark(examineno,markvalue,mx,my,marktype,grade,quadrant,clockdirection,position,directbiopsy) VALUES ('DA_101023013','',0,0,3,'H=HSIL',1,1,1,0);
INSERT INTO patientactivemark(examineno,markvalue,mx,my,marktype,grade,quadrant,clockdirection,position,directbiopsy) VALUES ('DA_101023013','',0,0,3,'H=HSIL',1,1,2,1);
INSERT INTO patientactivemark(examineno,markvalue,mx,my,marktype,grade,quadrant,clockdirection,position,directbiopsy) VALUES ('DA_101023013','',0,0,3,'H=HSIL',4,10,1,1);
INSERT INTO patientactivemark(examineno,markvalue,mx,my,marktype,grade,quadrant,clockdirection,position,directbiopsy) VALUES ('DA_101023013','',0,0,3,'H=HSIL',4,10,2,0);
INSERT INTO patientactivemark(examineno,markvalue,mx,my,marktype,grade,quadrant,clockdirection,position,directbiopsy) VALUES ('DA_101023013','',0,0,3,'H=HSIL',4,11,1,1);
INSERT INTO patientactivemark(examineno,markvalue,mx,my,marktype,grade,quadrant,clockdirection,position,directbiopsy) VALUES ('DA_101023013','',0,0,3,'H=HSIL',4,11,2,0);
INSERT INTO patientactivemark(examineno,markvalue,mx,my,marktype,grade,quadrant,clockdirection,position,directbiopsy) VALUES ('DA_101023013','',0,0,3,'H=HSIL',4,12,1,0);
INSERT INTO patientactivemark(examineno,markvalue,mx,my,marktype,grade,quadrant,clockdirection,position,directbiopsy) VALUES ('DA_101023013','',0,0,3,'H=HSIL',4,12,2,0);
INSERT INTO patientactivemark(examineno,markvalue,mx,my,marktype,grade,quadrant,clockdirection,position,directbiopsy) VALUES ('DA_101023013','',0,0,4,'H=HSIL',4,10,1,1);
INSERT INTO patientactivemark(examineno,markvalue,mx,my,marktype,grade,quadrant,clockdirection,position,directbiopsy) VALUES ('DA_101023013','',0,0,4,'H=HSIL',4,10,2,0);
INSERT INTO patientactivemark(examineno,markvalue,mx,my,marktype,grade,quadrant,clockdirection,position,directbiopsy) VALUES ('DA_101023013','',0,0,4,'H=HSIL',4,11,1,1);
INSERT INTO patientactivemark(examineno,markvalue,mx,my,marktype,grade,quadrant,clockdirection,position,directbiopsy) VALUES ('DA_101023013','',0,0,4,'H=HSIL',4,11,2,0);
INSERT INTO patientactivemark(examineno,markvalue,mx,my,marktype,grade,quadrant,clockdirection,position,directbiopsy) VALUES ('DA_101023013','',0,0,4,'H=HSIL',4,12,1,0);
INSERT INTO patientactivemark(examineno,markvalue,mx,my,marktype,grade,quadrant,clockdirection,position,directbiopsy) VALUES ('DA_101023013','',0,0,4,'H=HSIL',4,12,2,0);
INSERT INTO patientactivemark(examineno,markvalue,mx,my,marktype,grade,quadrant,clockdirection,position,directbiopsy) VALUES ('DA_101023013','',0,0,4,'H=HSIL',1,1,1,0);
INSERT INTO patientactivemark(examineno,markvalue,mx,my,marktype,grade,quadrant,clockdirection,position,directbiopsy) VALUES ('DA_101023013','',0,0,4,'H=HSIL',1,1,2,1);
INSERT INTO patientactivemark(examineno,markvalue,mx,my,marktype,grade,quadrant,clockdirection,position,directbiopsy) VALUES ('DA_101023012','',0,0,2,'acetowhite',4,11,1,0);
INSERT INTO patientactivemark(examineno,markvalue,mx,my,marktype,grade,quadrant,clockdirection,position,directbiopsy) VALUES ('DA_101023012','',0,0,2,'acetowhite',4,12,1,0);
INSERT INTO patientactivemark(examineno,markvalue,mx,my,marktype,grade,quadrant,clockdirection,position,directbiopsy) VALUES ('DA_101023012','',0,0,2,'acetowhite',3,9,1,0);
INSERT INTO patientactivemark(examineno,markvalue,mx,my,marktype,grade,quadrant,clockdirection,position,directbiopsy) VALUES ('DA_101023012','',0,0,2,'acetowhite',4,10,2,0);
INSERT INTO patientactivemark(examineno,markvalue,mx,my,marktype,grade,quadrant,clockdirection,position,directbiopsy) VALUES ('DA_101023012','',0,0,2,'acetowhite',4,11,2,0);
INSERT INTO patientactivemark(examineno,markvalue,mx,my,marktype,grade,quadrant,clockdirection,position,directbiopsy) VALUES ('DA_101023012','',0,0,2,'red',3,9,1,0);
INSERT INTO patientactivemark(examineno,markvalue,mx,my,marktype,grade,quadrant,clockdirection,position,directbiopsy) VALUES ('DA_101023012','',0,0,2,'red',4,11,1,0);
INSERT INTO patientactivemark(examineno,markvalue,mx,my,marktype,grade,quadrant,clockdirection,position,directbiopsy) VALUES ('DA_101023012','',0,0,2,'red',4,12,1,0);
INSERT INTO patientactivemark(examineno,markvalue,mx,my,marktype,grade,quadrant,clockdirection,position,directbiopsy) VALUES ('DA_101023012','',0,0,2,'red',4,11,2,0);
INSERT INTO patientactivemark(examineno,markvalue,mx,my,marktype,grade,quadrant,clockdirection,position,directbiopsy) VALUES ('DA_101023012','',0,0,2,'red',4,10,2,0);
INSERT INTO patientactivemark(examineno,markvalue,mx,my,marktype,grade,quadrant,clockdirection,position,directbiopsy) VALUES ('DA_101023012','',0,0,2,'lugols',4,11,1,0);
INSERT INTO patientactivemark(examineno,markvalue,mx,my,marktype,grade,quadrant,clockdirection,position,directbiopsy) VALUES ('DA_101023012','',0,0,2,'lugols',4,12,1,0);
INSERT INTO patientactivemark(examineno,markvalue,mx,my,marktype,grade,quadrant,clockdirection,position,directbiopsy) VALUES ('DA_101023012','',0,0,2,'lugols',4,11,2,0);
INSERT INTO patientactivemark(examineno,markvalue,mx,my,marktype,grade,quadrant,clockdirection,position,directbiopsy) VALUES ('DA_101023012','',0,0,2,'lugols',4,10,2,0);
INSERT INTO patientactivemark(examineno,markvalue,mx,my,marktype,grade,quadrant,clockdirection,position,directbiopsy) VALUES ('DA_101023012','',0,0,2,'lugols',3,9,1,0);
INSERT INTO patientactivemark(examineno,markvalue,mx,my,marktype,grade,quadrant,clockdirection,position,directbiopsy) VALUES ('DA_101023012','',0,0,3,'H=HSIL',3,9,1,0);
INSERT INTO patientactivemark(examineno,markvalue,mx,my,marktype,grade,quadrant,clockdirection,position,directbiopsy) VALUES ('DA_101023012','',0,0,3,'H=HSIL',4,10,2,1);
INSERT INTO patientactivemark(examineno,markvalue,mx,my,marktype,grade,quadrant,clockdirection,position,directbiopsy) VALUES ('DA_101023012','',0,0,3,'H=HSIL',4,11,1,1);
INSERT INTO patientactivemark(examineno,markvalue,mx,my,marktype,grade,quadrant,clockdirection,position,directbiopsy) VALUES ('DA_101023012','',0,0,3,'H=HSIL',4,11,2,0);
INSERT INTO patientactivemark(examineno,markvalue,mx,my,marktype,grade,quadrant,clockdirection,position,directbiopsy) VALUES ('DA_101023012','',0,0,3,'H=HSIL',4,12,1,0);
INSERT INTO patientactivemark(examineno,markvalue,mx,my,marktype,grade,quadrant,clockdirection,position,directbiopsy) VALUES ('DA_101023012','',0,0,4,'H=HSIL',3,9,1,0);
INSERT INTO patientactivemark(examineno,markvalue,mx,my,marktype,grade,quadrant,clockdirection,position,directbiopsy) VALUES ('DA_101023012','',0,0,4,'H=HSIL',4,10,2,1);
INSERT INTO patientactivemark(examineno,markvalue,mx,my,marktype,grade,quadrant,clockdirection,position,directbiopsy) VALUES ('DA_101023012','',0,0,4,'H=HSIL',4,11,1,1);
INSERT INTO patientactivemark(examineno,markvalue,mx,my,marktype,grade,quadrant,clockdirection,position,directbiopsy) VALUES ('DA_101023012','',0,0,4,'H=HSIL',4,11,2,0);
INSERT INTO patientactivemark(examineno,markvalue,mx,my,marktype,grade,quadrant,clockdirection,position,directbiopsy) VALUES ('DA_101023012','',0,0,4,'H=HSIL',4,12,1,0);
INSERT INTO patientactivemark(examineno,markvalue,mx,my,marktype,grade,quadrant,clockdirection,position,directbiopsy) VALUES ('DA_101023014','',0,0,2,'acetowhite',3,9,2,0);
INSERT INTO patientactivemark(examineno,markvalue,mx,my,marktype,grade,quadrant,clockdirection,position,directbiopsy) VALUES ('DA_101023014','',0,0,2,'acetowhite',3,8,2,0);
INSERT INTO patientactivemark(examineno,markvalue,mx,my,marktype,grade,quadrant,clockdirection,position,directbiopsy) VALUES ('DA_101023014','',0,0,2,'acetowhite',3,7,1,0);
INSERT INTO patientactivemark(examineno,markvalue,mx,my,marktype,grade,quadrant,clockdirection,position,directbiopsy) VALUES ('DA_101023014','',0,0,2,'acetowhite',2,6,2,0);
INSERT INTO patientactivemark(examineno,markvalue,mx,my,marktype,grade,quadrant,clockdirection,position,directbiopsy) VALUES ('DA_101023014','',0,0,2,'red',2,6,2,0);
INSERT INTO patientactivemark(examineno,markvalue,mx,my,marktype,grade,quadrant,clockdirection,position,directbiopsy) VALUES ('DA_101023007','',0,0,2,'acetowhite',3,9,2,0);
INSERT INTO patientactivemark(examineno,markvalue,mx,my,marktype,grade,quadrant,clockdirection,position,directbiopsy) VALUES ('DA_101023007','',0,0,2,'acetowhite',3,9,1,0);
INSERT INTO patientactivemark(examineno,markvalue,mx,my,marktype,grade,quadrant,clockdirection,position,directbiopsy) VALUES ('DA_101023007','',0,0,2,'red',3,9,2,0);
INSERT INTO patientactivemark(examineno,markvalue,mx,my,marktype,grade,quadrant,clockdirection,position,directbiopsy) VALUES ('DA_101023007','',0,0,2,'red',3,9,1,0);
INSERT INTO patientactivemark(examineno,markvalue,mx,my,marktype,grade,quadrant,clockdirection,position,directbiopsy) VALUES ('DA_101023007','',0,0,2,'lugols',3,9,2,0);
INSERT INTO patientactivemark(examineno,markvalue,mx,my,marktype,grade,quadrant,clockdirection,position,directbiopsy) VALUES ('DA_101023007','',0,0,2,'lugols',3,9,1,0);
INSERT INTO patientactivemark(examineno,markvalue,mx,my,marktype,grade,quadrant,clockdirection,position,directbiopsy) VALUES ('DA_101023007','',0,0,3,'H=HSIL',3,9,1,1);
INSERT INTO patientactivemark(examineno,markvalue,mx,my,marktype,grade,quadrant,clockdirection,position,directbiopsy) VALUES ('DA_101023007','',0,0,3,'H=HSIL',3,9,2,1);
INSERT INTO patientactivemark(examineno,markvalue,mx,my,marktype,grade,quadrant,clockdirection,position,directbiopsy) VALUES ('DA_101023007','',0,0,4,'H=HSIL',3,9,1,1);
INSERT INTO patientactivemark(examineno,markvalue,mx,my,marktype,grade,quadrant,clockdirection,position,directbiopsy) VALUES ('DA_101023007','',0,0,4,'H=HSIL',3,9,2,1);
INSERT INTO patientactivemark(examineno,markvalue,mx,my,marktype,grade,quadrant,clockdirection,position,directbiopsy) VALUES ('DA_101018002','',0,0,2,'acetowhite',1,1,2,0);
INSERT INTO patientactivemark(examineno,markvalue,mx,my,marktype,grade,quadrant,clockdirection,position,directbiopsy) VALUES ('DA_101018002','',0,0,2,'acetowhite',1,2,2,0);
INSERT INTO patientactivemark(examineno,markvalue,mx,my,marktype,grade,quadrant,clockdirection,position,directbiopsy) VALUES ('DA_101018002','',0,0,2,'acetowhite',1,2,1,0);
INSERT INTO patientactivemark(examineno,markvalue,mx,my,marktype,grade,quadrant,clockdirection,position,directbiopsy) VALUES ('DA_101018002','',0,0,2,'acetowhite',2,4,1,0);
INSERT INTO patientactivemark(examineno,markvalue,mx,my,marktype,grade,quadrant,clockdirection,position,directbiopsy) VALUES ('DA_101018002','',0,0,2,'acetowhite',2,5,2,0);
INSERT INTO patientactivemark(examineno,markvalue,mx,my,marktype,grade,quadrant,clockdirection,position,directbiopsy) VALUES ('DA_101018002','',0,0,2,'red',1,2,1,0);
INSERT INTO patientactivemark(examineno,markvalue,mx,my,marktype,grade,quadrant,clockdirection,position,directbiopsy) VALUES ('DA_101018002','',0,0,2,'red',2,4,1,0);
INSERT INTO patientactivemark(examineno,markvalue,mx,my,marktype,grade,quadrant,clockdirection,position,directbiopsy) VALUES ('DA_101018002','',0,0,2,'lugols',1,2,1,0);
INSERT INTO patientactivemark(examineno,markvalue,mx,my,marktype,grade,quadrant,clockdirection,position,directbiopsy) VALUES ('DA_101016008','',0,0,2,'acetowhite',2,6,2,0);
INSERT INTO patientactivemark(examineno,markvalue,mx,my,marktype,grade,quadrant,clockdirection,position,directbiopsy) VALUES ('DA_101016008','',0,0,2,'acetowhite',2,5,2,0);
INSERT INTO patientactivemark(examineno,markvalue,mx,my,marktype,grade,quadrant,clockdirection,position,directbiopsy) VALUES ('DA_101016008','',0,0,2,'acetowhite',1,3,1,0);
INSERT INTO patientactivemark(examineno,markvalue,mx,my,marktype,grade,quadrant,clockdirection,position,directbiopsy) VALUES ('DA_101016008','',0,0,2,'acetowhite',2,6,1,0);
INSERT INTO patientactivemark(examineno,markvalue,mx,my,marktype,grade,quadrant,clockdirection,position,directbiopsy) VALUES ('DA_101016008','',0,0,2,'red',2,6,1,0);
INSERT INTO patientactivemark(examineno,markvalue,mx,my,marktype,grade,quadrant,clockdirection,position,directbiopsy) VALUES ('DA_101016008','',0,0,2,'red',2,6,2,0);
INSERT INTO patientactivemark(examineno,markvalue,mx,my,marktype,grade,quadrant,clockdirection,position,directbiopsy) VALUES ('DA_101016008','',0,0,2,'red',1,3,1,0);
INSERT INTO patientactivemark(examineno,markvalue,mx,my,marktype,grade,quadrant,clockdirection,position,directbiopsy) VALUES ('DA_101016008','',0,0,2,'lugols',2,6,1,0);
INSERT INTO patientactivemark(examineno,markvalue,mx,my,marktype,grade,quadrant,clockdirection,position,directbiopsy) VALUES ('DA_101016008','',0,0,2,'lugols',2,6,2,0);
INSERT INTO patientactivemark(examineno,markvalue,mx,my,marktype,grade,quadrant,clockdirection,position,directbiopsy) VALUES ('DA_101016008','',0,0,2,'lugols',1,3,1,0);
INSERT INTO patientactivemark(examineno,markvalue,mx,my,marktype,grade,quadrant,clockdirection,position,directbiopsy) VALUES ('DA_101016008','',0,0,3,'H=HSIL',1,3,1,1);
INSERT INTO patientactivemark(examineno,markvalue,mx,my,marktype,grade,quadrant,clockdirection,position,directbiopsy) VALUES ('DA_101016008','',0,0,3,'H=HSIL',2,6,1,1);
INSERT INTO patientactivemark(examineno,markvalue,mx,my,marktype,grade,quadrant,clockdirection,position,directbiopsy) VALUES ('DA_101016008','',0,0,3,'H=HSIL',2,6,2,0);
INSERT INTO patientactivemark(examineno,markvalue,mx,my,marktype,grade,quadrant,clockdirection,position,directbiopsy) VALUES ('DA_101016008','',0,0,4,'H=HSIL',1,3,1,1);
INSERT INTO patientactivemark(examineno,markvalue,mx,my,marktype,grade,quadrant,clockdirection,position,directbiopsy) VALUES ('DA_101016008','',0,0,4,'H=HSIL',2,6,1,1);
INSERT INTO patientactivemark(examineno,markvalue,mx,my,marktype,grade,quadrant,clockdirection,position,directbiopsy) VALUES ('DA_101016008','',0,0,4,'H=HSIL',2,6,2,0);
INSERT INTO patientactivemark(examineno,markvalue,mx,my,marktype,grade,quadrant,clockdirection,position,directbiopsy) VALUES ('DA_101011005','',0,0,2,'acetowhite',4,12,1,0);
INSERT INTO patientactivemark(examineno,markvalue,mx,my,marktype,grade,quadrant,clockdirection,position,directbiopsy) VALUES ('DA_101011005','',0,0,2,'acetowhite',1,1,2,0);
INSERT INTO patientactivemark(examineno,markvalue,mx,my,marktype,grade,quadrant,clockdirection,position,directbiopsy) VALUES ('DA_101011005','',0,0,2,'red',1,1,2,0);
INSERT INTO patientactivemark(examineno,markvalue,mx,my,marktype,grade,quadrant,clockdirection,position,directbiopsy) VALUES ('DA_101011005','',0,0,2,'red',4,12,1,0);
INSERT INTO patientactivemark(examineno,markvalue,mx,my,marktype,grade,quadrant,clockdirection,position,directbiopsy) VALUES ('DA_101011005','',0,0,2,'lugols',1,1,2,0);
INSERT INTO patientactivemark(examineno,markvalue,mx,my,marktype,grade,quadrant,clockdirection,position,directbiopsy) VALUES ('DA_101011004','',0,0,2,'acetowhite',4,12,2,0);
INSERT INTO patientactivemark(examineno,markvalue,mx,my,marktype,grade,quadrant,clockdirection,position,directbiopsy) VALUES ('DA_101011004','',0,0,2,'acetowhite',1,1,2,0);
INSERT INTO patientactivemark(examineno,markvalue,mx,my,marktype,grade,quadrant,clockdirection,position,directbiopsy) VALUES ('DA_101011004','',0,0,2,'red',4,12,2,0);
INSERT INTO patientactivemark(examineno,markvalue,mx,my,marktype,grade,quadrant,clockdirection,position,directbiopsy) VALUES ('DA_101011004','',0,0,2,'lugols',4,12,2,0);
INSERT INTO patientactivemark(examineno,markvalue,mx,my,marktype,grade,quadrant,clockdirection,position,directbiopsy) VALUES ('DA_101011003','',0,0,2,'acetowhite',4,12,2,0);
INSERT INTO patientactivemark(examineno,markvalue,mx,my,marktype,grade,quadrant,clockdirection,position,directbiopsy) VALUES ('DA_101011003','',0,0,2,'acetowhite',1,3,2,0);
INSERT INTO patientactivemark(examineno,markvalue,mx,my,marktype,grade,quadrant,clockdirection,position,directbiopsy) VALUES ('DA_101011003','',0,0,2,'acetowhite',2,6,2,0);
INSERT INTO patientactivemark(examineno,markvalue,mx,my,marktype,grade,quadrant,clockdirection,position,directbiopsy) VALUES ('DA_101011003','',0,0,2,'acetowhite',3,9,2,0);
INSERT INTO patientactivemark(examineno,markvalue,mx,my,marktype,grade,quadrant,clockdirection,position,directbiopsy) VALUES ('DA_101011003','',0,0,2,'red',1,3,2,0);
INSERT INTO patientactivemark(examineno,markvalue,mx,my,marktype,grade,quadrant,clockdirection,position,directbiopsy) VALUES ('DA_101011003','',0,0,2,'red',4,12,2,0);
INSERT INTO patientactivemark(examineno,markvalue,mx,my,marktype,grade,quadrant,clockdirection,position,directbiopsy) VALUES ('DA_101011003','',0,0,2,'red',3,9,2,0);
INSERT INTO patientactivemark(examineno,markvalue,mx,my,marktype,grade,quadrant,clockdirection,position,directbiopsy) VALUES ('DA_101011003','',0,0,2,'red',2,6,2,0);
INSERT INTO patientactivemark(examineno,markvalue,mx,my,marktype,grade,quadrant,clockdirection,position,directbiopsy) VALUES ('DA_101011003','',0,0,2,'lugols',1,3,2,0);
INSERT INTO patientactivemark(examineno,markvalue,mx,my,marktype,grade,quadrant,clockdirection,position,directbiopsy) VALUES ('DA_101010009','',0,0,2,'acetowhite',2,6,1,0);
INSERT INTO patientactivemark(examineno,markvalue,mx,my,marktype,grade,quadrant,clockdirection,position,directbiopsy) VALUES ('DA_101010009','',0,0,2,'acetowhite',2,6,2,0);
INSERT INTO patientactivemark(examineno,markvalue,mx,my,marktype,grade,quadrant,clockdirection,position,directbiopsy) VALUES ('DA_101010009','',0,0,2,'acetowhite',2,5,1,0);
INSERT INTO patientactivemark(examineno,markvalue,mx,my,marktype,grade,quadrant,clockdirection,position,directbiopsy) VALUES ('DA_101010009','',0,0,2,'acetowhite',2,5,2,0);
INSERT INTO patientactivemark(examineno,markvalue,mx,my,marktype,grade,quadrant,clockdirection,position,directbiopsy) VALUES ('DA_101010009','',0,0,2,'acetowhite',2,4,2,0);
INSERT INTO patientactivemark(examineno,markvalue,mx,my,marktype,grade,quadrant,clockdirection,position,directbiopsy) VALUES ('DA_101010009','',0,0,2,'red',2,4,2,0);
INSERT INTO patientactivemark(examineno,markvalue,mx,my,marktype,grade,quadrant,clockdirection,position,directbiopsy) VALUES ('DA_101010009','',0,0,2,'red',2,5,2,0);
INSERT INTO patientactivemark(examineno,markvalue,mx,my,marktype,grade,quadrant,clockdirection,position,directbiopsy) VALUES ('DA_101010009','',0,0,2,'red',2,5,1,0);
INSERT INTO patientactivemark(examineno,markvalue,mx,my,marktype,grade,quadrant,clockdirection,position,directbiopsy) VALUES ('DA_101010009','',0,0,2,'red',2,6,1,0);
INSERT INTO patientactivemark(examineno,markvalue,mx,my,marktype,grade,quadrant,clockdirection,position,directbiopsy) VALUES ('DA_101010009','',0,0,2,'red',2,6,2,0);
INSERT INTO patientactivemark(examineno,markvalue,mx,my,marktype,grade,quadrant,clockdirection,position,directbiopsy) VALUES ('DA_101010009','',0,0,2,'lugols',2,6,1,0);
INSERT INTO patientactivemark(examineno,markvalue,mx,my,marktype,grade,quadrant,clockdirection,position,directbiopsy) VALUES ('DA_101010009','',0,0,2,'lugols',2,5,1,0);
INSERT INTO patientactivemark(examineno,markvalue,mx,my,marktype,grade,quadrant,clockdirection,position,directbiopsy) VALUES ('DA_101010009','',0,0,2,'lugols',2,6,2,0);
INSERT INTO patientactivemark(examineno,markvalue,mx,my,marktype,grade,quadrant,clockdirection,position,directbiopsy) VALUES ('DA_101010009','',0,0,2,'lugols',2,5,2,0);
INSERT INTO patientactivemark(examineno,markvalue,mx,my,marktype,grade,quadrant,clockdirection,position,directbiopsy) VALUES ('DA_101010009','',0,0,2,'lugols',2,4,2,0);
INSERT INTO patientactivemark(examineno,markvalue,mx,my,marktype,grade,quadrant,clockdirection,position,directbiopsy) VALUES ('DA_101010009','',0,0,3,'H=HSIL',2,4,2,0);
INSERT INTO patientactivemark(examineno,markvalue,mx,my,marktype,grade,quadrant,clockdirection,position,directbiopsy) VALUES ('DA_101010009','',0,0,3,'H=HSIL',2,5,1,0);
INSERT INTO patientactivemark(examineno,markvalue,mx,my,marktype,grade,quadrant,clockdirection,position,directbiopsy) VALUES ('DA_101010009','',0,0,3,'H=HSIL',2,5,2,1);
INSERT INTO patientactivemark(examineno,markvalue,mx,my,marktype,grade,quadrant,clockdirection,position,directbiopsy) VALUES ('DA_101010009','',0,0,3,'H=HSIL',2,6,1,1);
INSERT INTO patientactivemark(examineno,markvalue,mx,my,marktype,grade,quadrant,clockdirection,position,directbiopsy) VALUES ('DA_101010009','',0,0,3,'H=HSIL',2,6,2,0);
INSERT INTO patientactivemark(examineno,markvalue,mx,my,marktype,grade,quadrant,clockdirection,position,directbiopsy) VALUES ('DA_101010009','',0,0,4,'H=HSIL',2,4,2,0);
INSERT INTO patientactivemark(examineno,markvalue,mx,my,marktype,grade,quadrant,clockdirection,position,directbiopsy) VALUES ('DA_101010009','',0,0,4,'H=HSIL',2,5,1,0);
INSERT INTO patientactivemark(examineno,markvalue,mx,my,marktype,grade,quadrant,clockdirection,position,directbiopsy) VALUES ('DA_101010009','',0,0,4,'H=HSIL',2,5,2,1);
INSERT INTO patientactivemark(examineno,markvalue,mx,my,marktype,grade,quadrant,clockdirection,position,directbiopsy) VALUES ('DA_101010009','',0,0,4,'H=HSIL',2,6,1,1);
INSERT INTO patientactivemark(examineno,markvalue,mx,my,marktype,grade,quadrant,clockdirection,position,directbiopsy) VALUES ('DA_101010009','',0,0,4,'H=HSIL',2,6,2,0);
INSERT INTO patientactivemark(examineno,markvalue,mx,my,marktype,grade,quadrant,clockdirection,position,directbiopsy) VALUES ('DA_100925006','',0,0,2,'acetowhite',2,6,2,0);
INSERT INTO patientactivemark(examineno,markvalue,mx,my,marktype,grade,quadrant,clockdirection,position,directbiopsy) VALUES ('DA_100925006','',0,0,2,'acetowhite',3,7,2,0);
INSERT INTO patientactivemark(examineno,markvalue,mx,my,marktype,grade,quadrant,clockdirection,position,directbiopsy) VALUES ('DA_100925006','',0,0,2,'red',3,7,2,0);
INSERT INTO patientactivemark(examineno,markvalue,mx,my,marktype,grade,quadrant,clockdirection,position,directbiopsy) VALUES ('DA_100925006','',0,0,2,'red',2,6,2,0);
INSERT INTO patientactivemark(examineno,markvalue,mx,my,marktype,grade,quadrant,clockdirection,position,directbiopsy) VALUES ('DA_100925006','',0,0,2,'lugols',3,7,2,0);
INSERT INTO patientactivemark(examineno,markvalue,mx,my,marktype,grade,quadrant,clockdirection,position,directbiopsy) VALUES ('DA_100925006','',0,0,2,'lugols',2,6,2,0);
INSERT INTO patientactivemark(examineno,markvalue,mx,my,marktype,grade,quadrant,clockdirection,position,directbiopsy) VALUES ('DA_100925006','',0,0,2,'blood',2,6,2,0);
INSERT INTO patientactivemark(examineno,markvalue,mx,my,marktype,grade,quadrant,clockdirection,position,directbiopsy) VALUES ('DA_100925006','',0,0,2,'blood',2,4,1,0);
INSERT INTO patientactivemark(examineno,markvalue,mx,my,marktype,grade,quadrant,clockdirection,position,directbiopsy) VALUES ('DA_100925006','',0,0,2,'blood',2,4,2,0);
INSERT INTO patientactivemark(examineno,markvalue,mx,my,marktype,grade,quadrant,clockdirection,position,directbiopsy) VALUES ('DA_100925006','',0,0,3,'N=Esiti colposcopici normali',2,6,2,0);
INSERT INTO patientactivemark(examineno,markvalue,mx,my,marktype,grade,quadrant,clockdirection,position,directbiopsy) VALUES ('DA_100925006','',0,0,3,'N=Esiti colposcopici normali',2,4,1,0);
INSERT INTO patientactivemark(examineno,markvalue,mx,my,marktype,grade,quadrant,clockdirection,position,directbiopsy) VALUES ('DA_100925006','',0,0,3,'N=Esiti colposcopici normali',2,4,2,1);
INSERT INTO patientactivemark(examineno,markvalue,mx,my,marktype,grade,quadrant,clockdirection,position,directbiopsy) VALUES ('DA_100925006','',0,0,3,'ECC',0,0,0,1);
INSERT INTO patientactivemark(examineno,markvalue,mx,my,marktype,grade,quadrant,clockdirection,position,directbiopsy) VALUES ('DA_100923005','',0,0,2,'acetowhite',4,12,2,0);
INSERT INTO patientactivemark(examineno,markvalue,mx,my,marktype,grade,quadrant,clockdirection,position,directbiopsy) VALUES ('DA_100923005','',0,0,2,'acetowhite',4,10,1,0);
INSERT INTO patientactivemark(examineno,markvalue,mx,my,marktype,grade,quadrant,clockdirection,position,directbiopsy) VALUES ('DA_100923005','',0,0,2,'acetowhite',3,9,2,0);
INSERT INTO patientactivemark(examineno,markvalue,mx,my,marktype,grade,quadrant,clockdirection,position,directbiopsy) VALUES ('DA_100923005','',0,0,2,'acetowhite',3,8,2,0);
INSERT INTO patientactivemark(examineno,markvalue,mx,my,marktype,grade,quadrant,clockdirection,position,directbiopsy) VALUES ('DA_100923005','',0,0,2,'acetowhite',1,3,1,0);
INSERT INTO patientactivemark(examineno,markvalue,mx,my,marktype,grade,quadrant,clockdirection,position,directbiopsy) VALUES ('DA_100923005','',0,0,2,'acetowhite',1,3,2,0);
INSERT INTO patientactivemark(examineno,markvalue,mx,my,marktype,grade,quadrant,clockdirection,position,directbiopsy) VALUES ('DA_100923005','',0,0,2,'acetowhite',2,4,1,0);
INSERT INTO patientactivemark(examineno,markvalue,mx,my,marktype,grade,quadrant,clockdirection,position,directbiopsy) VALUES ('DA_100923005','',0,0,2,'acetowhite',2,4,2,0);
INSERT INTO patientactivemark(examineno,markvalue,mx,my,marktype,grade,quadrant,clockdirection,position,directbiopsy) VALUES ('DA_100923005','',0,0,2,'acetowhite',2,5,2,0);
INSERT INTO patientactivemark(examineno,markvalue,mx,my,marktype,grade,quadrant,clockdirection,position,directbiopsy) VALUES ('DA_100923005','',0,0,2,'red',1,3,1,0);
INSERT INTO patientactivemark(examineno,markvalue,mx,my,marktype,grade,quadrant,clockdirection,position,directbiopsy) VALUES ('DA_100923005','',0,0,2,'red',2,4,1,0);
INSERT INTO patientactivemark(examineno,markvalue,mx,my,marktype,grade,quadrant,clockdirection,position,directbiopsy) VALUES ('DA_100923005','',0,0,2,'red',2,5,2,0);
INSERT INTO patientactivemark(examineno,markvalue,mx,my,marktype,grade,quadrant,clockdirection,position,directbiopsy) VALUES ('DA_100923005','',0,0,2,'red',2,4,2,0);
INSERT INTO patientactivemark(examineno,markvalue,mx,my,marktype,grade,quadrant,clockdirection,position,directbiopsy) VALUES ('DA_100923005','',0,0,2,'red',1,3,2,0);
INSERT INTO patientactivemark(examineno,markvalue,mx,my,marktype,grade,quadrant,clockdirection,position,directbiopsy) VALUES ('DA_100923005','',0,0,2,'lugols',2,4,1,0);
INSERT INTO patientactivemark(examineno,markvalue,mx,my,marktype,grade,quadrant,clockdirection,position,directbiopsy) VALUES ('DA_100923005','',0,0,2,'lugols',1,3,1,0);
INSERT INTO patientactivemark(examineno,markvalue,mx,my,marktype,grade,quadrant,clockdirection,position,directbiopsy) VALUES ('DA_100923005','',0,0,2,'lugols',1,3,2,0);
INSERT INTO patientactivemark(examineno,markvalue,mx,my,marktype,grade,quadrant,clockdirection,position,directbiopsy) VALUES ('DA_100923005','',0,0,2,'lugols',2,4,2,0);
INSERT INTO patientactivemark(examineno,markvalue,mx,my,marktype,grade,quadrant,clockdirection,position,directbiopsy) VALUES ('DA_100923005','',0,0,2,'lugols',2,5,2,0);
INSERT INTO patientactivemark(examineno,markvalue,mx,my,marktype,grade,quadrant,clockdirection,position,directbiopsy) VALUES ('DA_100923005','',0,0,3,'H=HSIL',1,3,1,1);
INSERT INTO patientactivemark(examineno,markvalue,mx,my,marktype,grade,quadrant,clockdirection,position,directbiopsy) VALUES ('DA_100923005','',0,0,3,'H=HSIL',1,3,2,0);
INSERT INTO patientactivemark(examineno,markvalue,mx,my,marktype,grade,quadrant,clockdirection,position,directbiopsy) VALUES ('DA_100923005','',0,0,3,'H=HSIL',2,4,1,1);
INSERT INTO patientactivemark(examineno,markvalue,mx,my,marktype,grade,quadrant,clockdirection,position,directbiopsy) VALUES ('DA_100923005','',0,0,3,'H=HSIL',2,4,2,0);
INSERT INTO patientactivemark(examineno,markvalue,mx,my,marktype,grade,quadrant,clockdirection,position,directbiopsy) VALUES ('DA_100923005','',0,0,3,'H=HSIL',2,5,2,0);
INSERT INTO patientactivemark(examineno,markvalue,mx,my,marktype,grade,quadrant,clockdirection,position,directbiopsy) VALUES ('DA_100923005','',0,0,4,'H=HSIL',1,3,1,1);
INSERT INTO patientactivemark(examineno,markvalue,mx,my,marktype,grade,quadrant,clockdirection,position,directbiopsy) VALUES ('DA_100923005','',0,0,4,'H=HSIL',1,3,2,0);
INSERT INTO patientactivemark(examineno,markvalue,mx,my,marktype,grade,quadrant,clockdirection,position,directbiopsy) VALUES ('DA_100923005','',0,0,4,'H=HSIL',2,4,1,1);
INSERT INTO patientactivemark(examineno,markvalue,mx,my,marktype,grade,quadrant,clockdirection,position,directbiopsy) VALUES ('DA_100923005','',0,0,4,'H=HSIL',2,4,2,0);
INSERT INTO patientactivemark(examineno,markvalue,mx,my,marktype,grade,quadrant,clockdirection,position,directbiopsy) VALUES ('DA_100923005','',0,0,4,'H=HSIL',2,5,2,0);
INSERT INTO patientactivemark(examineno,markvalue,mx,my,marktype,grade,quadrant,clockdirection,position,directbiopsy) VALUES ('DA_100922006','',0,0,2,'acetowhite',4,12,2,0);
INSERT INTO patientactivemark(examineno,markvalue,mx,my,marktype,grade,quadrant,clockdirection,position,directbiopsy) VALUES ('DA_100922006','',0,0,2,'acetowhite',1,1,2,0);
INSERT INTO patientactivemark(examineno,markvalue,mx,my,marktype,grade,quadrant,clockdirection,position,directbiopsy) VALUES ('DA_100922006','',0,0,2,'lugols',1,1,2,0);
INSERT INTO patientactivemark(examineno,markvalue,mx,my,marktype,grade,quadrant,clockdirection,position,directbiopsy) VALUES ('DA_100922002','',0,0,2,'acetowhite',4,12,2,0);
INSERT INTO patientactivemark(examineno,markvalue,mx,my,marktype,grade,quadrant,clockdirection,position,directbiopsy) VALUES ('DA_100922002','',0,0,2,'acetowhite',1,1,2,0);
INSERT INTO patientactivemark(examineno,markvalue,mx,my,marktype,grade,quadrant,clockdirection,position,directbiopsy) VALUES ('DA_100922002','',0,0,2,'acetowhite',1,2,2,0);
INSERT INTO patientactivemark(examineno,markvalue,mx,my,marktype,grade,quadrant,clockdirection,position,directbiopsy) VALUES ('DA_100922002','',0,0,2,'acetowhite',1,3,2,0);
INSERT INTO patientactivemark(examineno,markvalue,mx,my,marktype,grade,quadrant,clockdirection,position,directbiopsy) VALUES ('DA_100922002','',0,0,2,'acetowhite',2,4,2,0);
INSERT INTO patientactivemark(examineno,markvalue,mx,my,marktype,grade,quadrant,clockdirection,position,directbiopsy) VALUES ('DA_100922002','',0,0,2,'acetowhite',2,5,2,0);
INSERT INTO patientactivemark(examineno,markvalue,mx,my,marktype,grade,quadrant,clockdirection,position,directbiopsy) VALUES ('DA_100922002','',0,0,2,'red',1,2,2,0);
INSERT INTO patientactivemark(examineno,markvalue,mx,my,marktype,grade,quadrant,clockdirection,position,directbiopsy) VALUES ('DA_100922002','',0,0,2,'red',1,3,2,0);
INSERT INTO patientactivemark(examineno,markvalue,mx,my,marktype,grade,quadrant,clockdirection,position,directbiopsy) VALUES ('DA_100922002','',0,0,2,'red',4,12,2,0);
INSERT INTO patientactivemark(examineno,markvalue,mx,my,marktype,grade,quadrant,clockdirection,position,directbiopsy) VALUES ('DA_100922002','',0,0,2,'lugols',4,12,2,0);
INSERT INTO patientactivemark(examineno,markvalue,mx,my,marktype,grade,quadrant,clockdirection,position,directbiopsy) VALUES ('DA_100916008','',0,0,2,'acetowhite',2,6,1,0);
INSERT INTO patientactivemark(examineno,markvalue,mx,my,marktype,grade,quadrant,clockdirection,position,directbiopsy) VALUES ('DA_100916008','',0,0,2,'acetowhite',2,5,1,0);
INSERT INTO patientactivemark(examineno,markvalue,mx,my,marktype,grade,quadrant,clockdirection,position,directbiopsy) VALUES ('DA_100916008','',0,0,2,'acetowhite',2,6,2,0);
INSERT INTO patientactivemark(examineno,markvalue,mx,my,marktype,grade,quadrant,clockdirection,position,directbiopsy) VALUES ('DA_100916008','',0,0,2,'acetowhite',3,7,2,0);
INSERT INTO patientactivemark(examineno,markvalue,mx,my,marktype,grade,quadrant,clockdirection,position,directbiopsy) VALUES ('DA_100916008','',0,0,2,'acetowhite',3,7,1,0);
INSERT INTO patientactivemark(examineno,markvalue,mx,my,marktype,grade,quadrant,clockdirection,position,directbiopsy) VALUES ('DA_100916008','',0,0,2,'acetowhite',4,12,2,0);
INSERT INTO patientactivemark(examineno,markvalue,mx,my,marktype,grade,quadrant,clockdirection,position,directbiopsy) VALUES ('DA_100916008','',0,0,2,'acetowhite',4,12,1,0);
INSERT INTO patientactivemark(examineno,markvalue,mx,my,marktype,grade,quadrant,clockdirection,position,directbiopsy) VALUES ('DA_100916008','',0,0,2,'acetowhite',1,1,1,0);
INSERT INTO patientactivemark(examineno,markvalue,mx,my,marktype,grade,quadrant,clockdirection,position,directbiopsy) VALUES ('DA_100916008','',0,0,2,'red',4,12,1,0);
INSERT INTO patientactivemark(examineno,markvalue,mx,my,marktype,grade,quadrant,clockdirection,position,directbiopsy) VALUES ('DA_100916008','',0,0,2,'red',1,1,1,0);
INSERT INTO patientactivemark(examineno,markvalue,mx,my,marktype,grade,quadrant,clockdirection,position,directbiopsy) VALUES ('DA_100916008','',0,0,2,'red',2,6,1,0);
INSERT INTO patientactivemark(examineno,markvalue,mx,my,marktype,grade,quadrant,clockdirection,position,directbiopsy) VALUES ('DA_100916008','',0,0,2,'red',2,6,2,0);
INSERT INTO patientactivemark(examineno,markvalue,mx,my,marktype,grade,quadrant,clockdirection,position,directbiopsy) VALUES ('DA_100916008','',0,0,2,'lugols',4,12,1,0);
INSERT INTO patientactivemark(examineno,markvalue,mx,my,marktype,grade,quadrant,clockdirection,position,directbiopsy) VALUES ('DA_100916008','',0,0,2,'lugols',1,1,1,0);
INSERT INTO patientactivemark(examineno,markvalue,mx,my,marktype,grade,quadrant,clockdirection,position,directbiopsy) VALUES ('DA_100916008','',0,0,3,'H=HSIL',1,1,1,1);
INSERT INTO patientactivemark(examineno,markvalue,mx,my,marktype,grade,quadrant,clockdirection,position,directbiopsy) VALUES ('DA_100916008','',0,0,3,'H=HSIL',4,12,1,0);
INSERT INTO patientactivemark(examineno,markvalue,mx,my,marktype,grade,quadrant,clockdirection,position,directbiopsy) VALUES ('DA_100916008','',0,0,4,'H=HSIL',1,1,1,1);
INSERT INTO patientactivemark(examineno,markvalue,mx,my,marktype,grade,quadrant,clockdirection,position,directbiopsy) VALUES ('DA_100916008','',0,0,4,'H=HSIL',4,12,1,0);
INSERT INTO patientactivemark(examineno,markvalue,mx,my,marktype,grade,quadrant,clockdirection,position,directbiopsy) VALUES ('DA_100912008','',0,0,2,'acetowhite',3,7,2,0);
INSERT INTO patientactivemark(examineno,markvalue,mx,my,marktype,grade,quadrant,clockdirection,position,directbiopsy) VALUES ('DA_100912008','',0,0,2,'acetowhite',3,8,2,0);
INSERT INTO patientactivemark(examineno,markvalue,mx,my,marktype,grade,quadrant,clockdirection,position,directbiopsy) VALUES ('DA_100912008','',0,0,2,'acetowhite',2,6,2,0);
INSERT INTO patientactivemark(examineno,markvalue,mx,my,marktype,grade,quadrant,clockdirection,position,directbiopsy) VALUES ('DA_100912003','',0,0,2,'acetowhite',4,12,1,0);
INSERT INTO patientactivemark(examineno,markvalue,mx,my,marktype,grade,quadrant,clockdirection,position,directbiopsy) VALUES ('DA_100912003','',0,0,2,'acetowhite',4,11,1,0);
INSERT INTO patientactivemark(examineno,markvalue,mx,my,marktype,grade,quadrant,clockdirection,position,directbiopsy) VALUES ('DA_100912003','',0,0,2,'red',4,11,1,0);
INSERT INTO patientactivemark(examineno,markvalue,mx,my,marktype,grade,quadrant,clockdirection,position,directbiopsy) VALUES ('DA_100912003','',0,0,2,'red',4,12,1,0);
INSERT INTO patientactivemark(examineno,markvalue,mx,my,marktype,grade,quadrant,clockdirection,position,directbiopsy) VALUES ('DA_100912003','',0,0,2,'lugols',4,11,1,0);
INSERT INTO patientactivemark(examineno,markvalue,mx,my,marktype,grade,quadrant,clockdirection,position,directbiopsy) VALUES ('DA_100912003','',0,0,2,'lugols',4,12,1,0);
INSERT INTO patientactivemark(examineno,markvalue,mx,my,marktype,grade,quadrant,clockdirection,position,directbiopsy) VALUES ('DA_100912003','',0,0,3,'H=HSIL',4,11,1,0);
INSERT INTO patientactivemark(examineno,markvalue,mx,my,marktype,grade,quadrant,clockdirection,position,directbiopsy) VALUES ('DA_100912003','',0,0,3,'H=HSIL',4,12,1,1);
INSERT INTO patientactivemark(examineno,markvalue,mx,my,marktype,grade,quadrant,clockdirection,position,directbiopsy) VALUES ('DA_100912003','',0,0,4,'H=HSIL',4,11,1,0);
INSERT INTO patientactivemark(examineno,markvalue,mx,my,marktype,grade,quadrant,clockdirection,position,directbiopsy) VALUES ('DA_100912003','',0,0,4,'H=HSIL',4,12,1,1);
INSERT INTO patientactivemark(examineno,markvalue,mx,my,marktype,grade,quadrant,clockdirection,position,directbiopsy) VALUES ('DA_100909007','',0,0,2,'acetowhite',4,12,1,0);
INSERT INTO patientactivemark(examineno,markvalue,mx,my,marktype,grade,quadrant,clockdirection,position,directbiopsy) VALUES ('DA_100909007','',0,0,2,'acetowhite',1,1,1,0);
INSERT INTO patientactivemark(examineno,markvalue,mx,my,marktype,grade,quadrant,clockdirection,position,directbiopsy) VALUES ('DA_100909007','',0,0,2,'acetowhite',2,6,1,0);
INSERT INTO patientactivemark(examineno,markvalue,mx,my,marktype,grade,quadrant,clockdirection,position,directbiopsy) VALUES ('DA_100909007','',0,0,2,'acetowhite',4,10,1,0);
INSERT INTO patientactivemark(examineno,markvalue,mx,my,marktype,grade,quadrant,clockdirection,position,directbiopsy) VALUES ('DA_100909007','',0,0,2,'red',4,12,1,0);
INSERT INTO patientactivemark(examineno,markvalue,mx,my,marktype,grade,quadrant,clockdirection,position,directbiopsy) VALUES ('DA_100909007','',0,0,2,'red',1,1,1,0);
INSERT INTO patientactivemark(examineno,markvalue,mx,my,marktype,grade,quadrant,clockdirection,position,directbiopsy) VALUES ('DA_100909007','',0,0,2,'red',4,10,1,0);
INSERT INTO patientactivemark(examineno,markvalue,mx,my,marktype,grade,quadrant,clockdirection,position,directbiopsy) VALUES ('DA_100909007','',0,0,2,'red',2,6,1,0);
INSERT INTO patientactivemark(examineno,markvalue,mx,my,marktype,grade,quadrant,clockdirection,position,directbiopsy) VALUES ('DA_100909007','',0,0,2,'lugols',4,12,1,0);
INSERT INTO patientactivemark(examineno,markvalue,mx,my,marktype,grade,quadrant,clockdirection,position,directbiopsy) VALUES ('DA_100909007','',0,0,2,'lugols',1,1,1,0);
INSERT INTO patientactivemark(examineno,markvalue,mx,my,marktype,grade,quadrant,clockdirection,position,directbiopsy) VALUES ('DA_100909007','',0,0,2,'lugols',4,10,1,0);
INSERT INTO patientactivemark(examineno,markvalue,mx,my,marktype,grade,quadrant,clockdirection,position,directbiopsy) VALUES ('DA_100909007','',0,0,2,'lugols',2,6,1,0);
INSERT INTO patientactivemark(examineno,markvalue,mx,my,marktype,grade,quadrant,clockdirection,position,directbiopsy) VALUES ('DA_100909007','',0,0,3,'H=HSIL',1,1,1,0);
INSERT INTO patientactivemark(examineno,markvalue,mx,my,marktype,grade,quadrant,clockdirection,position,directbiopsy) VALUES ('DA_100909007','',0,0,3,'H=HSIL',2,6,1,1);
INSERT INTO patientactivemark(examineno,markvalue,mx,my,marktype,grade,quadrant,clockdirection,position,directbiopsy) VALUES ('DA_100909007','',0,0,3,'H=HSIL',4,10,1,1);
INSERT INTO patientactivemark(examineno,markvalue,mx,my,marktype,grade,quadrant,clockdirection,position,directbiopsy) VALUES ('DA_100909007','',0,0,3,'H=HSIL',4,12,1,0);
INSERT INTO patientactivemark(examineno,markvalue,mx,my,marktype,grade,quadrant,clockdirection,position,directbiopsy) VALUES ('DA_100909007','',0,0,4,'H=HSIL',1,1,1,0);
INSERT INTO patientactivemark(examineno,markvalue,mx,my,marktype,grade,quadrant,clockdirection,position,directbiopsy) VALUES ('DA_100909007','',0,0,4,'H=HSIL',2,6,1,1);
INSERT INTO patientactivemark(examineno,markvalue,mx,my,marktype,grade,quadrant,clockdirection,position,directbiopsy) VALUES ('DA_100909007','',0,0,4,'H=HSIL',4,10,1,1);
INSERT INTO patientactivemark(examineno,markvalue,mx,my,marktype,grade,quadrant,clockdirection,position,directbiopsy) VALUES ('DA_100909007','',0,0,4,'H=HSIL',4,12,1,0);
INSERT INTO patientactivemark(examineno,markvalue,mx,my,marktype,grade,quadrant,clockdirection,position,directbiopsy) VALUES ('DA_100905003','',0,0,2,'acetowhite',4,10,2,0);
INSERT INTO patientactivemark(examineno,markvalue,mx,my,marktype,grade,quadrant,clockdirection,position,directbiopsy) VALUES ('DA_100905003','',0,0,2,'acetowhite',4,11,2,0);
INSERT INTO patientactivemark(examineno,markvalue,mx,my,marktype,grade,quadrant,clockdirection,position,directbiopsy) VALUES ('DA_100905003','',0,0,2,'acetowhite',4,12,2,0);
INSERT INTO patientactivemark(examineno,markvalue,mx,my,marktype,grade,quadrant,clockdirection,position,directbiopsy) VALUES ('DA_100905003','',0,0,2,'acetowhite',4,10,1,0);
INSERT INTO patientactivemark(examineno,markvalue,mx,my,marktype,grade,quadrant,clockdirection,position,directbiopsy) VALUES ('DA_100905003','',0,0,2,'acetowhite',4,11,1,0);
INSERT INTO patientactivemark(examineno,markvalue,mx,my,marktype,grade,quadrant,clockdirection,position,directbiopsy) VALUES ('DA_100905003','',0,0,2,'acetowhite',4,12,1,0);
INSERT INTO patientactivemark(examineno,markvalue,mx,my,marktype,grade,quadrant,clockdirection,position,directbiopsy) VALUES ('DA_100905003','',0,0,2,'acetowhite',1,1,2,0);
INSERT INTO patientactivemark(examineno,markvalue,mx,my,marktype,grade,quadrant,clockdirection,position,directbiopsy) VALUES ('DA_100905003','',0,0,2,'acetowhite',1,2,2,0);
INSERT INTO patientactivemark(examineno,markvalue,mx,my,marktype,grade,quadrant,clockdirection,position,directbiopsy) VALUES ('DA_100905003','',0,0,2,'acetowhite',1,2,1,0);
INSERT INTO patientactivemark(examineno,markvalue,mx,my,marktype,grade,quadrant,clockdirection,position,directbiopsy) VALUES ('DA_100905003','',0,0,2,'red',4,10,2,0);
INSERT INTO patientactivemark(examineno,markvalue,mx,my,marktype,grade,quadrant,clockdirection,position,directbiopsy) VALUES ('DA_100905003','',0,0,2,'red',4,11,2,0);
INSERT INTO patientactivemark(examineno,markvalue,mx,my,marktype,grade,quadrant,clockdirection,position,directbiopsy) VALUES ('DA_100905003','',0,0,2,'red',4,12,2,0);
INSERT INTO patientactivemark(examineno,markvalue,mx,my,marktype,grade,quadrant,clockdirection,position,directbiopsy) VALUES ('DA_100905003','',0,0,2,'red',1,1,2,0);
INSERT INTO patientactivemark(examineno,markvalue,mx,my,marktype,grade,quadrant,clockdirection,position,directbiopsy) VALUES ('DA_100905003','',0,0,2,'red',1,2,2,0);
INSERT INTO patientactivemark(examineno,markvalue,mx,my,marktype,grade,quadrant,clockdirection,position,directbiopsy) VALUES ('DA_100905003','',0,0,2,'red',4,11,1,0);
INSERT INTO patientactivemark(examineno,markvalue,mx,my,marktype,grade,quadrant,clockdirection,position,directbiopsy) VALUES ('DA_100905003','',0,0,2,'red',4,12,1,0);
INSERT INTO patientactivemark(examineno,markvalue,mx,my,marktype,grade,quadrant,clockdirection,position,directbiopsy) VALUES ('DA_100905003','',0,0,2,'red',1,2,1,0);
INSERT INTO patientactivemark(examineno,markvalue,mx,my,marktype,grade,quadrant,clockdirection,position,directbiopsy) VALUES ('DA_100905003','',0,0,2,'red',4,10,1,0);
INSERT INTO patientactivemark(examineno,markvalue,mx,my,marktype,grade,quadrant,clockdirection,position,directbiopsy) VALUES ('DA_100905003','',0,0,2,'lugols',4,12,2,0);
INSERT INTO patientactivemark(examineno,markvalue,mx,my,marktype,grade,quadrant,clockdirection,position,directbiopsy) VALUES ('DA_100905003','',0,0,2,'lugols',1,1,2,0);
INSERT INTO patientactivemark(examineno,markvalue,mx,my,marktype,grade,quadrant,clockdirection,position,directbiopsy) VALUES ('DA_100905003','',0,0,2,'lugols',1,2,2,0);
INSERT INTO patientactivemark(examineno,markvalue,mx,my,marktype,grade,quadrant,clockdirection,position,directbiopsy) VALUES ('DA_100905003','',0,0,2,'lugols',4,11,2,0);
INSERT INTO patientactivemark(examineno,markvalue,mx,my,marktype,grade,quadrant,clockdirection,position,directbiopsy) VALUES ('DA_100905003','',0,0,2,'lugols',4,10,2,0);
INSERT INTO patientactivemark(examineno,markvalue,mx,my,marktype,grade,quadrant,clockdirection,position,directbiopsy) VALUES ('DA_100905003','',0,0,2,'lugols',4,10,1,0);
INSERT INTO patientactivemark(examineno,markvalue,mx,my,marktype,grade,quadrant,clockdirection,position,directbiopsy) VALUES ('DA_100905003','',0,0,2,'lugols',4,11,1,0);
INSERT INTO patientactivemark(examineno,markvalue,mx,my,marktype,grade,quadrant,clockdirection,position,directbiopsy) VALUES ('DA_100905003','',0,0,2,'lugols',4,12,1,0);
INSERT INTO patientactivemark(examineno,markvalue,mx,my,marktype,grade,quadrant,clockdirection,position,directbiopsy) VALUES ('DA_100905003','',0,0,2,'lugols',1,2,1,0);
INSERT INTO patientactivemark(examineno,markvalue,mx,my,marktype,grade,quadrant,clockdirection,position,directbiopsy) VALUES ('DA_100905003','',0,0,3,'H=HSIL',1,1,2,0);
INSERT INTO patientactivemark(examineno,markvalue,mx,my,marktype,grade,quadrant,clockdirection,position,directbiopsy) VALUES ('DA_100905003','',0,0,3,'H=HSIL',1,2,1,1);
INSERT INTO patientactivemark(examineno,markvalue,mx,my,marktype,grade,quadrant,clockdirection,position,directbiopsy) VALUES ('DA_100905003','',0,0,3,'H=HSIL',1,2,2,0);
INSERT INTO patientactivemark(examineno,markvalue,mx,my,marktype,grade,quadrant,clockdirection,position,directbiopsy) VALUES ('DA_100905003','',0,0,3,'H=HSIL',4,10,1,1);
INSERT INTO patientactivemark(examineno,markvalue,mx,my,marktype,grade,quadrant,clockdirection,position,directbiopsy) VALUES ('DA_100905003','',0,0,3,'H=HSIL',4,10,2,0);
INSERT INTO patientactivemark(examineno,markvalue,mx,my,marktype,grade,quadrant,clockdirection,position,directbiopsy) VALUES ('DA_100905003','',0,0,3,'H=HSIL',4,11,1,0);
INSERT INTO patientactivemark(examineno,markvalue,mx,my,marktype,grade,quadrant,clockdirection,position,directbiopsy) VALUES ('DA_100905003','',0,0,3,'H=HSIL',4,11,2,1);
INSERT INTO patientactivemark(examineno,markvalue,mx,my,marktype,grade,quadrant,clockdirection,position,directbiopsy) VALUES ('DA_100905003','',0,0,3,'H=HSIL',4,12,1,0);
INSERT INTO patientactivemark(examineno,markvalue,mx,my,marktype,grade,quadrant,clockdirection,position,directbiopsy) VALUES ('DA_100905003','',0,0,3,'H=HSIL',4,12,2,0);
INSERT INTO patientactivemark(examineno,markvalue,mx,my,marktype,grade,quadrant,clockdirection,position,directbiopsy) VALUES ('DA_100905003','',0,0,4,'H=HSIL',1,1,2,0);
INSERT INTO patientactivemark(examineno,markvalue,mx,my,marktype,grade,quadrant,clockdirection,position,directbiopsy) VALUES ('DA_100905003','',0,0,4,'H=HSIL',1,2,1,1);
INSERT INTO patientactivemark(examineno,markvalue,mx,my,marktype,grade,quadrant,clockdirection,position,directbiopsy) VALUES ('DA_100905003','',0,0,4,'H=HSIL',1,2,2,0);
INSERT INTO patientactivemark(examineno,markvalue,mx,my,marktype,grade,quadrant,clockdirection,position,directbiopsy) VALUES ('DA_100905003','',0,0,4,'H=HSIL',4,10,1,1);
INSERT INTO patientactivemark(examineno,markvalue,mx,my,marktype,grade,quadrant,clockdirection,position,directbiopsy) VALUES ('DA_100905003','',0,0,4,'H=HSIL',4,10,2,0);
INSERT INTO patientactivemark(examineno,markvalue,mx,my,marktype,grade,quadrant,clockdirection,position,directbiopsy) VALUES ('DA_100905003','',0,0,4,'H=HSIL',4,11,1,0);
INSERT INTO patientactivemark(examineno,markvalue,mx,my,marktype,grade,quadrant,clockdirection,position,directbiopsy) VALUES ('DA_100905003','',0,0,4,'H=HSIL',4,11,2,1);
INSERT INTO patientactivemark(examineno,markvalue,mx,my,marktype,grade,quadrant,clockdirection,position,directbiopsy) VALUES ('DA_100905003','',0,0,4,'H=HSIL',4,12,1,0);
INSERT INTO patientactivemark(examineno,markvalue,mx,my,marktype,grade,quadrant,clockdirection,position,directbiopsy) VALUES ('DA_100905003','',0,0,4,'H=HSIL',4,12,2,0);
INSERT INTO patientactivemark(examineno,markvalue,mx,my,marktype,grade,quadrant,clockdirection,position,directbiopsy) VALUES ('DA_101113003','',0,0,4,'H=HSIL',1,3,1,0);
INSERT INTO patientactivemark(examineno,markvalue,mx,my,marktype,grade,quadrant,clockdirection,position,directbiopsy) VALUES ('DA_101113003','',0,0,4,'H=HSIL',2,4,1,1);
INSERT INTO patientactivemark(examineno,markvalue,mx,my,marktype,grade,quadrant,clockdirection,position,directbiopsy) VALUES ('DA_101113003','',0,0,4,'H=HSIL',2,4,2,0);
INSERT INTO patientactivemark(examineno,markvalue,mx,my,marktype,grade,quadrant,clockdirection,position,directbiopsy) VALUES ('DA_101111013','',0,0,4,'H=HSIL',4,10,1,1);
INSERT INTO patientactivemark(examineno,markvalue,mx,my,marktype,grade,quadrant,clockdirection,position,directbiopsy) VALUES ('DA_101108012','',0,0,4,'H=HSIL',2,6,1,0);
INSERT INTO patientactivemark(examineno,markvalue,mx,my,marktype,grade,quadrant,clockdirection,position,directbiopsy) VALUES ('DA_101106006','',0,0,4,'H=HSIL',3,8,1,0);
INSERT INTO patientactivemark(examineno,markvalue,mx,my,marktype,grade,quadrant,clockdirection,position,directbiopsy) VALUES ('DA_101106006','',0,0,4,'H=HSIL',2,6,1,0);
INSERT INTO patientactivemark(examineno,markvalue,mx,my,marktype,grade,quadrant,clockdirection,position,directbiopsy) VALUES ('DA_101106006','',0,0,4,'H=HSIL',3,7,1,1);
INSERT INTO patientactivemark(examineno,markvalue,mx,my,marktype,grade,quadrant,clockdirection,position,directbiopsy) VALUES ('DA_101104012','',0,0,4,'H=HSIL',2,5,1,0);
INSERT INTO patientactivemark(examineno,markvalue,mx,my,marktype,grade,quadrant,clockdirection,position,directbiopsy) VALUES ('DA_101104012','',0,0,4,'H=HSIL',2,6,1,1);
INSERT INTO patientactivemark(examineno,markvalue,mx,my,marktype,grade,quadrant,clockdirection,position,directbiopsy) VALUES ('DA_101104012','',0,0,4,'H=HSIL',3,7,1,0);
INSERT INTO patientactivemark(examineno,markvalue,mx,my,marktype,grade,quadrant,clockdirection,position,directbiopsy) VALUES ('DA_101114012','',0,0,2,'acetowhite',2,5,1,0);
INSERT INTO patientactivemark(examineno,markvalue,mx,my,marktype,grade,quadrant,clockdirection,position,directbiopsy) VALUES ('DA_101114012','',0,0,2,'acetowhite',2,4,1,0);
INSERT INTO patientactivemark(examineno,markvalue,mx,my,marktype,grade,quadrant,clockdirection,position,directbiopsy) VALUES ('DA_101114012','',0,0,2,'red',2,4,1,0);
INSERT INTO patientactivemark(examineno,markvalue,mx,my,marktype,grade,quadrant,clockdirection,position,directbiopsy) VALUES ('DA_101114012','',0,0,2,'red',2,5,1,0);
INSERT INTO patientactivemark(examineno,markvalue,mx,my,marktype,grade,quadrant,clockdirection,position,directbiopsy) VALUES ('DA_101114012','',0,0,2,'lugols',2,4,1,0);
INSERT INTO patientactivemark(examineno,markvalue,mx,my,marktype,grade,quadrant,clockdirection,position,directbiopsy) VALUES ('DA_101114003','',0,0,2,'acetowhite',2,4,2,0);
INSERT INTO patientactivemark(examineno,markvalue,mx,my,marktype,grade,quadrant,clockdirection,position,directbiopsy) VALUES ('DA_101114003','',0,0,2,'acetowhite',2,5,2,0);
INSERT INTO patientactivemark(examineno,markvalue,mx,my,marktype,grade,quadrant,clockdirection,position,directbiopsy) VALUES ('DA_101114003','',0,0,2,'red',2,4,2,0);
INSERT INTO patientactivemark(examineno,markvalue,mx,my,marktype,grade,quadrant,clockdirection,position,directbiopsy) VALUES ('DA_101114003','',0,0,2,'red',2,5,2,0);
INSERT INTO patientactivemark(examineno,markvalue,mx,my,marktype,grade,quadrant,clockdirection,position,directbiopsy) VALUES ('DA_101114003','',0,0,2,'lugols',2,4,2,0);
INSERT INTO patientactivemark(examineno,markvalue,mx,my,marktype,grade,quadrant,clockdirection,position,directbiopsy) VALUES ('DA_101106011','',0,0,2,'acetowhite',3,7,1,0);
INSERT INTO patientactivemark(examineno,markvalue,mx,my,marktype,grade,quadrant,clockdirection,position,directbiopsy) VALUES ('DA_101106011','',0,0,2,'acetowhite',2,6,1,0);
INSERT INTO patientactivemark(examineno,markvalue,mx,my,marktype,grade,quadrant,clockdirection,position,directbiopsy) VALUES ('DA_101106011','',0,0,2,'acetowhite',2,5,1,0);
INSERT INTO patientactivemark(examineno,markvalue,mx,my,marktype,grade,quadrant,clockdirection,position,directbiopsy) VALUES ('DA_101106011','',0,0,2,'acetowhite',3,7,2,0);
INSERT INTO patientactivemark(examineno,markvalue,mx,my,marktype,grade,quadrant,clockdirection,position,directbiopsy) VALUES ('DA_101106011','',0,0,2,'acetowhite',2,6,2,0);
INSERT INTO patientactivemark(examineno,markvalue,mx,my,marktype,grade,quadrant,clockdirection,position,directbiopsy) VALUES ('DA_101106011','',0,0,2,'acetowhite',2,5,2,0);
INSERT INTO patientactivemark(examineno,markvalue,mx,my,marktype,grade,quadrant,clockdirection,position,directbiopsy) VALUES ('DA_101106011','',0,0,2,'acetowhite',3,8,2,0);
INSERT INTO patientactivemark(examineno,markvalue,mx,my,marktype,grade,quadrant,clockdirection,position,directbiopsy) VALUES ('DA_101106011','',0,0,2,'red',3,8,2,0);
INSERT INTO patientactivemark(examineno,markvalue,mx,my,marktype,grade,quadrant,clockdirection,position,directbiopsy) VALUES ('DA_101106011','',0,0,2,'red',3,7,2,0);
INSERT INTO patientactivemark(examineno,markvalue,mx,my,marktype,grade,quadrant,clockdirection,position,directbiopsy) VALUES ('DA_101106011','',0,0,2,'red',2,6,2,0);
INSERT INTO patientactivemark(examineno,markvalue,mx,my,marktype,grade,quadrant,clockdirection,position,directbiopsy) VALUES ('DA_101106011','',0,0,2,'red',2,5,2,0);
INSERT INTO patientactivemark(examineno,markvalue,mx,my,marktype,grade,quadrant,clockdirection,position,directbiopsy) VALUES ('DA_101106011','',0,0,2,'red',2,5,1,0);
INSERT INTO patientactivemark(examineno,markvalue,mx,my,marktype,grade,quadrant,clockdirection,position,directbiopsy) VALUES ('DA_101106011','',0,0,2,'red',2,6,1,0);
INSERT INTO patientactivemark(examineno,markvalue,mx,my,marktype,grade,quadrant,clockdirection,position,directbiopsy) VALUES ('DA_101106011','',0,0,2,'red',3,7,1,0);
INSERT INTO patientactivemark(examineno,markvalue,mx,my,marktype,grade,quadrant,clockdirection,position,directbiopsy) VALUES ('DA_101106011','',0,0,2,'lugols',2,5,2,0);
INSERT INTO patientactivemark(examineno,markvalue,mx,my,marktype,grade,quadrant,clockdirection,position,directbiopsy) VALUES ('DA_101106011','',0,0,2,'lugols',2,6,2,0);
INSERT INTO patientactivemark(examineno,markvalue,mx,my,marktype,grade,quadrant,clockdirection,position,directbiopsy) VALUES ('DA_101106011','',0,0,3,'H=HSIL',2,5,2,0);
INSERT INTO patientactivemark(examineno,markvalue,mx,my,marktype,grade,quadrant,clockdirection,position,directbiopsy) VALUES ('DA_101106011','',0,0,3,'H=HSIL',2,6,2,0);
INSERT INTO patientactivemark(examineno,markvalue,mx,my,marktype,grade,quadrant,clockdirection,position,directbiopsy) VALUES ('DA_101106011','',0,0,4,'H=HSIL',2,5,2,0);
INSERT INTO patientactivemark(examineno,markvalue,mx,my,marktype,grade,quadrant,clockdirection,position,directbiopsy) VALUES ('DA_101106011','',0,0,4,'H=HSIL',2,6,2,0);
INSERT INTO patientactivemark(examineno,markvalue,mx,my,marktype,grade,quadrant,clockdirection,position,directbiopsy) VALUES ('DA_101104019','',0,0,2,'acetowhite',3,9,1,0);
INSERT INTO patientactivemark(examineno,markvalue,mx,my,marktype,grade,quadrant,clockdirection,position,directbiopsy) VALUES ('DA_101104019','',0,0,2,'acetowhite',1,3,1,0);
INSERT INTO patientactivemark(examineno,markvalue,mx,my,marktype,grade,quadrant,clockdirection,position,directbiopsy) VALUES ('DA_101104019','',0,0,2,'acetowhite',4,12,1,0);
INSERT INTO patientactivemark(examineno,markvalue,mx,my,marktype,grade,quadrant,clockdirection,position,directbiopsy) VALUES ('DA_101104019','',0,0,2,'acetowhite',2,6,1,0);
INSERT INTO patientactivemark(examineno,markvalue,mx,my,marktype,grade,quadrant,clockdirection,position,directbiopsy) VALUES ('DA_101104019','',0,0,2,'red',1,3,1,0);
INSERT INTO patientactivemark(examineno,markvalue,mx,my,marktype,grade,quadrant,clockdirection,position,directbiopsy) VALUES ('DA_101104019','',0,0,2,'red',2,6,1,0);
INSERT INTO patientactivemark(examineno,markvalue,mx,my,marktype,grade,quadrant,clockdirection,position,directbiopsy) VALUES ('DA_101104019','',0,0,2,'red',4,12,1,0);
INSERT INTO patientactivemark(examineno,markvalue,mx,my,marktype,grade,quadrant,clockdirection,position,directbiopsy) VALUES ('DA_101104019','',0,0,2,'red',3,9,1,0);
INSERT INTO patientactivemark(examineno,markvalue,mx,my,marktype,grade,quadrant,clockdirection,position,directbiopsy) VALUES ('DA_101021002','',0,0,2,'acetowhite',1,1,2,0);
INSERT INTO patientactivemark(examineno,markvalue,mx,my,marktype,grade,quadrant,clockdirection,position,directbiopsy) VALUES ('DA_101021002','',0,0,2,'acetowhite',3,9,2,0);
INSERT INTO patientactivemark(examineno,markvalue,mx,my,marktype,grade,quadrant,clockdirection,position,directbiopsy) VALUES ('DA_101009009','',0,0,2,'acetowhite',2,4,1,0);
INSERT INTO patientactivemark(examineno,markvalue,mx,my,marktype,grade,quadrant,clockdirection,position,directbiopsy) VALUES ('DA_101009009','',0,0,2,'acetowhite',1,2,2,0);
INSERT INTO patientactivemark(examineno,markvalue,mx,my,marktype,grade,quadrant,clockdirection,position,directbiopsy) VALUES ('DA_101009009','',0,0,2,'red',2,4,1,0);
INSERT INTO patientactivemark(examineno,markvalue,mx,my,marktype,grade,quadrant,clockdirection,position,directbiopsy) VALUES ('DA_100929005','',0,0,2,'acetowhite',2,5,2,0);
INSERT INTO patientactivemark(examineno,markvalue,mx,my,marktype,grade,quadrant,clockdirection,position,directbiopsy) VALUES ('DA_100929005','',0,0,2,'acetowhite',3,8,2,0);
commit transaction;

--patientexamflow
begin transaction;
INSERT INTO patientexamflow(examineno,flowid,flowitem,seq) VALUES ('DA_101030010','Root/ORIGINAL_RED/FULL_RED/ORIGINAL_SEE/NONE_ABOVE/ACETOWHITE/DISAPPEAR_ACETOWHITE/LUGOLS/LUGOLS_POSITIVE/Result','',0);
INSERT INTO patientexamflow(examineno,flowid,flowitem,seq) VALUES ('DA_101030010','ORIGINAL_RED','FULL_RED',1);
INSERT INTO patientexamflow(examineno,flowid,flowitem,seq) VALUES ('DA_101030010','ORIGINAL_SEE','NONE_ABOVE',2);
INSERT INTO patientexamflow(examineno,flowid,flowitem,seq) VALUES ('DA_101030010','ACETOWHITE','DISAPPEAR_ACETOWHITE',3);
INSERT INTO patientexamflow(examineno,flowid,flowitem,seq) VALUES ('DA_101030010','LUGOLS','LUGOLS_POSITIVE',4);
INSERT INTO patientexamflow(examineno,flowid,flowitem,seq) VALUES ('DA_101030010','Result','',5);
INSERT INTO patientexamflow(examineno,flowid,flowitem,seq) VALUES ('DA_101114002','ORIGINAL_RED','PART_RED',1);
INSERT INTO patientexamflow(examineno,flowid,flowitem,seq) VALUES ('DA_101114002','ACETOWHITE','NO_ACETOWHITE',2);
INSERT INTO patientexamflow(examineno,flowid,flowitem,seq) VALUES ('DA_101114002','BLOOD','FIND_BLOOD',3);
INSERT INTO patientexamflow(examineno,flowid,flowitem,seq) VALUES ('DA_101114002','LABEL_BLOOD','',4);
INSERT INTO patientexamflow(examineno,flowid,flowitem,seq) VALUES ('DA_101114002','Result','',5);
INSERT INTO patientexamflow(examineno,flowid,flowitem,seq) VALUES ('DA_101114002','Root/ORIGINAL_RED/PART_RED/ACETOWHITE/NO_ACETOWHITE/BLOOD/FIND_BLOOD/LABEL_BLOOD/Result','',0);
INSERT INTO patientexamflow(examineno,flowid,flowitem,seq) VALUES ('DA_101113013','ORIGINAL_RED','PART_RED',1);
INSERT INTO patientexamflow(examineno,flowid,flowitem,seq) VALUES ('DA_101113013','ACETOWHITE','NO_ACETOWHITE',2);
INSERT INTO patientexamflow(examineno,flowid,flowitem,seq) VALUES ('DA_101113013','BLOOD','NO_BLOOD',3);
INSERT INTO patientexamflow(examineno,flowid,flowitem,seq) VALUES ('DA_101113013','Result','',4);
INSERT INTO patientexamflow(examineno,flowid,flowitem,seq) VALUES ('DA_101113013','Root/ORIGINAL_RED/PART_RED/ACETOWHITE/NO_ACETOWHITE/BLOOD/NO_BLOOD/Result','',0);
INSERT INTO patientexamflow(examineno,flowid,flowitem,seq) VALUES ('DA_101113009','ORIGINAL_RED','NO_RED',1);
INSERT INTO patientexamflow(examineno,flowid,flowitem,seq) VALUES ('DA_101113009','ACETOWHITE','NO_ACETOWHITE',2);
INSERT INTO patientexamflow(examineno,flowid,flowitem,seq) VALUES ('DA_101113009','LUGOLS','LUGOLS_POSITIVE',3);
INSERT INTO patientexamflow(examineno,flowid,flowitem,seq) VALUES ('DA_101113009','BLOOD','NO_BLOOD',4);
INSERT INTO patientexamflow(examineno,flowid,flowitem,seq) VALUES ('DA_101113009','Result','',5);
INSERT INTO patientexamflow(examineno,flowid,flowitem,seq) VALUES ('DA_101113009','Root/ORIGINAL_RED/NO_RED/ACETOWHITE/NO_ACETOWHITE/LUGOLS/LUGOLS_POSITIVE/BLOOD/NO_BLOOD/Result','',0);
INSERT INTO patientexamflow(examineno,flowid,flowitem,seq) VALUES ('DA_101113008','ORIGINAL_RED','PART_RED',1);
INSERT INTO patientexamflow(examineno,flowid,flowitem,seq) VALUES ('DA_101113008','ACETOWHITE','NO_ACETOWHITE',2);
INSERT INTO patientexamflow(examineno,flowid,flowitem,seq) VALUES ('DA_101113008','BLOOD','NO_BLOOD',3);
INSERT INTO patientexamflow(examineno,flowid,flowitem,seq) VALUES ('DA_101113008','Result','',4);
INSERT INTO patientexamflow(examineno,flowid,flowitem,seq) VALUES ('DA_101113008','Root/ORIGINAL_RED/PART_RED/ACETOWHITE/NO_ACETOWHITE/BLOOD/NO_BLOOD/Result','',0);
INSERT INTO patientexamflow(examineno,flowid,flowitem,seq) VALUES ('DA_101113003','ORIGINAL_RED','PART_RED',1);
INSERT INTO patientexamflow(examineno,flowid,flowitem,seq) VALUES ('DA_101113003','ACETOWHITE','EXISTING_ACETOWHITE',2);
INSERT INTO patientexamflow(examineno,flowid,flowitem,seq) VALUES ('DA_101113003','ACETOWHITE_SEE','NO_FOUR',3);
INSERT INTO patientexamflow(examineno,flowid,flowitem,seq) VALUES ('DA_101113003','LABEL_ACETOWHITE','',4);
INSERT INTO patientexamflow(examineno,flowid,flowitem,seq) VALUES ('DA_101113003','ACETOWHITE_RED','BE_ACETOWHITE_RED',5);
INSERT INTO patientexamflow(examineno,flowid,flowitem,seq) VALUES ('DA_101113003','LABEL_RED','',6);
INSERT INTO patientexamflow(examineno,flowid,flowitem,seq) VALUES ('DA_101113003','ACETOWHITE_TYPICAL_VESSEL','NO_TYPICAL_VESSEL',7);
INSERT INTO patientexamflow(examineno,flowid,flowitem,seq) VALUES ('DA_101113003','LUGOLS','LUGOLS_NEGATIVE',8);
INSERT INTO patientexamflow(examineno,flowid,flowitem,seq) VALUES ('DA_101113003','LABEL_LUGOLS','',9);
INSERT INTO patientexamflow(examineno,flowid,flowitem,seq) VALUES ('DA_101113003','Result','',10);
INSERT INTO patientexamflow(examineno,flowid,flowitem,seq) VALUES ('DA_101113003','Root/ORIGINAL_RED/PART_RED/ACETOWHITE/EXISTING_ACETOWHITE/ACETOWHITE_SEE/NO_FOUR/LABEL_ACETOWHITE/ACETOWHITE_RED/BE_ACETOWHITE_RED/LABEL_RED/ACETOWHITE_TYPICAL_VESSEL/NO_TYPICAL_VESSEL/LUGOLS/LUGOLS_NEGATIVE/LABEL_LUGOLS/Result','',0);
INSERT INTO patientexamflow(examineno,flowid,flowitem,seq) VALUES ('DA_101113002','ORIGINAL_RED','FULL_RED',1);
INSERT INTO patientexamflow(examineno,flowid,flowitem,seq) VALUES ('DA_101113002','ORIGINAL_SEE','NONE_ABOVE',2);
INSERT INTO patientexamflow(examineno,flowid,flowitem,seq) VALUES ('DA_101113002','ACETOWHITE','NO_ACETOWHITE',3);
INSERT INTO patientexamflow(examineno,flowid,flowitem,seq) VALUES ('DA_101113002','BLOOD','NO_BLOOD',4);
INSERT INTO patientexamflow(examineno,flowid,flowitem,seq) VALUES ('DA_101113002','Result','',5);
INSERT INTO patientexamflow(examineno,flowid,flowitem,seq) VALUES ('DA_101113002','Root/ORIGINAL_RED/FULL_RED/ORIGINAL_SEE/NONE_ABOVE/ACETOWHITE/NO_ACETOWHITE/BLOOD/NO_BLOOD/Result','',0);
INSERT INTO patientexamflow(examineno,flowid,flowitem,seq) VALUES ('DA_101113001','ORIGINAL_RED','FULL_RED',1);
INSERT INTO patientexamflow(examineno,flowid,flowitem,seq) VALUES ('DA_101113001','ORIGINAL_SEE','NONE_ABOVE',2);
INSERT INTO patientexamflow(examineno,flowid,flowitem,seq) VALUES ('DA_101113001','ACETOWHITE','EXISTING_ACETOWHITE',3);
INSERT INTO patientexamflow(examineno,flowid,flowitem,seq) VALUES ('DA_101113001','ACETOWHITE_SEE','NO_FOUR',4);
INSERT INTO patientexamflow(examineno,flowid,flowitem,seq) VALUES ('DA_101113001','LABEL_ACETOWHITE','',5);
INSERT INTO patientexamflow(examineno,flowid,flowitem,seq) VALUES ('DA_101113001','ACETOWHITE_RED','NO_ACETOWHITE_RED',6);
INSERT INTO patientexamflow(examineno,flowid,flowitem,seq) VALUES ('DA_101113001','Result','',7);
INSERT INTO patientexamflow(examineno,flowid,flowitem,seq) VALUES ('DA_101113001','Root/ORIGINAL_RED/FULL_RED/ORIGINAL_SEE/NONE_ABOVE/ACETOWHITE/EXISTING_ACETOWHITE/ACETOWHITE_SEE/NO_FOUR/LABEL_ACETOWHITE/ACETOWHITE_RED/NO_ACETOWHITE_RED/Result','',0);
INSERT INTO patientexamflow(examineno,flowid,flowitem,seq) VALUES ('DA_101111013','ORIGINAL_RED','PART_RED',1);
INSERT INTO patientexamflow(examineno,flowid,flowitem,seq) VALUES ('DA_101111013','ACETOWHITE','EXISTING_ACETOWHITE',2);
INSERT INTO patientexamflow(examineno,flowid,flowitem,seq) VALUES ('DA_101111013','ACETOWHITE_SEE','NO_FOUR',3);
INSERT INTO patientexamflow(examineno,flowid,flowitem,seq) VALUES ('DA_101111013','LABEL_ACETOWHITE','',4);
INSERT INTO patientexamflow(examineno,flowid,flowitem,seq) VALUES ('DA_101111013','ACETOWHITE_RED','BE_ACETOWHITE_RED',5);
INSERT INTO patientexamflow(examineno,flowid,flowitem,seq) VALUES ('DA_101111013','LABEL_RED','',6);
INSERT INTO patientexamflow(examineno,flowid,flowitem,seq) VALUES ('DA_101111013','ACETOWHITE_TYPICAL_VESSEL','NO_TYPICAL_VESSEL',7);
INSERT INTO patientexamflow(examineno,flowid,flowitem,seq) VALUES ('DA_101111013','LUGOLS','LUGOLS_NEGATIVE',8);
INSERT INTO patientexamflow(examineno,flowid,flowitem,seq) VALUES ('DA_101111013','LABEL_LUGOLS','',9);
INSERT INTO patientexamflow(examineno,flowid,flowitem,seq) VALUES ('DA_101111013','Result','',10);
INSERT INTO patientexamflow(examineno,flowid,flowitem,seq) VALUES ('DA_101111013','Root/ORIGINAL_RED/PART_RED/ACETOWHITE/EXISTING_ACETOWHITE/ACETOWHITE_SEE/NO_FOUR/LABEL_ACETOWHITE/ACETOWHITE_RED/BE_ACETOWHITE_RED/LABEL_RED/ACETOWHITE_TYPICAL_VESSEL/NO_TYPICAL_VESSEL/LUGOLS/LUGOLS_NEGATIVE/LABEL_LUGOLS/Result','',0);
INSERT INTO patientexamflow(examineno,flowid,flowitem,seq) VALUES ('DA_101111011','ORIGINAL_RED','FULL_RED',1);
INSERT INTO patientexamflow(examineno,flowid,flowitem,seq) VALUES ('DA_101111011','ORIGINAL_SEE','NONE_ABOVE',2);
INSERT INTO patientexamflow(examineno,flowid,flowitem,seq) VALUES ('DA_101111011','ACETOWHITE','NO_ACETOWHITE',3);
INSERT INTO patientexamflow(examineno,flowid,flowitem,seq) VALUES ('DA_101111011','BLOOD','NO_BLOOD',4);
INSERT INTO patientexamflow(examineno,flowid,flowitem,seq) VALUES ('DA_101111011','Result','',5);
INSERT INTO patientexamflow(examineno,flowid,flowitem,seq) VALUES ('DA_101111011','Root/ORIGINAL_RED/FULL_RED/ORIGINAL_SEE/NONE_ABOVE/ACETOWHITE/NO_ACETOWHITE/BLOOD/NO_BLOOD/Result','',0);
INSERT INTO patientexamflow(examineno,flowid,flowitem,seq) VALUES ('DA_101111009','ORIGINAL_RED','FULL_RED',1);
INSERT INTO patientexamflow(examineno,flowid,flowitem,seq) VALUES ('DA_101111009','ORIGINAL_SEE','NONE_ABOVE',2);
INSERT INTO patientexamflow(examineno,flowid,flowitem,seq) VALUES ('DA_101111009','ACETOWHITE','EXISTING_ACETOWHITE',3);
INSERT INTO patientexamflow(examineno,flowid,flowitem,seq) VALUES ('DA_101111009','ACETOWHITE_SEE','NO_FOUR',4);
INSERT INTO patientexamflow(examineno,flowid,flowitem,seq) VALUES ('DA_101111009','LABEL_ACETOWHITE','',5);
INSERT INTO patientexamflow(examineno,flowid,flowitem,seq) VALUES ('DA_101111009','ACETOWHITE_RED','NO_ACETOWHITE_RED',6);
INSERT INTO patientexamflow(examineno,flowid,flowitem,seq) VALUES ('DA_101111009','Result','',7);
INSERT INTO patientexamflow(examineno,flowid,flowitem,seq) VALUES ('DA_101111009','Root/ORIGINAL_RED/FULL_RED/ORIGINAL_SEE/NONE_ABOVE/ACETOWHITE/EXISTING_ACETOWHITE/ACETOWHITE_SEE/NO_FOUR/LABEL_ACETOWHITE/ACETOWHITE_RED/NO_ACETOWHITE_RED/Result','',0);
INSERT INTO patientexamflow(examineno,flowid,flowitem,seq) VALUES ('DA_101111007','ORIGINAL_RED','NO_RED',1);
INSERT INTO patientexamflow(examineno,flowid,flowitem,seq) VALUES ('DA_101111007','ACETOWHITE','NO_ACETOWHITE',2);
INSERT INTO patientexamflow(examineno,flowid,flowitem,seq) VALUES ('DA_101111007','LUGOLS','LUGOLS_POSITIVE',3);
INSERT INTO patientexamflow(examineno,flowid,flowitem,seq) VALUES ('DA_101111007','BLOOD','NO_BLOOD',4);
INSERT INTO patientexamflow(examineno,flowid,flowitem,seq) VALUES ('DA_101111007','Result','',5);
INSERT INTO patientexamflow(examineno,flowid,flowitem,seq) VALUES ('DA_101111007','Root/ORIGINAL_RED/NO_RED/ACETOWHITE/NO_ACETOWHITE/LUGOLS/LUGOLS_POSITIVE/BLOOD/NO_BLOOD/Result','',0);
INSERT INTO patientexamflow(examineno,flowid,flowitem,seq) VALUES ('DA_101108014','ORIGINAL_RED','NO_RED',1);
INSERT INTO patientexamflow(examineno,flowid,flowitem,seq) VALUES ('DA_101108014','ACETOWHITE','NO_ACETOWHITE',2);
INSERT INTO patientexamflow(examineno,flowid,flowitem,seq) VALUES ('DA_101108014','LUGOLS','LUGOLS_POSITIVE',3);
INSERT INTO patientexamflow(examineno,flowid,flowitem,seq) VALUES ('DA_101108014','BLOOD','NO_BLOOD',4);
INSERT INTO patientexamflow(examineno,flowid,flowitem,seq) VALUES ('DA_101108014','Result','',5);
INSERT INTO patientexamflow(examineno,flowid,flowitem,seq) VALUES ('DA_101108014','Root/ORIGINAL_RED/NO_RED/ACETOWHITE/NO_ACETOWHITE/LUGOLS/LUGOLS_POSITIVE/BLOOD/NO_BLOOD/Result','',0);
INSERT INTO patientexamflow(examineno,flowid,flowitem,seq) VALUES ('DA_101108012','ORIGINAL_RED','PART_RED',1);
INSERT INTO patientexamflow(examineno,flowid,flowitem,seq) VALUES ('DA_101108012','ACETOWHITE','EXISTING_ACETOWHITE',2);
INSERT INTO patientexamflow(examineno,flowid,flowitem,seq) VALUES ('DA_101108012','ACETOWHITE_SEE','NO_FOUR',3);
INSERT INTO patientexamflow(examineno,flowid,flowitem,seq) VALUES ('DA_101108012','LABEL_ACETOWHITE','',4);
INSERT INTO patientexamflow(examineno,flowid,flowitem,seq) VALUES ('DA_101108012','ACETOWHITE_RED','BE_ACETOWHITE_RED',5);
INSERT INTO patientexamflow(examineno,flowid,flowitem,seq) VALUES ('DA_101108012','LABEL_RED','',6);
INSERT INTO patientexamflow(examineno,flowid,flowitem,seq) VALUES ('DA_101108012','ACETOWHITE_TYPICAL_VESSEL','NO_TYPICAL_VESSEL',7);
INSERT INTO patientexamflow(examineno,flowid,flowitem,seq) VALUES ('DA_101108012','LUGOLS','LUGOLS_NEGATIVE',8);
INSERT INTO patientexamflow(examineno,flowid,flowitem,seq) VALUES ('DA_101108012','LABEL_LUGOLS','',9);
INSERT INTO patientexamflow(examineno,flowid,flowitem,seq) VALUES ('DA_101108012','Result','',10);
INSERT INTO patientexamflow(examineno,flowid,flowitem,seq) VALUES ('DA_101108012','Root/ORIGINAL_RED/PART_RED/ACETOWHITE/EXISTING_ACETOWHITE/ACETOWHITE_SEE/NO_FOUR/LABEL_ACETOWHITE/ACETOWHITE_RED/BE_ACETOWHITE_RED/LABEL_RED/ACETOWHITE_TYPICAL_VESSEL/NO_TYPICAL_VESSEL/LUGOLS/LUGOLS_NEGATIVE/LABEL_LUGOLS/Result','',0);
INSERT INTO patientexamflow(examineno,flowid,flowitem,seq) VALUES ('DA_101108011','ORIGINAL_RED','FULL_RED',1);
INSERT INTO patientexamflow(examineno,flowid,flowitem,seq) VALUES ('DA_101108011','ORIGINAL_SEE','ABOVE',2);
INSERT INTO patientexamflow(examineno,flowid,flowitem,seq) VALUES ('DA_101108011','Result','',3);
INSERT INTO patientexamflow(examineno,flowid,flowitem,seq) VALUES ('DA_101108011','Root/ORIGINAL_RED/FULL_RED/ORIGINAL_SEE/ABOVE/Result','',0);
INSERT INTO patientexamflow(examineno,flowid,flowitem,seq) VALUES ('DA_101108002','ORIGINAL_RED','NO_RED',1);
INSERT INTO patientexamflow(examineno,flowid,flowitem,seq) VALUES ('DA_101108002','ACETOWHITE','EXISTING_ACETOWHITE',2);
INSERT INTO patientexamflow(examineno,flowid,flowitem,seq) VALUES ('DA_101108002','LABEL_ACETOWHITE','',3);
INSERT INTO patientexamflow(examineno,flowid,flowitem,seq) VALUES ('DA_101108002','ACETOWHITE_VESSEL','NO_ACETOWHITE_VESSEL',4);
INSERT INTO patientexamflow(examineno,flowid,flowitem,seq) VALUES ('DA_101108002','LUGOLS','LUGOLS_NEGATIVE',5);
INSERT INTO patientexamflow(examineno,flowid,flowitem,seq) VALUES ('DA_101108002','LABEL_LUGOLS','',6);
INSERT INTO patientexamflow(examineno,flowid,flowitem,seq) VALUES ('DA_101108002','BLOOD','NO_BLOOD',7);
INSERT INTO patientexamflow(examineno,flowid,flowitem,seq) VALUES ('DA_101108002','Result','',8);
INSERT INTO patientexamflow(examineno,flowid,flowitem,seq) VALUES ('DA_101108002','Root/ORIGINAL_RED/NO_RED/ACETOWHITE/EXISTING_ACETOWHITE/LABEL_ACETOWHITE/ACETOWHITE_VESSEL/NO_ACETOWHITE_VESSEL/LUGOLS/LUGOLS_NEGATIVE/LABEL_LUGOLS/BLOOD/NO_BLOOD/Result','',0);
INSERT INTO patientexamflow(examineno,flowid,flowitem,seq) VALUES ('DA_101107018','ORIGINAL_RED','FULL_RED',1);
INSERT INTO patientexamflow(examineno,flowid,flowitem,seq) VALUES ('DA_101107018','ORIGINAL_SEE','ABOVE',2);
INSERT INTO patientexamflow(examineno,flowid,flowitem,seq) VALUES ('DA_101107018','Result','',3);
INSERT INTO patientexamflow(examineno,flowid,flowitem,seq) VALUES ('DA_101107018','Root/ORIGINAL_RED/FULL_RED/ORIGINAL_SEE/ABOVE/Result','',0);
INSERT INTO patientexamflow(examineno,flowid,flowitem,seq) VALUES ('DA_101107017','ORIGINAL_RED','FULL_RED',1);
INSERT INTO patientexamflow(examineno,flowid,flowitem,seq) VALUES ('DA_101107017','ORIGINAL_SEE','NONE_ABOVE',2);
INSERT INTO patientexamflow(examineno,flowid,flowitem,seq) VALUES ('DA_101107017','ACETOWHITE','EXISTING_ACETOWHITE',3);
INSERT INTO patientexamflow(examineno,flowid,flowitem,seq) VALUES ('DA_101107017','ACETOWHITE_SEE','NO_FOUR',4);
INSERT INTO patientexamflow(examineno,flowid,flowitem,seq) VALUES ('DA_101107017','LABEL_ACETOWHITE','',5);
INSERT INTO patientexamflow(examineno,flowid,flowitem,seq) VALUES ('DA_101107017','ACETOWHITE_RED','NO_ACETOWHITE_RED',6);
INSERT INTO patientexamflow(examineno,flowid,flowitem,seq) VALUES ('DA_101107017','Result','',7);
INSERT INTO patientexamflow(examineno,flowid,flowitem,seq) VALUES ('DA_101107017','Root/ORIGINAL_RED/FULL_RED/ORIGINAL_SEE/NONE_ABOVE/ACETOWHITE/EXISTING_ACETOWHITE/ACETOWHITE_SEE/NO_FOUR/LABEL_ACETOWHITE/ACETOWHITE_RED/NO_ACETOWHITE_RED/Result','',0);
INSERT INTO patientexamflow(examineno,flowid,flowitem,seq) VALUES ('DA_101107015','ORIGINAL_RED','PART_RED',1);
INSERT INTO patientexamflow(examineno,flowid,flowitem,seq) VALUES ('DA_101107015','ACETOWHITE','EXISTING_ACETOWHITE',2);
INSERT INTO patientexamflow(examineno,flowid,flowitem,seq) VALUES ('DA_101107015','ACETOWHITE_SEE','NO_FOUR',3);
INSERT INTO patientexamflow(examineno,flowid,flowitem,seq) VALUES ('DA_101107015','LABEL_ACETOWHITE','',4);
INSERT INTO patientexamflow(examineno,flowid,flowitem,seq) VALUES ('DA_101107015','ACETOWHITE_RED','BE_ACETOWHITE_RED',5);
INSERT INTO patientexamflow(examineno,flowid,flowitem,seq) VALUES ('DA_101107015','LABEL_RED','',6);
INSERT INTO patientexamflow(examineno,flowid,flowitem,seq) VALUES ('DA_101107015','ACETOWHITE_TYPICAL_VESSEL','NO_TYPICAL_VESSEL',7);
INSERT INTO patientexamflow(examineno,flowid,flowitem,seq) VALUES ('DA_101107015','LUGOLS','LUGOLS_PARTIAL_POSITIVE',8);
INSERT INTO patientexamflow(examineno,flowid,flowitem,seq) VALUES ('DA_101107015','LABEL_LUGOLS','',9);
INSERT INTO patientexamflow(examineno,flowid,flowitem,seq) VALUES ('DA_101107015','BLOOD','NO_BLOOD',10);
INSERT INTO patientexamflow(examineno,flowid,flowitem,seq) VALUES ('DA_101107015','Result','',11);
INSERT INTO patientexamflow(examineno,flowid,flowitem,seq) VALUES ('DA_101107015','Root/ORIGINAL_RED/PART_RED/ACETOWHITE/EXISTING_ACETOWHITE/ACETOWHITE_SEE/NO_FOUR/LABEL_ACETOWHITE/ACETOWHITE_RED/BE_ACETOWHITE_RED/LABEL_RED/ACETOWHITE_TYPICAL_VESSEL/NO_TYPICAL_VESSEL/LUGOLS/LUGOLS_PARTIAL_POSITIVE/LABEL_LUGOLS/BLOOD/NO_BLOOD/Result','',0);
INSERT INTO patientexamflow(examineno,flowid,flowitem,seq) VALUES ('DA_101107006','ORIGINAL_RED','NO_RED',1);
INSERT INTO patientexamflow(examineno,flowid,flowitem,seq) VALUES ('DA_101107006','ACETOWHITE','EXISTING_ACETOWHITE',2);
INSERT INTO patientexamflow(examineno,flowid,flowitem,seq) VALUES ('DA_101107006','LABEL_ACETOWHITE','',3);
INSERT INTO patientexamflow(examineno,flowid,flowitem,seq) VALUES ('DA_101107006','ACETOWHITE_VESSEL','NO_ACETOWHITE_VESSEL',4);
INSERT INTO patientexamflow(examineno,flowid,flowitem,seq) VALUES ('DA_101107006','LUGOLS','LUGOLS_NEGATIVE',5);
INSERT INTO patientexamflow(examineno,flowid,flowitem,seq) VALUES ('DA_101107006','LABEL_LUGOLS','',6);
INSERT INTO patientexamflow(examineno,flowid,flowitem,seq) VALUES ('DA_101107006','BLOOD','FIND_BLOOD',7);
INSERT INTO patientexamflow(examineno,flowid,flowitem,seq) VALUES ('DA_101107006','LABEL_BLOOD','',8);
INSERT INTO patientexamflow(examineno,flowid,flowitem,seq) VALUES ('DA_101107006','LABEL_BLOOD','',9);
INSERT INTO patientexamflow(examineno,flowid,flowitem,seq) VALUES ('DA_101107006','Result','',10);
INSERT INTO patientexamflow(examineno,flowid,flowitem,seq) VALUES ('DA_101107006','Root/ORIGINAL_RED/NO_RED/ACETOWHITE/EXISTING_ACETOWHITE/LABEL_ACETOWHITE/ACETOWHITE_VESSEL/NO_ACETOWHITE_VESSEL/LUGOLS/LUGOLS_NEGATIVE/LABEL_LUGOLS/BLOOD/FIND_BLOOD/LABEL_BLOOD/LABEL_BLOOD/Result','',0);
INSERT INTO patientexamflow(examineno,flowid,flowitem,seq) VALUES ('DA_101106014','ORIGINAL_RED','FULL_RED',1);
INSERT INTO patientexamflow(examineno,flowid,flowitem,seq) VALUES ('DA_101106014','ORIGINAL_SEE','ABOVE',2);
INSERT INTO patientexamflow(examineno,flowid,flowitem,seq) VALUES ('DA_101106014','Result','',3);
INSERT INTO patientexamflow(examineno,flowid,flowitem,seq) VALUES ('DA_101106014','Root/ORIGINAL_RED/FULL_RED/ORIGINAL_SEE/ABOVE/Result','',0);
INSERT INTO patientexamflow(examineno,flowid,flowitem,seq) VALUES ('DA_101106012','ORIGINAL_RED','NO_RED',1);
INSERT INTO patientexamflow(examineno,flowid,flowitem,seq) VALUES ('DA_101106012','ACETOWHITE','NO_ACETOWHITE',2);
INSERT INTO patientexamflow(examineno,flowid,flowitem,seq) VALUES ('DA_101106012','LUGOLS','LUGOLS_PARTIAL_POSITIVE',3);
INSERT INTO patientexamflow(examineno,flowid,flowitem,seq) VALUES ('DA_101106012','BLOOD','NO_BLOOD',4);
INSERT INTO patientexamflow(examineno,flowid,flowitem,seq) VALUES ('DA_101106012','Result','',5);
INSERT INTO patientexamflow(examineno,flowid,flowitem,seq) VALUES ('DA_101106012','Root/ORIGINAL_RED/NO_RED/ACETOWHITE/NO_ACETOWHITE/LUGOLS/LUGOLS_PARTIAL_POSITIVE/BLOOD/NO_BLOOD/Result','',0);
INSERT INTO patientexamflow(examineno,flowid,flowitem,seq) VALUES ('DA_101106006','ORIGINAL_RED','FULL_RED',1);
INSERT INTO patientexamflow(examineno,flowid,flowitem,seq) VALUES ('DA_101106006','ORIGINAL_SEE','NONE_ABOVE',2);
INSERT INTO patientexamflow(examineno,flowid,flowitem,seq) VALUES ('DA_101106006','ACETOWHITE','EXISTING_ACETOWHITE',3);
INSERT INTO patientexamflow(examineno,flowid,flowitem,seq) VALUES ('DA_101106006','ACETOWHITE_SEE','NO_FOUR',4);
INSERT INTO patientexamflow(examineno,flowid,flowitem,seq) VALUES ('DA_101106006','LABEL_ACETOWHITE','',5);
INSERT INTO patientexamflow(examineno,flowid,flowitem,seq) VALUES ('DA_101106006','ACETOWHITE_RED','BE_ACETOWHITE_RED',6);
INSERT INTO patientexamflow(examineno,flowid,flowitem,seq) VALUES ('DA_101106006','LABEL_RED','',7);
INSERT INTO patientexamflow(examineno,flowid,flowitem,seq) VALUES ('DA_101106006','ACETOWHITE_TYPICAL_VESSEL','NO_TYPICAL_VESSEL',8);
INSERT INTO patientexamflow(examineno,flowid,flowitem,seq) VALUES ('DA_101106006','LUGOLS','LUGOLS_NEGATIVE',9);
INSERT INTO patientexamflow(examineno,flowid,flowitem,seq) VALUES ('DA_101106006','LABEL_LUGOLS','',10);
INSERT INTO patientexamflow(examineno,flowid,flowitem,seq) VALUES ('DA_101106006','Result','',11);
INSERT INTO patientexamflow(examineno,flowid,flowitem,seq) VALUES ('DA_101106006','Root/ORIGINAL_RED/FULL_RED/ORIGINAL_SEE/NONE_ABOVE/ACETOWHITE/EXISTING_ACETOWHITE/ACETOWHITE_SEE/NO_FOUR/LABEL_ACETOWHITE/ACETOWHITE_RED/BE_ACETOWHITE_RED/LABEL_RED/ACETOWHITE_TYPICAL_VESSEL/NO_TYPICAL_VESSEL/LUGOLS/LUGOLS_NEGATIVE/LABEL_LUGOLS/Result','',0);
INSERT INTO patientexamflow(examineno,flowid,flowitem,seq) VALUES ('DA_101105006','ORIGINAL_RED','NO_RED',1);
INSERT INTO patientexamflow(examineno,flowid,flowitem,seq) VALUES ('DA_101105006','ACETOWHITE','NO_ACETOWHITE',2);
INSERT INTO patientexamflow(examineno,flowid,flowitem,seq) VALUES ('DA_101105006','LUGOLS','LUGOLS_POSITIVE',3);
INSERT INTO patientexamflow(examineno,flowid,flowitem,seq) VALUES ('DA_101105006','BLOOD','NO_BLOOD',4);
INSERT INTO patientexamflow(examineno,flowid,flowitem,seq) VALUES ('DA_101105006','Result','',5);
INSERT INTO patientexamflow(examineno,flowid,flowitem,seq) VALUES ('DA_101105006','Root/ORIGINAL_RED/NO_RED/ACETOWHITE/NO_ACETOWHITE/LUGOLS/LUGOLS_POSITIVE/BLOOD/NO_BLOOD/Result','',0);
INSERT INTO patientexamflow(examineno,flowid,flowitem,seq) VALUES ('DA_101104012','ORIGINAL_RED','FULL_RED',1);
INSERT INTO patientexamflow(examineno,flowid,flowitem,seq) VALUES ('DA_101104012','ORIGINAL_SEE','NONE_ABOVE',2);
INSERT INTO patientexamflow(examineno,flowid,flowitem,seq) VALUES ('DA_101104012','ACETOWHITE','EXISTING_ACETOWHITE',3);
INSERT INTO patientexamflow(examineno,flowid,flowitem,seq) VALUES ('DA_101104012','ACETOWHITE_SEE','NO_FOUR',4);
INSERT INTO patientexamflow(examineno,flowid,flowitem,seq) VALUES ('DA_101104012','LABEL_ACETOWHITE','',5);
INSERT INTO patientexamflow(examineno,flowid,flowitem,seq) VALUES ('DA_101104012','ACETOWHITE_RED','BE_ACETOWHITE_RED',6);
INSERT INTO patientexamflow(examineno,flowid,flowitem,seq) VALUES ('DA_101104012','LABEL_RED','',7);
INSERT INTO patientexamflow(examineno,flowid,flowitem,seq) VALUES ('DA_101104012','ACETOWHITE_TYPICAL_VESSEL','NO_TYPICAL_VESSEL',8);
INSERT INTO patientexamflow(examineno,flowid,flowitem,seq) VALUES ('DA_101104012','LUGOLS','LUGOLS_NEGATIVE',9);
INSERT INTO patientexamflow(examineno,flowid,flowitem,seq) VALUES ('DA_101104012','LABEL_LUGOLS','',10);
INSERT INTO patientexamflow(examineno,flowid,flowitem,seq) VALUES ('DA_101104012','Result','',11);
INSERT INTO patientexamflow(examineno,flowid,flowitem,seq) VALUES ('DA_101104012','Root/ORIGINAL_RED/FULL_RED/ORIGINAL_SEE/NONE_ABOVE/ACETOWHITE/EXISTING_ACETOWHITE/ACETOWHITE_SEE/NO_FOUR/LABEL_ACETOWHITE/ACETOWHITE_RED/BE_ACETOWHITE_RED/LABEL_RED/ACETOWHITE_TYPICAL_VESSEL/NO_TYPICAL_VESSEL/LUGOLS/LUGOLS_NEGATIVE/LABEL_LUGOLS/Result','',0);
INSERT INTO patientexamflow(examineno,flowid,flowitem,seq) VALUES ('DA_101107003','ORIGINAL_RED','FULL_RED',1);
INSERT INTO patientexamflow(examineno,flowid,flowitem,seq) VALUES ('DA_101107003','ORIGINAL_SEE','ABOVE',2);
INSERT INTO patientexamflow(examineno,flowid,flowitem,seq) VALUES ('DA_101107003','Result','',3);
INSERT INTO patientexamflow(examineno,flowid,flowitem,seq) VALUES ('DA_101107003','Root/ORIGINAL_RED/FULL_RED/ORIGINAL_SEE/ABOVE/Result','',0);
INSERT INTO patientexamflow(examineno,flowid,flowitem,seq) VALUES ('DA_101105003','ORIGINAL_RED','NO_RED',1);
INSERT INTO patientexamflow(examineno,flowid,flowitem,seq) VALUES ('DA_101105003','ACETOWHITE','EXISTING_ACETOWHITE',2);
INSERT INTO patientexamflow(examineno,flowid,flowitem,seq) VALUES ('DA_101105003','LABEL_ACETOWHITE','',3);
INSERT INTO patientexamflow(examineno,flowid,flowitem,seq) VALUES ('DA_101105003','ACETOWHITE_VESSEL','NO_ACETOWHITE_VESSEL',4);
INSERT INTO patientexamflow(examineno,flowid,flowitem,seq) VALUES ('DA_101105003','LUGOLS','LUGOLS_NEGATIVE',5);
INSERT INTO patientexamflow(examineno,flowid,flowitem,seq) VALUES ('DA_101105003','LABEL_LUGOLS','',6);
INSERT INTO patientexamflow(examineno,flowid,flowitem,seq) VALUES ('DA_101105003','BLOOD','NO_BLOOD',7);
INSERT INTO patientexamflow(examineno,flowid,flowitem,seq) VALUES ('DA_101105003','Result','',8);
INSERT INTO patientexamflow(examineno,flowid,flowitem,seq) VALUES ('DA_101105003','Root/ORIGINAL_RED/NO_RED/ACETOWHITE/EXISTING_ACETOWHITE/LABEL_ACETOWHITE/ACETOWHITE_VESSEL/NO_ACETOWHITE_VESSEL/LUGOLS/LUGOLS_NEGATIVE/LABEL_LUGOLS/BLOOD/NO_BLOOD/Result','',0);
INSERT INTO patientexamflow(examineno,flowid,flowitem,seq) VALUES ('DA_101105001','ORIGINAL_RED','PART_RED',1);
INSERT INTO patientexamflow(examineno,flowid,flowitem,seq) VALUES ('DA_101105001','ACETOWHITE','NO_ACETOWHITE',2);
INSERT INTO patientexamflow(examineno,flowid,flowitem,seq) VALUES ('DA_101105001','BLOOD','NO_BLOOD',3);
INSERT INTO patientexamflow(examineno,flowid,flowitem,seq) VALUES ('DA_101105001','Result','',4);
INSERT INTO patientexamflow(examineno,flowid,flowitem,seq) VALUES ('DA_101105001','Root/ORIGINAL_RED/PART_RED/ACETOWHITE/NO_ACETOWHITE/BLOOD/NO_BLOOD/Result','',0);
INSERT INTO patientexamflow(examineno,flowid,flowitem,seq) VALUES ('DA_101105002','ORIGINAL_RED','PART_RED',1);
INSERT INTO patientexamflow(examineno,flowid,flowitem,seq) VALUES ('DA_101105002','ACETOWHITE','NO_ACETOWHITE',2);
INSERT INTO patientexamflow(examineno,flowid,flowitem,seq) VALUES ('DA_101105002','BLOOD','NO_BLOOD',3);
INSERT INTO patientexamflow(examineno,flowid,flowitem,seq) VALUES ('DA_101105002','Result','',4);
INSERT INTO patientexamflow(examineno,flowid,flowitem,seq) VALUES ('DA_101105002','Root/ORIGINAL_RED/PART_RED/ACETOWHITE/NO_ACETOWHITE/BLOOD/NO_BLOOD/Result','',0);
INSERT INTO patientexamflow(examineno,flowid,flowitem,seq) VALUES ('DA_101104009','ORIGINAL_RED','PART_RED',1);
INSERT INTO patientexamflow(examineno,flowid,flowitem,seq) VALUES ('DA_101104009','ACETOWHITE','EXISTING_ACETOWHITE',2);
INSERT INTO patientexamflow(examineno,flowid,flowitem,seq) VALUES ('DA_101104009','ACETOWHITE_SEE','NO_FOUR',3);
INSERT INTO patientexamflow(examineno,flowid,flowitem,seq) VALUES ('DA_101104009','LABEL_ACETOWHITE','',4);
INSERT INTO patientexamflow(examineno,flowid,flowitem,seq) VALUES ('DA_101104009','ACETOWHITE_RED','BE_ACETOWHITE_RED',5);
INSERT INTO patientexamflow(examineno,flowid,flowitem,seq) VALUES ('DA_101104009','LABEL_RED','',6);
INSERT INTO patientexamflow(examineno,flowid,flowitem,seq) VALUES ('DA_101104009','ACETOWHITE_TYPICAL_VESSEL','NO_TYPICAL_VESSEL',7);
INSERT INTO patientexamflow(examineno,flowid,flowitem,seq) VALUES ('DA_101104009','LUGOLS','LUGOLS_NEGATIVE',8);
INSERT INTO patientexamflow(examineno,flowid,flowitem,seq) VALUES ('DA_101104009','LABEL_LUGOLS','',9);
INSERT INTO patientexamflow(examineno,flowid,flowitem,seq) VALUES ('DA_101104009','Result','',10);
INSERT INTO patientexamflow(examineno,flowid,flowitem,seq) VALUES ('DA_101104009','Root/ORIGINAL_RED/PART_RED/ACETOWHITE/EXISTING_ACETOWHITE/ACETOWHITE_SEE/NO_FOUR/LABEL_ACETOWHITE/ACETOWHITE_RED/BE_ACETOWHITE_RED/LABEL_RED/ACETOWHITE_TYPICAL_VESSEL/NO_TYPICAL_VESSEL/LUGOLS/LUGOLS_NEGATIVE/LABEL_LUGOLS/Result','',0);
INSERT INTO patientexamflow(examineno,flowid,flowitem,seq) VALUES ('DA_101104006','ORIGINAL_RED','PART_RED',1);
INSERT INTO patientexamflow(examineno,flowid,flowitem,seq) VALUES ('DA_101104006','ACETOWHITE','EXISTING_ACETOWHITE',2);
INSERT INTO patientexamflow(examineno,flowid,flowitem,seq) VALUES ('DA_101104006','ACETOWHITE_SEE','NO_FOUR',3);
INSERT INTO patientexamflow(examineno,flowid,flowitem,seq) VALUES ('DA_101104006','LABEL_ACETOWHITE','',4);
INSERT INTO patientexamflow(examineno,flowid,flowitem,seq) VALUES ('DA_101104006','ACETOWHITE_RED','BE_ACETOWHITE_RED',5);
INSERT INTO patientexamflow(examineno,flowid,flowitem,seq) VALUES ('DA_101104006','LABEL_RED','',6);
INSERT INTO patientexamflow(examineno,flowid,flowitem,seq) VALUES ('DA_101104006','ACETOWHITE_TYPICAL_VESSEL','NO_TYPICAL_VESSEL',7);
INSERT INTO patientexamflow(examineno,flowid,flowitem,seq) VALUES ('DA_101104006','LUGOLS','LUGOLS_NEGATIVE',8);
INSERT INTO patientexamflow(examineno,flowid,flowitem,seq) VALUES ('DA_101104006','LABEL_LUGOLS','',9);
INSERT INTO patientexamflow(examineno,flowid,flowitem,seq) VALUES ('DA_101104006','Result','',10);
INSERT INTO patientexamflow(examineno,flowid,flowitem,seq) VALUES ('DA_101104006','Root/ORIGINAL_RED/PART_RED/ACETOWHITE/EXISTING_ACETOWHITE/ACETOWHITE_SEE/NO_FOUR/LABEL_ACETOWHITE/ACETOWHITE_RED/BE_ACETOWHITE_RED/LABEL_RED/ACETOWHITE_TYPICAL_VESSEL/NO_TYPICAL_VESSEL/LUGOLS/LUGOLS_NEGATIVE/LABEL_LUGOLS/Result','',0);
INSERT INTO patientexamflow(examineno,flowid,flowitem,seq) VALUES ('DA_101030014','ORIGINAL_RED','PART_RED',1);
INSERT INTO patientexamflow(examineno,flowid,flowitem,seq) VALUES ('DA_101030014','ACETOWHITE','EXISTING_ACETOWHITE',2);
INSERT INTO patientexamflow(examineno,flowid,flowitem,seq) VALUES ('DA_101030014','ACETOWHITE_SEE','NO_FOUR',3);
INSERT INTO patientexamflow(examineno,flowid,flowitem,seq) VALUES ('DA_101030014','LABEL_ACETOWHITE','',4);
INSERT INTO patientexamflow(examineno,flowid,flowitem,seq) VALUES ('DA_101030014','ACETOWHITE_RED','BE_ACETOWHITE_RED',5);
INSERT INTO patientexamflow(examineno,flowid,flowitem,seq) VALUES ('DA_101030014','LABEL_RED','',6);
INSERT INTO patientexamflow(examineno,flowid,flowitem,seq) VALUES ('DA_101030014','ACETOWHITE_TYPICAL_VESSEL','NO_TYPICAL_VESSEL',7);
INSERT INTO patientexamflow(examineno,flowid,flowitem,seq) VALUES ('DA_101030014','LUGOLS','LUGOLS_POSITIVE',8);
INSERT INTO patientexamflow(examineno,flowid,flowitem,seq) VALUES ('DA_101030014','BLOOD','NO_BLOOD',9);
INSERT INTO patientexamflow(examineno,flowid,flowitem,seq) VALUES ('DA_101030014','Result','',10);
INSERT INTO patientexamflow(examineno,flowid,flowitem,seq) VALUES ('DA_101030014','Root/ORIGINAL_RED/PART_RED/ACETOWHITE/EXISTING_ACETOWHITE/ACETOWHITE_SEE/NO_FOUR/LABEL_ACETOWHITE/ACETOWHITE_RED/BE_ACETOWHITE_RED/LABEL_RED/ACETOWHITE_TYPICAL_VESSEL/NO_TYPICAL_VESSEL/LUGOLS/LUGOLS_POSITIVE/BLOOD/NO_BLOOD/Result','',0);
INSERT INTO patientexamflow(examineno,flowid,flowitem,seq) VALUES ('DA_101030007','ORIGINAL_RED','PART_RED',1);
INSERT INTO patientexamflow(examineno,flowid,flowitem,seq) VALUES ('DA_101030007','ACETOWHITE','EXISTING_ACETOWHITE',2);
INSERT INTO patientexamflow(examineno,flowid,flowitem,seq) VALUES ('DA_101030007','ACETOWHITE_SEE','NO_FOUR',3);
INSERT INTO patientexamflow(examineno,flowid,flowitem,seq) VALUES ('DA_101030007','LABEL_ACETOWHITE','',4);
INSERT INTO patientexamflow(examineno,flowid,flowitem,seq) VALUES ('DA_101030007','ACETOWHITE_RED','BE_ACETOWHITE_RED',5);
INSERT INTO patientexamflow(examineno,flowid,flowitem,seq) VALUES ('DA_101030007','LABEL_RED','',6);
INSERT INTO patientexamflow(examineno,flowid,flowitem,seq) VALUES ('DA_101030007','ACETOWHITE_TYPICAL_VESSEL','NO_TYPICAL_VESSEL',7);
INSERT INTO patientexamflow(examineno,flowid,flowitem,seq) VALUES ('DA_101030007','LUGOLS','LUGOLS_POSITIVE',8);
INSERT INTO patientexamflow(examineno,flowid,flowitem,seq) VALUES ('DA_101030007','BLOOD','NO_BLOOD',9);
INSERT INTO patientexamflow(examineno,flowid,flowitem,seq) VALUES ('DA_101030007','Result','',10);
INSERT INTO patientexamflow(examineno,flowid,flowitem,seq) VALUES ('DA_101030007','Root/ORIGINAL_RED/PART_RED/ACETOWHITE/EXISTING_ACETOWHITE/ACETOWHITE_SEE/NO_FOUR/LABEL_ACETOWHITE/ACETOWHITE_RED/BE_ACETOWHITE_RED/LABEL_RED/ACETOWHITE_TYPICAL_VESSEL/NO_TYPICAL_VESSEL/LUGOLS/LUGOLS_POSITIVE/BLOOD/NO_BLOOD/Result','',0);
INSERT INTO patientexamflow(examineno,flowid,flowitem,seq) VALUES ('DA_101025006','ORIGINAL_RED','NO_RED',1);
INSERT INTO patientexamflow(examineno,flowid,flowitem,seq) VALUES ('DA_101025006','ACETOWHITE','NO_ACETOWHITE',2);
INSERT INTO patientexamflow(examineno,flowid,flowitem,seq) VALUES ('DA_101025006','LUGOLS','LUGOLS_POSITIVE',3);
INSERT INTO patientexamflow(examineno,flowid,flowitem,seq) VALUES ('DA_101025006','BLOOD','NO_BLOOD',4);
INSERT INTO patientexamflow(examineno,flowid,flowitem,seq) VALUES ('DA_101025006','Result','',5);
INSERT INTO patientexamflow(examineno,flowid,flowitem,seq) VALUES ('DA_101025006','Root/ORIGINAL_RED/NO_RED/ACETOWHITE/NO_ACETOWHITE/LUGOLS/LUGOLS_POSITIVE/BLOOD/NO_BLOOD/Result','',0);
INSERT INTO patientexamflow(examineno,flowid,flowitem,seq) VALUES ('DA_101024016','ORIGINAL_RED','PART_RED',1);
INSERT INTO patientexamflow(examineno,flowid,flowitem,seq) VALUES ('DA_101024016','ACETOWHITE','NO_ACETOWHITE',2);
INSERT INTO patientexamflow(examineno,flowid,flowitem,seq) VALUES ('DA_101024016','BLOOD','NO_BLOOD',3);
INSERT INTO patientexamflow(examineno,flowid,flowitem,seq) VALUES ('DA_101024016','Result','',4);
INSERT INTO patientexamflow(examineno,flowid,flowitem,seq) VALUES ('DA_101024016','Root/ORIGINAL_RED/PART_RED/ACETOWHITE/NO_ACETOWHITE/BLOOD/NO_BLOOD/Result','',0);
INSERT INTO patientexamflow(examineno,flowid,flowitem,seq) VALUES ('DA_101024011','ORIGINAL_RED','FULL_RED',1);
INSERT INTO patientexamflow(examineno,flowid,flowitem,seq) VALUES ('DA_101024011','ORIGINAL_SEE','NONE_ABOVE',2);
INSERT INTO patientexamflow(examineno,flowid,flowitem,seq) VALUES ('DA_101024011','ACETOWHITE','EXISTING_ACETOWHITE',3);
INSERT INTO patientexamflow(examineno,flowid,flowitem,seq) VALUES ('DA_101024011','ACETOWHITE_SEE','NO_FOUR',4);
INSERT INTO patientexamflow(examineno,flowid,flowitem,seq) VALUES ('DA_101024011','LABEL_ACETOWHITE','',5);
INSERT INTO patientexamflow(examineno,flowid,flowitem,seq) VALUES ('DA_101024011','ACETOWHITE_RED','BE_ACETOWHITE_RED',6);
INSERT INTO patientexamflow(examineno,flowid,flowitem,seq) VALUES ('DA_101024011','LABEL_RED','',7);
INSERT INTO patientexamflow(examineno,flowid,flowitem,seq) VALUES ('DA_101024011','ACETOWHITE_TYPICAL_VESSEL','NO_TYPICAL_VESSEL',8);
INSERT INTO patientexamflow(examineno,flowid,flowitem,seq) VALUES ('DA_101024011','LUGOLS','LUGOLS_PARTIAL_POSITIVE',9);
INSERT INTO patientexamflow(examineno,flowid,flowitem,seq) VALUES ('DA_101024011','LABEL_LUGOLS','',10);
INSERT INTO patientexamflow(examineno,flowid,flowitem,seq) VALUES ('DA_101024011','BLOOD','NO_BLOOD',11);
INSERT INTO patientexamflow(examineno,flowid,flowitem,seq) VALUES ('DA_101024011','Result','',12);
INSERT INTO patientexamflow(examineno,flowid,flowitem,seq) VALUES ('DA_101024011','Root/ORIGINAL_RED/FULL_RED/ORIGINAL_SEE/NONE_ABOVE/ACETOWHITE/EXISTING_ACETOWHITE/ACETOWHITE_SEE/NO_FOUR/LABEL_ACETOWHITE/ACETOWHITE_RED/BE_ACETOWHITE_RED/LABEL_RED/ACETOWHITE_TYPICAL_VESSEL/NO_TYPICAL_VESSEL/LUGOLS/LUGOLS_PARTIAL_POSITIVE/LABEL_LUGOLS/BLOOD/NO_BLOOD/Result','',0);
INSERT INTO patientexamflow(examineno,flowid,flowitem,seq) VALUES ('DA_101024003','ORIGINAL_RED','FULL_RED',1);
INSERT INTO patientexamflow(examineno,flowid,flowitem,seq) VALUES ('DA_101024003','ORIGINAL_SEE','NONE_ABOVE',2);
INSERT INTO patientexamflow(examineno,flowid,flowitem,seq) VALUES ('DA_101024003','ACETOWHITE','NO_ACETOWHITE',3);
INSERT INTO patientexamflow(examineno,flowid,flowitem,seq) VALUES ('DA_101024003','BLOOD','NO_BLOOD',4);
INSERT INTO patientexamflow(examineno,flowid,flowitem,seq) VALUES ('DA_101024003','Result','',5);
INSERT INTO patientexamflow(examineno,flowid,flowitem,seq) VALUES ('DA_101024003','Root/ORIGINAL_RED/FULL_RED/ORIGINAL_SEE/NONE_ABOVE/ACETOWHITE/NO_ACETOWHITE/BLOOD/NO_BLOOD/Result','',0);
INSERT INTO patientexamflow(examineno,flowid,flowitem,seq) VALUES ('DA_101024001','ORIGINAL_RED','FULL_RED',1);
INSERT INTO patientexamflow(examineno,flowid,flowitem,seq) VALUES ('DA_101024001','ORIGINAL_SEE','NONE_ABOVE',2);
INSERT INTO patientexamflow(examineno,flowid,flowitem,seq) VALUES ('DA_101024001','ACETOWHITE','EXISTING_ACETOWHITE',3);
INSERT INTO patientexamflow(examineno,flowid,flowitem,seq) VALUES ('DA_101024001','ACETOWHITE_SEE','NO_FOUR',4);
INSERT INTO patientexamflow(examineno,flowid,flowitem,seq) VALUES ('DA_101024001','LABEL_ACETOWHITE','',5);
INSERT INTO patientexamflow(examineno,flowid,flowitem,seq) VALUES ('DA_101024001','ACETOWHITE_RED','BE_ACETOWHITE_RED',6);
INSERT INTO patientexamflow(examineno,flowid,flowitem,seq) VALUES ('DA_101024001','LABEL_RED','',7);
INSERT INTO patientexamflow(examineno,flowid,flowitem,seq) VALUES ('DA_101024001','ACETOWHITE_TYPICAL_VESSEL','NO_TYPICAL_VESSEL',8);
INSERT INTO patientexamflow(examineno,flowid,flowitem,seq) VALUES ('DA_101024001','LUGOLS','LUGOLS_PARTIAL_POSITIVE',9);
INSERT INTO patientexamflow(examineno,flowid,flowitem,seq) VALUES ('DA_101024001','LABEL_LUGOLS','',10);
INSERT INTO patientexamflow(examineno,flowid,flowitem,seq) VALUES ('DA_101024001','BLOOD','NO_BLOOD',11);
INSERT INTO patientexamflow(examineno,flowid,flowitem,seq) VALUES ('DA_101024001','Result','',12);
INSERT INTO patientexamflow(examineno,flowid,flowitem,seq) VALUES ('DA_101024001','Root/ORIGINAL_RED/FULL_RED/ORIGINAL_SEE/NONE_ABOVE/ACETOWHITE/EXISTING_ACETOWHITE/ACETOWHITE_SEE/NO_FOUR/LABEL_ACETOWHITE/ACETOWHITE_RED/BE_ACETOWHITE_RED/LABEL_RED/ACETOWHITE_TYPICAL_VESSEL/NO_TYPICAL_VESSEL/LUGOLS/LUGOLS_PARTIAL_POSITIVE/LABEL_LUGOLS/BLOOD/NO_BLOOD/Result','',0);
INSERT INTO patientexamflow(examineno,flowid,flowitem,seq) VALUES ('DA_101023013','ORIGINAL_RED','FULL_RED',1);
INSERT INTO patientexamflow(examineno,flowid,flowitem,seq) VALUES ('DA_101023013','ORIGINAL_SEE','NONE_ABOVE',2);
INSERT INTO patientexamflow(examineno,flowid,flowitem,seq) VALUES ('DA_101023013','ACETOWHITE','EXISTING_ACETOWHITE',3);
INSERT INTO patientexamflow(examineno,flowid,flowitem,seq) VALUES ('DA_101023013','ACETOWHITE_SEE','NO_FOUR',4);
INSERT INTO patientexamflow(examineno,flowid,flowitem,seq) VALUES ('DA_101023013','LABEL_ACETOWHITE','',5);
INSERT INTO patientexamflow(examineno,flowid,flowitem,seq) VALUES ('DA_101023013','ACETOWHITE_RED','BE_ACETOWHITE_RED',6);
INSERT INTO patientexamflow(examineno,flowid,flowitem,seq) VALUES ('DA_101023013','LABEL_RED','',7);
INSERT INTO patientexamflow(examineno,flowid,flowitem,seq) VALUES ('DA_101023013','ACETOWHITE_TYPICAL_VESSEL','NO_TYPICAL_VESSEL',8);
INSERT INTO patientexamflow(examineno,flowid,flowitem,seq) VALUES ('DA_101023013','LUGOLS','LUGOLS_NEGATIVE',9);
INSERT INTO patientexamflow(examineno,flowid,flowitem,seq) VALUES ('DA_101023013','LABEL_LUGOLS','',10);
INSERT INTO patientexamflow(examineno,flowid,flowitem,seq) VALUES ('DA_101023013','Result','',11);
INSERT INTO patientexamflow(examineno,flowid,flowitem,seq) VALUES ('DA_101023013','Root/ORIGINAL_RED/FULL_RED/ORIGINAL_SEE/NONE_ABOVE/ACETOWHITE/EXISTING_ACETOWHITE/ACETOWHITE_SEE/NO_FOUR/LABEL_ACETOWHITE/ACETOWHITE_RED/BE_ACETOWHITE_RED/LABEL_RED/ACETOWHITE_TYPICAL_VESSEL/NO_TYPICAL_VESSEL/LUGOLS/LUGOLS_NEGATIVE/LABEL_LUGOLS/Result','',0);
INSERT INTO patientexamflow(examineno,flowid,flowitem,seq) VALUES ('DA_101023012','ORIGINAL_RED','FULL_RED',1);
INSERT INTO patientexamflow(examineno,flowid,flowitem,seq) VALUES ('DA_101023012','ORIGINAL_SEE','NONE_ABOVE',2);
INSERT INTO patientexamflow(examineno,flowid,flowitem,seq) VALUES ('DA_101023012','ACETOWHITE','EXISTING_ACETOWHITE',3);
INSERT INTO patientexamflow(examineno,flowid,flowitem,seq) VALUES ('DA_101023012','ACETOWHITE_SEE','NO_FOUR',4);
INSERT INTO patientexamflow(examineno,flowid,flowitem,seq) VALUES ('DA_101023012','LABEL_ACETOWHITE','',5);
INSERT INTO patientexamflow(examineno,flowid,flowitem,seq) VALUES ('DA_101023012','ACETOWHITE_RED','BE_ACETOWHITE_RED',6);
INSERT INTO patientexamflow(examineno,flowid,flowitem,seq) VALUES ('DA_101023012','LABEL_RED','',7);
INSERT INTO patientexamflow(examineno,flowid,flowitem,seq) VALUES ('DA_101023012','ACETOWHITE_TYPICAL_VESSEL','NO_TYPICAL_VESSEL',8);
INSERT INTO patientexamflow(examineno,flowid,flowitem,seq) VALUES ('DA_101023012','LUGOLS','LUGOLS_NEGATIVE',9);
INSERT INTO patientexamflow(examineno,flowid,flowitem,seq) VALUES ('DA_101023012','LABEL_LUGOLS','',10);
INSERT INTO patientexamflow(examineno,flowid,flowitem,seq) VALUES ('DA_101023012','Result','',11);
INSERT INTO patientexamflow(examineno,flowid,flowitem,seq) VALUES ('DA_101023012','Root/ORIGINAL_RED/FULL_RED/ORIGINAL_SEE/NONE_ABOVE/ACETOWHITE/EXISTING_ACETOWHITE/ACETOWHITE_SEE/NO_FOUR/LABEL_ACETOWHITE/ACETOWHITE_RED/BE_ACETOWHITE_RED/LABEL_RED/ACETOWHITE_TYPICAL_VESSEL/NO_TYPICAL_VESSEL/LUGOLS/LUGOLS_NEGATIVE/LABEL_LUGOLS/Result','',0);
INSERT INTO patientexamflow(examineno,flowid,flowitem,seq) VALUES ('DA_101023014','ORIGINAL_RED','PART_RED',1);
INSERT INTO patientexamflow(examineno,flowid,flowitem,seq) VALUES ('DA_101023014','ACETOWHITE','EXISTING_ACETOWHITE',2);
INSERT INTO patientexamflow(examineno,flowid,flowitem,seq) VALUES ('DA_101023014','ACETOWHITE_SEE','NO_FOUR',3);
INSERT INTO patientexamflow(examineno,flowid,flowitem,seq) VALUES ('DA_101023014','LABEL_ACETOWHITE','',4);
INSERT INTO patientexamflow(examineno,flowid,flowitem,seq) VALUES ('DA_101023014','ACETOWHITE_RED','BE_ACETOWHITE_RED',5);
INSERT INTO patientexamflow(examineno,flowid,flowitem,seq) VALUES ('DA_101023014','LABEL_RED','',6);
INSERT INTO patientexamflow(examineno,flowid,flowitem,seq) VALUES ('DA_101023014','ACETOWHITE_TYPICAL_VESSEL','NO_TYPICAL_VESSEL',7);
INSERT INTO patientexamflow(examineno,flowid,flowitem,seq) VALUES ('DA_101023014','LUGOLS','LUGOLS_POSITIVE',8);
INSERT INTO patientexamflow(examineno,flowid,flowitem,seq) VALUES ('DA_101023014','BLOOD','NO_BLOOD',9);
INSERT INTO patientexamflow(examineno,flowid,flowitem,seq) VALUES ('DA_101023014','Result','',10);
INSERT INTO patientexamflow(examineno,flowid,flowitem,seq) VALUES ('DA_101023014','Root/ORIGINAL_RED/PART_RED/ACETOWHITE/EXISTING_ACETOWHITE/ACETOWHITE_SEE/NO_FOUR/LABEL_ACETOWHITE/ACETOWHITE_RED/BE_ACETOWHITE_RED/LABEL_RED/ACETOWHITE_TYPICAL_VESSEL/NO_TYPICAL_VESSEL/LUGOLS/LUGOLS_POSITIVE/BLOOD/NO_BLOOD/Result','',0);
INSERT INTO patientexamflow(examineno,flowid,flowitem,seq) VALUES ('DA_101023007','ORIGINAL_RED','PART_RED',1);
INSERT INTO patientexamflow(examineno,flowid,flowitem,seq) VALUES ('DA_101023007','ACETOWHITE','EXISTING_ACETOWHITE',2);
INSERT INTO patientexamflow(examineno,flowid,flowitem,seq) VALUES ('DA_101023007','ACETOWHITE_SEE','NO_FOUR',3);
INSERT INTO patientexamflow(examineno,flowid,flowitem,seq) VALUES ('DA_101023007','LABEL_ACETOWHITE','',4);
INSERT INTO patientexamflow(examineno,flowid,flowitem,seq) VALUES ('DA_101023007','ACETOWHITE_RED','BE_ACETOWHITE_RED',5);
INSERT INTO patientexamflow(examineno,flowid,flowitem,seq) VALUES ('DA_101023007','LABEL_RED','',6);
INSERT INTO patientexamflow(examineno,flowid,flowitem,seq) VALUES ('DA_101023007','ACETOWHITE_TYPICAL_VESSEL','NO_TYPICAL_VESSEL',7);
INSERT INTO patientexamflow(examineno,flowid,flowitem,seq) VALUES ('DA_101023007','LUGOLS','LUGOLS_NEGATIVE',8);
INSERT INTO patientexamflow(examineno,flowid,flowitem,seq) VALUES ('DA_101023007','LABEL_LUGOLS','',9);
INSERT INTO patientexamflow(examineno,flowid,flowitem,seq) VALUES ('DA_101023007','Result','',10);
INSERT INTO patientexamflow(examineno,flowid,flowitem,seq) VALUES ('DA_101023007','Root/ORIGINAL_RED/PART_RED/ACETOWHITE/EXISTING_ACETOWHITE/ACETOWHITE_SEE/NO_FOUR/LABEL_ACETOWHITE/ACETOWHITE_RED/BE_ACETOWHITE_RED/LABEL_RED/ACETOWHITE_TYPICAL_VESSEL/NO_TYPICAL_VESSEL/LUGOLS/LUGOLS_NEGATIVE/LABEL_LUGOLS/Result','',0);
INSERT INTO patientexamflow(examineno,flowid,flowitem,seq) VALUES ('DA_101018002','ORIGINAL_RED','PART_RED',1);
INSERT INTO patientexamflow(examineno,flowid,flowitem,seq) VALUES ('DA_101018002','ACETOWHITE','EXISTING_ACETOWHITE',2);
INSERT INTO patientexamflow(examineno,flowid,flowitem,seq) VALUES ('DA_101018002','ACETOWHITE_SEE','NO_FOUR',3);
INSERT INTO patientexamflow(examineno,flowid,flowitem,seq) VALUES ('DA_101018002','LABEL_ACETOWHITE','',4);
INSERT INTO patientexamflow(examineno,flowid,flowitem,seq) VALUES ('DA_101018002','ACETOWHITE_RED','BE_ACETOWHITE_RED',5);
INSERT INTO patientexamflow(examineno,flowid,flowitem,seq) VALUES ('DA_101018002','LABEL_RED','',6);
INSERT INTO patientexamflow(examineno,flowid,flowitem,seq) VALUES ('DA_101018002','ACETOWHITE_TYPICAL_VESSEL','NO_TYPICAL_VESSEL',7);
INSERT INTO patientexamflow(examineno,flowid,flowitem,seq) VALUES ('DA_101018002','LUGOLS','LUGOLS_PARTIAL_POSITIVE',8);
INSERT INTO patientexamflow(examineno,flowid,flowitem,seq) VALUES ('DA_101018002','LABEL_LUGOLS','',9);
INSERT INTO patientexamflow(examineno,flowid,flowitem,seq) VALUES ('DA_101018002','BLOOD','NO_BLOOD',10);
INSERT INTO patientexamflow(examineno,flowid,flowitem,seq) VALUES ('DA_101018002','Result','',11);
INSERT INTO patientexamflow(examineno,flowid,flowitem,seq) VALUES ('DA_101018002','Root/ORIGINAL_RED/PART_RED/ACETOWHITE/EXISTING_ACETOWHITE/ACETOWHITE_SEE/NO_FOUR/LABEL_ACETOWHITE/ACETOWHITE_RED/BE_ACETOWHITE_RED/LABEL_RED/ACETOWHITE_TYPICAL_VESSEL/NO_TYPICAL_VESSEL/LUGOLS/LUGOLS_PARTIAL_POSITIVE/LABEL_LUGOLS/BLOOD/NO_BLOOD/Result','',0);
INSERT INTO patientexamflow(examineno,flowid,flowitem,seq) VALUES ('DA_101016008','ORIGINAL_RED','FULL_RED',1);
INSERT INTO patientexamflow(examineno,flowid,flowitem,seq) VALUES ('DA_101016008','ORIGINAL_SEE','NONE_ABOVE',2);
INSERT INTO patientexamflow(examineno,flowid,flowitem,seq) VALUES ('DA_101016008','ACETOWHITE','EXISTING_ACETOWHITE',3);
INSERT INTO patientexamflow(examineno,flowid,flowitem,seq) VALUES ('DA_101016008','ACETOWHITE_SEE','NO_FOUR',4);
INSERT INTO patientexamflow(examineno,flowid,flowitem,seq) VALUES ('DA_101016008','LABEL_ACETOWHITE','',5);
INSERT INTO patientexamflow(examineno,flowid,flowitem,seq) VALUES ('DA_101016008','ACETOWHITE_RED','BE_ACETOWHITE_RED',6);
INSERT INTO patientexamflow(examineno,flowid,flowitem,seq) VALUES ('DA_101016008','LABEL_RED','',7);
INSERT INTO patientexamflow(examineno,flowid,flowitem,seq) VALUES ('DA_101016008','ACETOWHITE_TYPICAL_VESSEL','NO_TYPICAL_VESSEL',8);
INSERT INTO patientexamflow(examineno,flowid,flowitem,seq) VALUES ('DA_101016008','LUGOLS','LUGOLS_NEGATIVE',9);
INSERT INTO patientexamflow(examineno,flowid,flowitem,seq) VALUES ('DA_101016008','LABEL_LUGOLS','',10);
INSERT INTO patientexamflow(examineno,flowid,flowitem,seq) VALUES ('DA_101016008','Result','',11);
INSERT INTO patientexamflow(examineno,flowid,flowitem,seq) VALUES ('DA_101016008','Root/ORIGINAL_RED/FULL_RED/ORIGINAL_SEE/NONE_ABOVE/ACETOWHITE/EXISTING_ACETOWHITE/ACETOWHITE_SEE/NO_FOUR/LABEL_ACETOWHITE/ACETOWHITE_RED/BE_ACETOWHITE_RED/LABEL_RED/ACETOWHITE_TYPICAL_VESSEL/NO_TYPICAL_VESSEL/LUGOLS/LUGOLS_NEGATIVE/LABEL_LUGOLS/Result','',0);
INSERT INTO patientexamflow(examineno,flowid,flowitem,seq) VALUES ('DA_101011005','ORIGINAL_RED','FULL_RED',1);
INSERT INTO patientexamflow(examineno,flowid,flowitem,seq) VALUES ('DA_101011005','ORIGINAL_SEE','NONE_ABOVE',2);
INSERT INTO patientexamflow(examineno,flowid,flowitem,seq) VALUES ('DA_101011005','ACETOWHITE','EXISTING_ACETOWHITE',3);
INSERT INTO patientexamflow(examineno,flowid,flowitem,seq) VALUES ('DA_101011005','ACETOWHITE_SEE','NO_FOUR',4);
INSERT INTO patientexamflow(examineno,flowid,flowitem,seq) VALUES ('DA_101011005','LABEL_ACETOWHITE','',5);
INSERT INTO patientexamflow(examineno,flowid,flowitem,seq) VALUES ('DA_101011005','ACETOWHITE_RED','BE_ACETOWHITE_RED',6);
INSERT INTO patientexamflow(examineno,flowid,flowitem,seq) VALUES ('DA_101011005','LABEL_RED','',7);
INSERT INTO patientexamflow(examineno,flowid,flowitem,seq) VALUES ('DA_101011005','ACETOWHITE_TYPICAL_VESSEL','NO_TYPICAL_VESSEL',8);
INSERT INTO patientexamflow(examineno,flowid,flowitem,seq) VALUES ('DA_101011005','LUGOLS','LUGOLS_PARTIAL_POSITIVE',9);
INSERT INTO patientexamflow(examineno,flowid,flowitem,seq) VALUES ('DA_101011005','LABEL_LUGOLS','',10);
INSERT INTO patientexamflow(examineno,flowid,flowitem,seq) VALUES ('DA_101011005','BLOOD','NO_BLOOD',11);
INSERT INTO patientexamflow(examineno,flowid,flowitem,seq) VALUES ('DA_101011005','Result','',12);
INSERT INTO patientexamflow(examineno,flowid,flowitem,seq) VALUES ('DA_101011005','Root/ORIGINAL_RED/FULL_RED/ORIGINAL_SEE/NONE_ABOVE/ACETOWHITE/EXISTING_ACETOWHITE/ACETOWHITE_SEE/NO_FOUR/LABEL_ACETOWHITE/ACETOWHITE_RED/BE_ACETOWHITE_RED/LABEL_RED/ACETOWHITE_TYPICAL_VESSEL/NO_TYPICAL_VESSEL/LUGOLS/LUGOLS_PARTIAL_POSITIVE/LABEL_LUGOLS/BLOOD/NO_BLOOD/Result','',0);
INSERT INTO patientexamflow(examineno,flowid,flowitem,seq) VALUES ('DA_101011004','ORIGINAL_RED','PART_RED',1);
INSERT INTO patientexamflow(examineno,flowid,flowitem,seq) VALUES ('DA_101011004','ACETOWHITE','EXISTING_ACETOWHITE',2);
INSERT INTO patientexamflow(examineno,flowid,flowitem,seq) VALUES ('DA_101011004','ACETOWHITE_SEE','NO_FOUR',3);
INSERT INTO patientexamflow(examineno,flowid,flowitem,seq) VALUES ('DA_101011004','LABEL_ACETOWHITE','',4);
INSERT INTO patientexamflow(examineno,flowid,flowitem,seq) VALUES ('DA_101011004','ACETOWHITE_RED','BE_ACETOWHITE_RED',5);
INSERT INTO patientexamflow(examineno,flowid,flowitem,seq) VALUES ('DA_101011004','LABEL_RED','',6);
INSERT INTO patientexamflow(examineno,flowid,flowitem,seq) VALUES ('DA_101011004','ACETOWHITE_TYPICAL_VESSEL','NO_TYPICAL_VESSEL',7);
INSERT INTO patientexamflow(examineno,flowid,flowitem,seq) VALUES ('DA_101011004','LUGOLS','LUGOLS_PARTIAL_POSITIVE',8);
INSERT INTO patientexamflow(examineno,flowid,flowitem,seq) VALUES ('DA_101011004','LABEL_LUGOLS','',9);
INSERT INTO patientexamflow(examineno,flowid,flowitem,seq) VALUES ('DA_101011004','BLOOD','NO_BLOOD',10);
INSERT INTO patientexamflow(examineno,flowid,flowitem,seq) VALUES ('DA_101011004','Result','',11);
INSERT INTO patientexamflow(examineno,flowid,flowitem,seq) VALUES ('DA_101011004','Root/ORIGINAL_RED/PART_RED/ACETOWHITE/EXISTING_ACETOWHITE/ACETOWHITE_SEE/NO_FOUR/LABEL_ACETOWHITE/ACETOWHITE_RED/BE_ACETOWHITE_RED/LABEL_RED/ACETOWHITE_TYPICAL_VESSEL/NO_TYPICAL_VESSEL/LUGOLS/LUGOLS_PARTIAL_POSITIVE/LABEL_LUGOLS/BLOOD/NO_BLOOD/Result','',0);
INSERT INTO patientexamflow(examineno,flowid,flowitem,seq) VALUES ('DA_101011003','ORIGINAL_RED','FULL_RED',1);
INSERT INTO patientexamflow(examineno,flowid,flowitem,seq) VALUES ('DA_101011003','ORIGINAL_SEE','NONE_ABOVE',2);
INSERT INTO patientexamflow(examineno,flowid,flowitem,seq) VALUES ('DA_101011003','ACETOWHITE','EXISTING_ACETOWHITE',3);
INSERT INTO patientexamflow(examineno,flowid,flowitem,seq) VALUES ('DA_101011003','ACETOWHITE_SEE','NO_FOUR',4);
INSERT INTO patientexamflow(examineno,flowid,flowitem,seq) VALUES ('DA_101011003','LABEL_ACETOWHITE','',5);
INSERT INTO patientexamflow(examineno,flowid,flowitem,seq) VALUES ('DA_101011003','ACETOWHITE_RED','BE_ACETOWHITE_RED',6);
INSERT INTO patientexamflow(examineno,flowid,flowitem,seq) VALUES ('DA_101011003','LABEL_RED','',7);
INSERT INTO patientexamflow(examineno,flowid,flowitem,seq) VALUES ('DA_101011003','ACETOWHITE_TYPICAL_VESSEL','NO_TYPICAL_VESSEL',8);
INSERT INTO patientexamflow(examineno,flowid,flowitem,seq) VALUES ('DA_101011003','LUGOLS','LUGOLS_PARTIAL_POSITIVE',9);
INSERT INTO patientexamflow(examineno,flowid,flowitem,seq) VALUES ('DA_101011003','LABEL_LUGOLS','',10);
INSERT INTO patientexamflow(examineno,flowid,flowitem,seq) VALUES ('DA_101011003','BLOOD','NO_BLOOD',11);
INSERT INTO patientexamflow(examineno,flowid,flowitem,seq) VALUES ('DA_101011003','Result','',12);
INSERT INTO patientexamflow(examineno,flowid,flowitem,seq) VALUES ('DA_101011003','Root/ORIGINAL_RED/FULL_RED/ORIGINAL_SEE/NONE_ABOVE/ACETOWHITE/EXISTING_ACETOWHITE/ACETOWHITE_SEE/NO_FOUR/LABEL_ACETOWHITE/ACETOWHITE_RED/BE_ACETOWHITE_RED/LABEL_RED/ACETOWHITE_TYPICAL_VESSEL/NO_TYPICAL_VESSEL/LUGOLS/LUGOLS_PARTIAL_POSITIVE/LABEL_LUGOLS/BLOOD/NO_BLOOD/Result','',0);
INSERT INTO patientexamflow(examineno,flowid,flowitem,seq) VALUES ('DA_101011002','ORIGINAL_RED','PART_RED',1);
INSERT INTO patientexamflow(examineno,flowid,flowitem,seq) VALUES ('DA_101011002','ACETOWHITE','NO_ACETOWHITE',2);
INSERT INTO patientexamflow(examineno,flowid,flowitem,seq) VALUES ('DA_101011002','BLOOD','NO_BLOOD',3);
INSERT INTO patientexamflow(examineno,flowid,flowitem,seq) VALUES ('DA_101011002','Result','',4);
INSERT INTO patientexamflow(examineno,flowid,flowitem,seq) VALUES ('DA_101011002','Root/ORIGINAL_RED/PART_RED/ACETOWHITE/NO_ACETOWHITE/BLOOD/NO_BLOOD/Result','',0);
INSERT INTO patientexamflow(examineno,flowid,flowitem,seq) VALUES ('DA_101010009','ORIGINAL_RED','FULL_RED',1);
INSERT INTO patientexamflow(examineno,flowid,flowitem,seq) VALUES ('DA_101010009','ORIGINAL_SEE','NONE_ABOVE',2);
INSERT INTO patientexamflow(examineno,flowid,flowitem,seq) VALUES ('DA_101010009','ACETOWHITE','EXISTING_ACETOWHITE',3);
INSERT INTO patientexamflow(examineno,flowid,flowitem,seq) VALUES ('DA_101010009','ACETOWHITE_SEE','NO_FOUR',4);
INSERT INTO patientexamflow(examineno,flowid,flowitem,seq) VALUES ('DA_101010009','LABEL_ACETOWHITE','',5);
INSERT INTO patientexamflow(examineno,flowid,flowitem,seq) VALUES ('DA_101010009','ACETOWHITE_RED','BE_ACETOWHITE_RED',6);
INSERT INTO patientexamflow(examineno,flowid,flowitem,seq) VALUES ('DA_101010009','LABEL_RED','',7);
INSERT INTO patientexamflow(examineno,flowid,flowitem,seq) VALUES ('DA_101010009','ACETOWHITE_TYPICAL_VESSEL','NO_TYPICAL_VESSEL',8);
INSERT INTO patientexamflow(examineno,flowid,flowitem,seq) VALUES ('DA_101010009','LUGOLS','LUGOLS_NEGATIVE',9);
INSERT INTO patientexamflow(examineno,flowid,flowitem,seq) VALUES ('DA_101010009','LABEL_LUGOLS','',10);
INSERT INTO patientexamflow(examineno,flowid,flowitem,seq) VALUES ('DA_101010009','Result','',11);
INSERT INTO patientexamflow(examineno,flowid,flowitem,seq) VALUES ('DA_101010009','Root/ORIGINAL_RED/FULL_RED/ORIGINAL_SEE/NONE_ABOVE/ACETOWHITE/EXISTING_ACETOWHITE/ACETOWHITE_SEE/NO_FOUR/LABEL_ACETOWHITE/ACETOWHITE_RED/BE_ACETOWHITE_RED/LABEL_RED/ACETOWHITE_TYPICAL_VESSEL/NO_TYPICAL_VESSEL/LUGOLS/LUGOLS_NEGATIVE/LABEL_LUGOLS/Result','',0);
INSERT INTO patientexamflow(examineno,flowid,flowitem,seq) VALUES ('DA_101009006','ORIGINAL_RED','NO_RED',1);
INSERT INTO patientexamflow(examineno,flowid,flowitem,seq) VALUES ('DA_101009006','ACETOWHITE','NO_ACETOWHITE',2);
INSERT INTO patientexamflow(examineno,flowid,flowitem,seq) VALUES ('DA_101009006','LUGOLS','LUGOLS_POSITIVE',3);
INSERT INTO patientexamflow(examineno,flowid,flowitem,seq) VALUES ('DA_101009006','BLOOD','NO_BLOOD',4);
INSERT INTO patientexamflow(examineno,flowid,flowitem,seq) VALUES ('DA_101009006','Result','',5);
INSERT INTO patientexamflow(examineno,flowid,flowitem,seq) VALUES ('DA_101009006','Root/ORIGINAL_RED/NO_RED/ACETOWHITE/NO_ACETOWHITE/LUGOLS/LUGOLS_POSITIVE/BLOOD/NO_BLOOD/Result','',0);
INSERT INTO patientexamflow(examineno,flowid,flowitem,seq) VALUES ('DA_100925013','ORIGINAL_RED','FULL_RED',1);
INSERT INTO patientexamflow(examineno,flowid,flowitem,seq) VALUES ('DA_100925013','ORIGINAL_SEE','ABOVE',2);
INSERT INTO patientexamflow(examineno,flowid,flowitem,seq) VALUES ('DA_100925013','Result','',3);
INSERT INTO patientexamflow(examineno,flowid,flowitem,seq) VALUES ('DA_100925013','Root/ORIGINAL_RED/FULL_RED/ORIGINAL_SEE/ABOVE/Result','',0);
INSERT INTO patientexamflow(examineno,flowid,flowitem,seq) VALUES ('DA_100925006','ORIGINAL_RED','FULL_RED',1);
INSERT INTO patientexamflow(examineno,flowid,flowitem,seq) VALUES ('DA_100925006','ORIGINAL_SEE','NONE_ABOVE',2);
INSERT INTO patientexamflow(examineno,flowid,flowitem,seq) VALUES ('DA_100925006','ACETOWHITE','EXISTING_ACETOWHITE',3);
INSERT INTO patientexamflow(examineno,flowid,flowitem,seq) VALUES ('DA_100925006','ACETOWHITE_SEE','NO_FOUR',4);
INSERT INTO patientexamflow(examineno,flowid,flowitem,seq) VALUES ('DA_100925006','LABEL_ACETOWHITE','',5);
INSERT INTO patientexamflow(examineno,flowid,flowitem,seq) VALUES ('DA_100925006','ACETOWHITE_RED','BE_ACETOWHITE_RED',6);
INSERT INTO patientexamflow(examineno,flowid,flowitem,seq) VALUES ('DA_100925006','LABEL_RED','',7);
INSERT INTO patientexamflow(examineno,flowid,flowitem,seq) VALUES ('DA_100925006','ACETOWHITE_TYPICAL_VESSEL','NO_TYPICAL_VESSEL',8);
INSERT INTO patientexamflow(examineno,flowid,flowitem,seq) VALUES ('DA_100925006','LUGOLS','LUGOLS_PARTIAL_POSITIVE',9);
INSERT INTO patientexamflow(examineno,flowid,flowitem,seq) VALUES ('DA_100925006','LABEL_LUGOLS','',10);
INSERT INTO patientexamflow(examineno,flowid,flowitem,seq) VALUES ('DA_100925006','BLOOD','FIND_BLOOD',11);
INSERT INTO patientexamflow(examineno,flowid,flowitem,seq) VALUES ('DA_100925006','LABEL_BLOOD','',12);
INSERT INTO patientexamflow(examineno,flowid,flowitem,seq) VALUES ('DA_100925006','Result','',13);
INSERT INTO patientexamflow(examineno,flowid,flowitem,seq) VALUES ('DA_100925006','Root/ORIGINAL_RED/FULL_RED/ORIGINAL_SEE/NONE_ABOVE/ACETOWHITE/EXISTING_ACETOWHITE/ACETOWHITE_SEE/NO_FOUR/LABEL_ACETOWHITE/ACETOWHITE_RED/BE_ACETOWHITE_RED/LABEL_RED/ACETOWHITE_TYPICAL_VESSEL/NO_TYPICAL_VESSEL/LUGOLS/LUGOLS_PARTIAL_POSITIVE/LABEL_LUGOLS/BLOOD/FIND_BLOOD/LABEL_BLOOD/Result','',0);
INSERT INTO patientexamflow(examineno,flowid,flowitem,seq) VALUES ('DA_100923005','ORIGINAL_RED','PART_RED',1);
INSERT INTO patientexamflow(examineno,flowid,flowitem,seq) VALUES ('DA_100923005','ACETOWHITE','EXISTING_ACETOWHITE',2);
INSERT INTO patientexamflow(examineno,flowid,flowitem,seq) VALUES ('DA_100923005','ACETOWHITE_SEE','NO_FOUR',3);
INSERT INTO patientexamflow(examineno,flowid,flowitem,seq) VALUES ('DA_100923005','LABEL_ACETOWHITE','',4);
INSERT INTO patientexamflow(examineno,flowid,flowitem,seq) VALUES ('DA_100923005','ACETOWHITE_RED','BE_ACETOWHITE_RED',5);
INSERT INTO patientexamflow(examineno,flowid,flowitem,seq) VALUES ('DA_100923005','LABEL_RED','',6);
INSERT INTO patientexamflow(examineno,flowid,flowitem,seq) VALUES ('DA_100923005','ACETOWHITE_TYPICAL_VESSEL','NO_TYPICAL_VESSEL',7);
INSERT INTO patientexamflow(examineno,flowid,flowitem,seq) VALUES ('DA_100923005','LUGOLS','LUGOLS_NEGATIVE',8);
INSERT INTO patientexamflow(examineno,flowid,flowitem,seq) VALUES ('DA_100923005','LABEL_LUGOLS','',9);
INSERT INTO patientexamflow(examineno,flowid,flowitem,seq) VALUES ('DA_100923005','Result','',10);
INSERT INTO patientexamflow(examineno,flowid,flowitem,seq) VALUES ('DA_100923005','Root/ORIGINAL_RED/PART_RED/ACETOWHITE/EXISTING_ACETOWHITE/ACETOWHITE_SEE/NO_FOUR/LABEL_ACETOWHITE/ACETOWHITE_RED/BE_ACETOWHITE_RED/LABEL_RED/ACETOWHITE_TYPICAL_VESSEL/NO_TYPICAL_VESSEL/LUGOLS/LUGOLS_NEGATIVE/LABEL_LUGOLS/Result','',0);
INSERT INTO patientexamflow(examineno,flowid,flowitem,seq) VALUES ('DA_100922006','ORIGINAL_RED','NO_RED',1);
INSERT INTO patientexamflow(examineno,flowid,flowitem,seq) VALUES ('DA_100922006','ACETOWHITE','EXISTING_ACETOWHITE',2);
INSERT INTO patientexamflow(examineno,flowid,flowitem,seq) VALUES ('DA_100922006','LABEL_ACETOWHITE','',3);
INSERT INTO patientexamflow(examineno,flowid,flowitem,seq) VALUES ('DA_100922006','ACETOWHITE_VESSEL','NO_ACETOWHITE_VESSEL',4);
INSERT INTO patientexamflow(examineno,flowid,flowitem,seq) VALUES ('DA_100922006','LUGOLS','LUGOLS_NEGATIVE',5);
INSERT INTO patientexamflow(examineno,flowid,flowitem,seq) VALUES ('DA_100922006','LABEL_LUGOLS','',6);
INSERT INTO patientexamflow(examineno,flowid,flowitem,seq) VALUES ('DA_100922006','BLOOD','NO_BLOOD',7);
INSERT INTO patientexamflow(examineno,flowid,flowitem,seq) VALUES ('DA_100922006','Result','',8);
INSERT INTO patientexamflow(examineno,flowid,flowitem,seq) VALUES ('DA_100922006','Root/ORIGINAL_RED/NO_RED/ACETOWHITE/EXISTING_ACETOWHITE/LABEL_ACETOWHITE/ACETOWHITE_VESSEL/NO_ACETOWHITE_VESSEL/LUGOLS/LUGOLS_NEGATIVE/LABEL_LUGOLS/BLOOD/NO_BLOOD/Result','',0);
INSERT INTO patientexamflow(examineno,flowid,flowitem,seq) VALUES ('DA_100922002','ORIGINAL_RED','FULL_RED',1);
INSERT INTO patientexamflow(examineno,flowid,flowitem,seq) VALUES ('DA_100922002','ORIGINAL_SEE','NONE_ABOVE',2);
INSERT INTO patientexamflow(examineno,flowid,flowitem,seq) VALUES ('DA_100922002','ACETOWHITE','EXISTING_ACETOWHITE',3);
INSERT INTO patientexamflow(examineno,flowid,flowitem,seq) VALUES ('DA_100922002','ACETOWHITE_SEE','NO_FOUR',4);
INSERT INTO patientexamflow(examineno,flowid,flowitem,seq) VALUES ('DA_100922002','LABEL_ACETOWHITE','',5);
INSERT INTO patientexamflow(examineno,flowid,flowitem,seq) VALUES ('DA_100922002','ACETOWHITE_RED','BE_ACETOWHITE_RED',6);
INSERT INTO patientexamflow(examineno,flowid,flowitem,seq) VALUES ('DA_100922002','LABEL_RED','',7);
INSERT INTO patientexamflow(examineno,flowid,flowitem,seq) VALUES ('DA_100922002','ACETOWHITE_TYPICAL_VESSEL','NO_TYPICAL_VESSEL',8);
INSERT INTO patientexamflow(examineno,flowid,flowitem,seq) VALUES ('DA_100922002','LUGOLS','LUGOLS_PARTIAL_POSITIVE',9);
INSERT INTO patientexamflow(examineno,flowid,flowitem,seq) VALUES ('DA_100922002','LABEL_LUGOLS','',10);
INSERT INTO patientexamflow(examineno,flowid,flowitem,seq) VALUES ('DA_100922002','BLOOD','NO_BLOOD',11);
INSERT INTO patientexamflow(examineno,flowid,flowitem,seq) VALUES ('DA_100922002','Result','',12);
INSERT INTO patientexamflow(examineno,flowid,flowitem,seq) VALUES ('DA_100922002','Root/ORIGINAL_RED/FULL_RED/ORIGINAL_SEE/NONE_ABOVE/ACETOWHITE/EXISTING_ACETOWHITE/ACETOWHITE_SEE/NO_FOUR/LABEL_ACETOWHITE/ACETOWHITE_RED/BE_ACETOWHITE_RED/LABEL_RED/ACETOWHITE_TYPICAL_VESSEL/NO_TYPICAL_VESSEL/LUGOLS/LUGOLS_PARTIAL_POSITIVE/LABEL_LUGOLS/BLOOD/NO_BLOOD/Result','',0);
INSERT INTO patientexamflow(examineno,flowid,flowitem,seq) VALUES ('DA_100916008','ORIGINAL_RED','PART_RED',1);
INSERT INTO patientexamflow(examineno,flowid,flowitem,seq) VALUES ('DA_100916008','ACETOWHITE','EXISTING_ACETOWHITE',2);
INSERT INTO patientexamflow(examineno,flowid,flowitem,seq) VALUES ('DA_100916008','ACETOWHITE_SEE','NO_FOUR',3);
INSERT INTO patientexamflow(examineno,flowid,flowitem,seq) VALUES ('DA_100916008','LABEL_ACETOWHITE','',4);
INSERT INTO patientexamflow(examineno,flowid,flowitem,seq) VALUES ('DA_100916008','ACETOWHITE_RED','BE_ACETOWHITE_RED',5);
INSERT INTO patientexamflow(examineno,flowid,flowitem,seq) VALUES ('DA_100916008','LABEL_RED','',6);
INSERT INTO patientexamflow(examineno,flowid,flowitem,seq) VALUES ('DA_100916008','ACETOWHITE_TYPICAL_VESSEL','NO_TYPICAL_VESSEL',7);
INSERT INTO patientexamflow(examineno,flowid,flowitem,seq) VALUES ('DA_100916008','LUGOLS','LUGOLS_NEGATIVE',8);
INSERT INTO patientexamflow(examineno,flowid,flowitem,seq) VALUES ('DA_100916008','LABEL_LUGOLS','',9);
INSERT INTO patientexamflow(examineno,flowid,flowitem,seq) VALUES ('DA_100916008','Result','',10);
INSERT INTO patientexamflow(examineno,flowid,flowitem,seq) VALUES ('DA_100916008','Root/ORIGINAL_RED/PART_RED/ACETOWHITE/EXISTING_ACETOWHITE/ACETOWHITE_SEE/NO_FOUR/LABEL_ACETOWHITE/ACETOWHITE_RED/BE_ACETOWHITE_RED/LABEL_RED/ACETOWHITE_TYPICAL_VESSEL/NO_TYPICAL_VESSEL/LUGOLS/LUGOLS_NEGATIVE/LABEL_LUGOLS/Result','',0);
INSERT INTO patientexamflow(examineno,flowid,flowitem,seq) VALUES ('DA_100912008','ORIGINAL_RED','FULL_RED',1);
INSERT INTO patientexamflow(examineno,flowid,flowitem,seq) VALUES ('DA_100912008','ORIGINAL_SEE','NONE_ABOVE',2);
INSERT INTO patientexamflow(examineno,flowid,flowitem,seq) VALUES ('DA_100912008','ACETOWHITE','EXISTING_ACETOWHITE',3);
INSERT INTO patientexamflow(examineno,flowid,flowitem,seq) VALUES ('DA_100912008','ACETOWHITE_SEE','NO_FOUR',4);
INSERT INTO patientexamflow(examineno,flowid,flowitem,seq) VALUES ('DA_100912008','LABEL_ACETOWHITE','',5);
INSERT INTO patientexamflow(examineno,flowid,flowitem,seq) VALUES ('DA_100912008','ACETOWHITE_RED','NO_ACETOWHITE_RED',6);
INSERT INTO patientexamflow(examineno,flowid,flowitem,seq) VALUES ('DA_100912008','Result','',7);
INSERT INTO patientexamflow(examineno,flowid,flowitem,seq) VALUES ('DA_100912008','Root/ORIGINAL_RED/FULL_RED/ORIGINAL_SEE/NONE_ABOVE/ACETOWHITE/EXISTING_ACETOWHITE/ACETOWHITE_SEE/NO_FOUR/LABEL_ACETOWHITE/ACETOWHITE_RED/NO_ACETOWHITE_RED/Result','',0);
INSERT INTO patientexamflow(examineno,flowid,flowitem,seq) VALUES ('DA_100912003','ORIGINAL_RED','FULL_RED',1);
INSERT INTO patientexamflow(examineno,flowid,flowitem,seq) VALUES ('DA_100912003','ORIGINAL_SEE','NONE_ABOVE',2);
INSERT INTO patientexamflow(examineno,flowid,flowitem,seq) VALUES ('DA_100912003','ACETOWHITE','EXISTING_ACETOWHITE',3);
INSERT INTO patientexamflow(examineno,flowid,flowitem,seq) VALUES ('DA_100912003','ACETOWHITE_SEE','NO_FOUR',4);
INSERT INTO patientexamflow(examineno,flowid,flowitem,seq) VALUES ('DA_100912003','LABEL_ACETOWHITE','',5);
INSERT INTO patientexamflow(examineno,flowid,flowitem,seq) VALUES ('DA_100912003','ACETOWHITE_RED','BE_ACETOWHITE_RED',6);
INSERT INTO patientexamflow(examineno,flowid,flowitem,seq) VALUES ('DA_100912003','LABEL_RED','',7);
INSERT INTO patientexamflow(examineno,flowid,flowitem,seq) VALUES ('DA_100912003','ACETOWHITE_TYPICAL_VESSEL','NO_TYPICAL_VESSEL',8);
INSERT INTO patientexamflow(examineno,flowid,flowitem,seq) VALUES ('DA_100912003','LUGOLS','LUGOLS_NEGATIVE',9);
INSERT INTO patientexamflow(examineno,flowid,flowitem,seq) VALUES ('DA_100912003','LABEL_LUGOLS','',10);
INSERT INTO patientexamflow(examineno,flowid,flowitem,seq) VALUES ('DA_100912003','Result','',11);
INSERT INTO patientexamflow(examineno,flowid,flowitem,seq) VALUES ('DA_100912003','Root/ORIGINAL_RED/FULL_RED/ORIGINAL_SEE/NONE_ABOVE/ACETOWHITE/EXISTING_ACETOWHITE/ACETOWHITE_SEE/NO_FOUR/LABEL_ACETOWHITE/ACETOWHITE_RED/BE_ACETOWHITE_RED/LABEL_RED/ACETOWHITE_TYPICAL_VESSEL/NO_TYPICAL_VESSEL/LUGOLS/LUGOLS_NEGATIVE/LABEL_LUGOLS/Result','',0);
INSERT INTO patientexamflow(examineno,flowid,flowitem,seq) VALUES ('DA_100909007','ORIGINAL_RED','FULL_RED',1);
INSERT INTO patientexamflow(examineno,flowid,flowitem,seq) VALUES ('DA_100909007','ORIGINAL_SEE','NONE_ABOVE',2);
INSERT INTO patientexamflow(examineno,flowid,flowitem,seq) VALUES ('DA_100909007','ACETOWHITE','EXISTING_ACETOWHITE',3);
INSERT INTO patientexamflow(examineno,flowid,flowitem,seq) VALUES ('DA_100909007','ACETOWHITE_SEE','NO_FOUR',4);
INSERT INTO patientexamflow(examineno,flowid,flowitem,seq) VALUES ('DA_100909007','LABEL_ACETOWHITE','',5);
INSERT INTO patientexamflow(examineno,flowid,flowitem,seq) VALUES ('DA_100909007','ACETOWHITE_RED','BE_ACETOWHITE_RED',6);
INSERT INTO patientexamflow(examineno,flowid,flowitem,seq) VALUES ('DA_100909007','LABEL_RED','',7);
INSERT INTO patientexamflow(examineno,flowid,flowitem,seq) VALUES ('DA_100909007','ACETOWHITE_TYPICAL_VESSEL','NO_TYPICAL_VESSEL',8);
INSERT INTO patientexamflow(examineno,flowid,flowitem,seq) VALUES ('DA_100909007','LUGOLS','LUGOLS_NEGATIVE',9);
INSERT INTO patientexamflow(examineno,flowid,flowitem,seq) VALUES ('DA_100909007','LABEL_LUGOLS','',10);
INSERT INTO patientexamflow(examineno,flowid,flowitem,seq) VALUES ('DA_100909007','Result','',11);
INSERT INTO patientexamflow(examineno,flowid,flowitem,seq) VALUES ('DA_100909007','Root/ORIGINAL_RED/FULL_RED/ORIGINAL_SEE/NONE_ABOVE/ACETOWHITE/EXISTING_ACETOWHITE/ACETOWHITE_SEE/NO_FOUR/LABEL_ACETOWHITE/ACETOWHITE_RED/BE_ACETOWHITE_RED/LABEL_RED/ACETOWHITE_TYPICAL_VESSEL/NO_TYPICAL_VESSEL/LUGOLS/LUGOLS_NEGATIVE/LABEL_LUGOLS/Result','',0);
INSERT INTO patientexamflow(examineno,flowid,flowitem,seq) VALUES ('DA_100905003','ORIGINAL_RED','PART_RED',1);
INSERT INTO patientexamflow(examineno,flowid,flowitem,seq) VALUES ('DA_100905003','ACETOWHITE','EXISTING_ACETOWHITE',2);
INSERT INTO patientexamflow(examineno,flowid,flowitem,seq) VALUES ('DA_100905003','ACETOWHITE_SEE','NO_FOUR',3);
INSERT INTO patientexamflow(examineno,flowid,flowitem,seq) VALUES ('DA_100905003','LABEL_ACETOWHITE','',4);
INSERT INTO patientexamflow(examineno,flowid,flowitem,seq) VALUES ('DA_100905003','ACETOWHITE_RED','BE_ACETOWHITE_RED',5);
INSERT INTO patientexamflow(examineno,flowid,flowitem,seq) VALUES ('DA_100905003','LABEL_RED','',6);
INSERT INTO patientexamflow(examineno,flowid,flowitem,seq) VALUES ('DA_100905003','ACETOWHITE_TYPICAL_VESSEL','NO_TYPICAL_VESSEL',7);
INSERT INTO patientexamflow(examineno,flowid,flowitem,seq) VALUES ('DA_100905003','LUGOLS','LUGOLS_NEGATIVE',8);
INSERT INTO patientexamflow(examineno,flowid,flowitem,seq) VALUES ('DA_100905003','LABEL_LUGOLS','',9);
INSERT INTO patientexamflow(examineno,flowid,flowitem,seq) VALUES ('DA_100905003','Result','',10);
INSERT INTO patientexamflow(examineno,flowid,flowitem,seq) VALUES ('DA_100905003','Root/ORIGINAL_RED/PART_RED/ACETOWHITE/EXISTING_ACETOWHITE/ACETOWHITE_SEE/NO_FOUR/LABEL_ACETOWHITE/ACETOWHITE_RED/BE_ACETOWHITE_RED/LABEL_RED/ACETOWHITE_TYPICAL_VESSEL/NO_TYPICAL_VESSEL/LUGOLS/LUGOLS_NEGATIVE/LABEL_LUGOLS/Result','',0);
INSERT INTO patientexamflow(examineno,flowid,flowitem,seq) VALUES ('DA_101114012','ORIGINAL_RED','PART_RED',1);
INSERT INTO patientexamflow(examineno,flowid,flowitem,seq) VALUES ('DA_101114012','ACETOWHITE','EXISTING_ACETOWHITE',2);
INSERT INTO patientexamflow(examineno,flowid,flowitem,seq) VALUES ('DA_101114012','ACETOWHITE_SEE','NO_FOUR',3);
INSERT INTO patientexamflow(examineno,flowid,flowitem,seq) VALUES ('DA_101114012','LABEL_ACETOWHITE','',4);
INSERT INTO patientexamflow(examineno,flowid,flowitem,seq) VALUES ('DA_101114012','ACETOWHITE_RED','BE_ACETOWHITE_RED',5);
INSERT INTO patientexamflow(examineno,flowid,flowitem,seq) VALUES ('DA_101114012','LABEL_RED','',6);
INSERT INTO patientexamflow(examineno,flowid,flowitem,seq) VALUES ('DA_101114012','ACETOWHITE_TYPICAL_VESSEL','NO_TYPICAL_VESSEL',7);
INSERT INTO patientexamflow(examineno,flowid,flowitem,seq) VALUES ('DA_101114012','LUGOLS','LUGOLS_PARTIAL_POSITIVE',8);
INSERT INTO patientexamflow(examineno,flowid,flowitem,seq) VALUES ('DA_101114012','LABEL_LUGOLS','',9);
INSERT INTO patientexamflow(examineno,flowid,flowitem,seq) VALUES ('DA_101114012','BLOOD','NO_BLOOD',10);
INSERT INTO patientexamflow(examineno,flowid,flowitem,seq) VALUES ('DA_101114012','Result','',11);
INSERT INTO patientexamflow(examineno,flowid,flowitem,seq) VALUES ('DA_101114012','Root/ORIGINAL_RED/PART_RED/ACETOWHITE/EXISTING_ACETOWHITE/ACETOWHITE_SEE/NO_FOUR/LABEL_ACETOWHITE/ACETOWHITE_RED/BE_ACETOWHITE_RED/LABEL_RED/ACETOWHITE_TYPICAL_VESSEL/NO_TYPICAL_VESSEL/LUGOLS/LUGOLS_PARTIAL_POSITIVE/LABEL_LUGOLS/BLOOD/NO_BLOOD/Result','',0);
INSERT INTO patientexamflow(examineno,flowid,flowitem,seq) VALUES ('DA_101114003','ORIGINAL_RED','PART_RED',1);
INSERT INTO patientexamflow(examineno,flowid,flowitem,seq) VALUES ('DA_101114003','ACETOWHITE','EXISTING_ACETOWHITE',2);
INSERT INTO patientexamflow(examineno,flowid,flowitem,seq) VALUES ('DA_101114003','ACETOWHITE_SEE','NO_FOUR',3);
INSERT INTO patientexamflow(examineno,flowid,flowitem,seq) VALUES ('DA_101114003','LABEL_ACETOWHITE','',4);
INSERT INTO patientexamflow(examineno,flowid,flowitem,seq) VALUES ('DA_101114003','ACETOWHITE_RED','BE_ACETOWHITE_RED',5);
INSERT INTO patientexamflow(examineno,flowid,flowitem,seq) VALUES ('DA_101114003','LABEL_RED','',6);
INSERT INTO patientexamflow(examineno,flowid,flowitem,seq) VALUES ('DA_101114003','ACETOWHITE_TYPICAL_VESSEL','NO_TYPICAL_VESSEL',7);
INSERT INTO patientexamflow(examineno,flowid,flowitem,seq) VALUES ('DA_101114003','LUGOLS','LUGOLS_PARTIAL_POSITIVE',8);
INSERT INTO patientexamflow(examineno,flowid,flowitem,seq) VALUES ('DA_101114003','LABEL_LUGOLS','',9);
INSERT INTO patientexamflow(examineno,flowid,flowitem,seq) VALUES ('DA_101114003','BLOOD','NO_BLOOD',10);
INSERT INTO patientexamflow(examineno,flowid,flowitem,seq) VALUES ('DA_101114003','Result','',11);
INSERT INTO patientexamflow(examineno,flowid,flowitem,seq) VALUES ('DA_101114003','Root/ORIGINAL_RED/PART_RED/ACETOWHITE/EXISTING_ACETOWHITE/ACETOWHITE_SEE/NO_FOUR/LABEL_ACETOWHITE/ACETOWHITE_RED/BE_ACETOWHITE_RED/LABEL_RED/ACETOWHITE_TYPICAL_VESSEL/NO_TYPICAL_VESSEL/LUGOLS/LUGOLS_PARTIAL_POSITIVE/LABEL_LUGOLS/BLOOD/NO_BLOOD/Result','',0);
INSERT INTO patientexamflow(examineno,flowid,flowitem,seq) VALUES ('DA_101106011','ORIGINAL_RED','PART_RED',1);
INSERT INTO patientexamflow(examineno,flowid,flowitem,seq) VALUES ('DA_101106011','ACETOWHITE','EXISTING_ACETOWHITE',2);
INSERT INTO patientexamflow(examineno,flowid,flowitem,seq) VALUES ('DA_101106011','ACETOWHITE_SEE','NO_FOUR',3);
INSERT INTO patientexamflow(examineno,flowid,flowitem,seq) VALUES ('DA_101106011','LABEL_ACETOWHITE','',4);
INSERT INTO patientexamflow(examineno,flowid,flowitem,seq) VALUES ('DA_101106011','ACETOWHITE_RED','BE_ACETOWHITE_RED',5);
INSERT INTO patientexamflow(examineno,flowid,flowitem,seq) VALUES ('DA_101106011','LABEL_RED','',6);
INSERT INTO patientexamflow(examineno,flowid,flowitem,seq) VALUES ('DA_101106011','ACETOWHITE_TYPICAL_VESSEL','NO_TYPICAL_VESSEL',7);
INSERT INTO patientexamflow(examineno,flowid,flowitem,seq) VALUES ('DA_101106011','LUGOLS','LUGOLS_NEGATIVE',8);
INSERT INTO patientexamflow(examineno,flowid,flowitem,seq) VALUES ('DA_101106011','LABEL_LUGOLS','',9);
INSERT INTO patientexamflow(examineno,flowid,flowitem,seq) VALUES ('DA_101106011','Result','',10);
INSERT INTO patientexamflow(examineno,flowid,flowitem,seq) VALUES ('DA_101106011','Root/ORIGINAL_RED/PART_RED/ACETOWHITE/EXISTING_ACETOWHITE/ACETOWHITE_SEE/NO_FOUR/LABEL_ACETOWHITE/ACETOWHITE_RED/BE_ACETOWHITE_RED/LABEL_RED/ACETOWHITE_TYPICAL_VESSEL/NO_TYPICAL_VESSEL/LUGOLS/LUGOLS_NEGATIVE/LABEL_LUGOLS/Result','',0);
INSERT INTO patientexamflow(examineno,flowid,flowitem,seq) VALUES ('DA_101104019','ORIGINAL_RED','FULL_RED',1);
INSERT INTO patientexamflow(examineno,flowid,flowitem,seq) VALUES ('DA_101104019','ORIGINAL_SEE','NONE_ABOVE',2);
INSERT INTO patientexamflow(examineno,flowid,flowitem,seq) VALUES ('DA_101104019','ACETOWHITE','EXISTING_ACETOWHITE',3);
INSERT INTO patientexamflow(examineno,flowid,flowitem,seq) VALUES ('DA_101104019','ACETOWHITE_SEE','NO_FOUR',4);
INSERT INTO patientexamflow(examineno,flowid,flowitem,seq) VALUES ('DA_101104019','LABEL_ACETOWHITE','',5);
INSERT INTO patientexamflow(examineno,flowid,flowitem,seq) VALUES ('DA_101104019','ACETOWHITE_RED','BE_ACETOWHITE_RED',6);
INSERT INTO patientexamflow(examineno,flowid,flowitem,seq) VALUES ('DA_101104019','LABEL_RED','',7);
INSERT INTO patientexamflow(examineno,flowid,flowitem,seq) VALUES ('DA_101104019','ACETOWHITE_TYPICAL_VESSEL','NO_TYPICAL_VESSEL',8);
INSERT INTO patientexamflow(examineno,flowid,flowitem,seq) VALUES ('DA_101104019','LUGOLS','LUGOLS_POSITIVE',9);
INSERT INTO patientexamflow(examineno,flowid,flowitem,seq) VALUES ('DA_101104019','BLOOD','NO_BLOOD',10);
INSERT INTO patientexamflow(examineno,flowid,flowitem,seq) VALUES ('DA_101104019','Result','',11);
INSERT INTO patientexamflow(examineno,flowid,flowitem,seq) VALUES ('DA_101104019','Root/ORIGINAL_RED/FULL_RED/ORIGINAL_SEE/NONE_ABOVE/ACETOWHITE/EXISTING_ACETOWHITE/ACETOWHITE_SEE/NO_FOUR/LABEL_ACETOWHITE/ACETOWHITE_RED/BE_ACETOWHITE_RED/LABEL_RED/ACETOWHITE_TYPICAL_VESSEL/NO_TYPICAL_VESSEL/LUGOLS/LUGOLS_POSITIVE/BLOOD/NO_BLOOD/Result','',0);
INSERT INTO patientexamflow(examineno,flowid,flowitem,seq) VALUES ('DA_101021002','ORIGINAL_RED','FULL_RED',1);
INSERT INTO patientexamflow(examineno,flowid,flowitem,seq) VALUES ('DA_101021002','ORIGINAL_SEE','NONE_ABOVE',2);
INSERT INTO patientexamflow(examineno,flowid,flowitem,seq) VALUES ('DA_101021002','ACETOWHITE','EXISTING_ACETOWHITE',3);
INSERT INTO patientexamflow(examineno,flowid,flowitem,seq) VALUES ('DA_101021002','ACETOWHITE_SEE','NO_FOUR',4);
INSERT INTO patientexamflow(examineno,flowid,flowitem,seq) VALUES ('DA_101021002','LABEL_ACETOWHITE','',5);
INSERT INTO patientexamflow(examineno,flowid,flowitem,seq) VALUES ('DA_101021002','ACETOWHITE_RED','NO_ACETOWHITE_RED',6);
INSERT INTO patientexamflow(examineno,flowid,flowitem,seq) VALUES ('DA_101021002','Result','',7);
INSERT INTO patientexamflow(examineno,flowid,flowitem,seq) VALUES ('DA_101021002','Root/ORIGINAL_RED/FULL_RED/ORIGINAL_SEE/NONE_ABOVE/ACETOWHITE/EXISTING_ACETOWHITE/ACETOWHITE_SEE/NO_FOUR/LABEL_ACETOWHITE/ACETOWHITE_RED/NO_ACETOWHITE_RED/Result','',0);
INSERT INTO patientexamflow(examineno,flowid,flowitem,seq) VALUES ('DA_101018001','ORIGINAL_RED','PART_RED',1);
INSERT INTO patientexamflow(examineno,flowid,flowitem,seq) VALUES ('DA_101018001','ACETOWHITE','NO_ACETOWHITE',2);
INSERT INTO patientexamflow(examineno,flowid,flowitem,seq) VALUES ('DA_101018001','BLOOD','NO_BLOOD',3);
INSERT INTO patientexamflow(examineno,flowid,flowitem,seq) VALUES ('DA_101018001','Result','',4);
INSERT INTO patientexamflow(examineno,flowid,flowitem,seq) VALUES ('DA_101018001','Root/ORIGINAL_RED/PART_RED/ACETOWHITE/NO_ACETOWHITE/BLOOD/NO_BLOOD/Result','',0);
INSERT INTO patientexamflow(examineno,flowid,flowitem,seq) VALUES ('DA_101009009','ORIGINAL_RED','FULL_RED',1);
INSERT INTO patientexamflow(examineno,flowid,flowitem,seq) VALUES ('DA_101009009','ORIGINAL_SEE','NONE_ABOVE',2);
INSERT INTO patientexamflow(examineno,flowid,flowitem,seq) VALUES ('DA_101009009','ACETOWHITE','EXISTING_ACETOWHITE',3);
INSERT INTO patientexamflow(examineno,flowid,flowitem,seq) VALUES ('DA_101009009','ACETOWHITE_SEE','NO_FOUR',4);
INSERT INTO patientexamflow(examineno,flowid,flowitem,seq) VALUES ('DA_101009009','LABEL_ACETOWHITE','',5);
INSERT INTO patientexamflow(examineno,flowid,flowitem,seq) VALUES ('DA_101009009','ACETOWHITE_RED','BE_ACETOWHITE_RED',6);
INSERT INTO patientexamflow(examineno,flowid,flowitem,seq) VALUES ('DA_101009009','LABEL_RED','',7);
INSERT INTO patientexamflow(examineno,flowid,flowitem,seq) VALUES ('DA_101009009','ACETOWHITE_TYPICAL_VESSEL','NO_TYPICAL_VESSEL',8);
INSERT INTO patientexamflow(examineno,flowid,flowitem,seq) VALUES ('DA_101009009','LUGOLS','LUGOLS_POSITIVE',9);
INSERT INTO patientexamflow(examineno,flowid,flowitem,seq) VALUES ('DA_101009009','BLOOD','NO_BLOOD',10);
INSERT INTO patientexamflow(examineno,flowid,flowitem,seq) VALUES ('DA_101009009','Result','',11);
INSERT INTO patientexamflow(examineno,flowid,flowitem,seq) VALUES ('DA_101009009','Root/ORIGINAL_RED/FULL_RED/ORIGINAL_SEE/NONE_ABOVE/ACETOWHITE/EXISTING_ACETOWHITE/ACETOWHITE_SEE/NO_FOUR/LABEL_ACETOWHITE/ACETOWHITE_RED/BE_ACETOWHITE_RED/LABEL_RED/ACETOWHITE_TYPICAL_VESSEL/NO_TYPICAL_VESSEL/LUGOLS/LUGOLS_POSITIVE/BLOOD/NO_BLOOD/Result','',0);
INSERT INTO patientexamflow(examineno,flowid,flowitem,seq) VALUES ('DA_100929005','ORIGINAL_RED','PART_RED',1);
INSERT INTO patientexamflow(examineno,flowid,flowitem,seq) VALUES ('DA_100929005','ACETOWHITE','EXISTING_ACETOWHITE',2);
INSERT INTO patientexamflow(examineno,flowid,flowitem,seq) VALUES ('DA_100929005','ACETOWHITE_SEE','NO_FOUR',3);
INSERT INTO patientexamflow(examineno,flowid,flowitem,seq) VALUES ('DA_100929005','LABEL_ACETOWHITE','',4);
INSERT INTO patientexamflow(examineno,flowid,flowitem,seq) VALUES ('DA_100929005','ACETOWHITE_RED','NO_ACETOWHITE_RED',5);
INSERT INTO patientexamflow(examineno,flowid,flowitem,seq) VALUES ('DA_100929005','BLOOD','NO_BLOOD',6);
INSERT INTO patientexamflow(examineno,flowid,flowitem,seq) VALUES ('DA_100929005','Result','',7);
INSERT INTO patientexamflow(examineno,flowid,flowitem,seq) VALUES ('DA_100929005','Root/ORIGINAL_RED/PART_RED/ACETOWHITE/EXISTING_ACETOWHITE/ACETOWHITE_SEE/NO_FOUR/LABEL_ACETOWHITE/ACETOWHITE_RED/NO_ACETOWHITE_RED/BLOOD/NO_BLOOD/Result','',0);
commit transaction;

--patientexamineimage
begin transaction;
INSERT INTO patientexamineimage(examineno,imagename,imagetype,imageprint) VALUES ('DA_100905003','20100905090243.jpg',0,1);
INSERT INTO patientexamineimage(examineno,imagename,imagetype,imageprint) VALUES ('DA_100905003','20100905090248.jpg',0,0);
INSERT INTO patientexamineimage(examineno,imagename,imagetype,imageprint) VALUES ('DA_100905003','20100905090419.jpg',0,1);
INSERT INTO patientexamineimage(examineno,imagename,imagetype,imageprint) VALUES ('DA_100905003','20100905090435.jpg',0,0);
INSERT INTO patientexamineimage(examineno,imagename,imagetype,imageprint) VALUES ('DA_100905003','20100905090443.jpg',0,0);
INSERT INTO patientexamineimage(examineno,imagename,imagetype,imageprint) VALUES ('DA_100905003','20100905090513.jpg',0,1);
INSERT INTO patientexamineimage(examineno,imagename,imagetype,imageprint) VALUES ('DA_100905003','20100905090538.jpg',0,1);
INSERT INTO patientexamineimage(examineno,imagename,imagetype,imageprint) VALUES ('DA_100905003','20100905090635.jpg',0,0);
INSERT INTO patientexamineimage(examineno,imagename,imagetype,imageprint) VALUES ('DA_100909007','20100909145200.jpg',0,0);
INSERT INTO patientexamineimage(examineno,imagename,imagetype,imageprint) VALUES ('DA_100909007','20100909145211.jpg',0,0);
INSERT INTO patientexamineimage(examineno,imagename,imagetype,imageprint) VALUES ('DA_100909007','20100909145219.jpg',0,1);
INSERT INTO patientexamineimage(examineno,imagename,imagetype,imageprint) VALUES ('DA_100909007','20100909145336.jpg',0,0);
INSERT INTO patientexamineimage(examineno,imagename,imagetype,imageprint) VALUES ('DA_100909007','20100909145348.jpg',0,0);
INSERT INTO patientexamineimage(examineno,imagename,imagetype,imageprint) VALUES ('DA_100909007','20100909145403.jpg',0,0);
INSERT INTO patientexamineimage(examineno,imagename,imagetype,imageprint) VALUES ('DA_100909007','20100909145414.jpg',0,0);
INSERT INTO patientexamineimage(examineno,imagename,imagetype,imageprint) VALUES ('DA_100909007','20100909145429.jpg',0,0);
INSERT INTO patientexamineimage(examineno,imagename,imagetype,imageprint) VALUES ('DA_100909007','20100909145453.jpg',0,1);
INSERT INTO patientexamineimage(examineno,imagename,imagetype,imageprint) VALUES ('DA_100909007','20100909145512.jpg',0,0);
INSERT INTO patientexamineimage(examineno,imagename,imagetype,imageprint) VALUES ('DA_100909007','20100909145525.jpg',0,1);
INSERT INTO patientexamineimage(examineno,imagename,imagetype,imageprint) VALUES ('DA_100909007','20100909145603.jpg',0,1);
INSERT INTO patientexamineimage(examineno,imagename,imagetype,imageprint) VALUES ('DA_100912003','20100912084122.jpg',0,1);
INSERT INTO patientexamineimage(examineno,imagename,imagetype,imageprint) VALUES ('DA_100912003','20100912084127.jpg',0,0);
INSERT INTO patientexamineimage(examineno,imagename,imagetype,imageprint) VALUES ('DA_100912003','20100912084329.jpg',0,1);
INSERT INTO patientexamineimage(examineno,imagename,imagetype,imageprint) VALUES ('DA_100912003','20100912084352.jpg',0,0);
INSERT INTO patientexamineimage(examineno,imagename,imagetype,imageprint) VALUES ('DA_100912003','20100912084402.jpg',0,0);
INSERT INTO patientexamineimage(examineno,imagename,imagetype,imageprint) VALUES ('DA_100912003','20100912084422.jpg',0,1);
INSERT INTO patientexamineimage(examineno,imagename,imagetype,imageprint) VALUES ('DA_100912003','20100912084452.jpg',0,0);
INSERT INTO patientexamineimage(examineno,imagename,imagetype,imageprint) VALUES ('DA_100912003','20100912084516.jpg',0,0);
INSERT INTO patientexamineimage(examineno,imagename,imagetype,imageprint) VALUES ('DA_100912003','20100912084550.jpg',0,1);
INSERT INTO patientexamineimage(examineno,imagename,imagetype,imageprint) VALUES ('DA_100912008','20100912090516.jpg',0,1);
INSERT INTO patientexamineimage(examineno,imagename,imagetype,imageprint) VALUES ('DA_100912008','20100912090521.jpg',0,0);
INSERT INTO patientexamineimage(examineno,imagename,imagetype,imageprint) VALUES ('DA_100912008','20100912090639.jpg',0,1);
INSERT INTO patientexamineimage(examineno,imagename,imagetype,imageprint) VALUES ('DA_100912008','20100912090705.jpg',0,0);
INSERT INTO patientexamineimage(examineno,imagename,imagetype,imageprint) VALUES ('DA_100912008','20100912090721.jpg',0,0);
INSERT INTO patientexamineimage(examineno,imagename,imagetype,imageprint) VALUES ('DA_100912008','20100912090735.jpg',0,1);
INSERT INTO patientexamineimage(examineno,imagename,imagetype,imageprint) VALUES ('DA_100912008','20100912090804.jpg',0,0);
INSERT INTO patientexamineimage(examineno,imagename,imagetype,imageprint) VALUES ('DA_100912008','20100912090905.jpg',0,0);
INSERT INTO patientexamineimage(examineno,imagename,imagetype,imageprint) VALUES ('DA_100912008','20100912090929.jpg',0,1);
INSERT INTO patientexamineimage(examineno,imagename,imagetype,imageprint) VALUES ('DA_100916008','20100916144948.jpg',0,0);
INSERT INTO patientexamineimage(examineno,imagename,imagetype,imageprint) VALUES ('DA_100916008','20100916145014.jpg',0,1);
INSERT INTO patientexamineimage(examineno,imagename,imagetype,imageprint) VALUES ('DA_100916008','20100916145024.jpg',0,0);
INSERT INTO patientexamineimage(examineno,imagename,imagetype,imageprint) VALUES ('DA_100916008','20100916145159.jpg',0,1);
INSERT INTO patientexamineimage(examineno,imagename,imagetype,imageprint) VALUES ('DA_100916008','20100916145242.jpg',0,0);
INSERT INTO patientexamineimage(examineno,imagename,imagetype,imageprint) VALUES ('DA_100916008','20100916145257.jpg',0,0);
INSERT INTO patientexamineimage(examineno,imagename,imagetype,imageprint) VALUES ('DA_100916008','20100916145325.jpg',0,1);
INSERT INTO patientexamineimage(examineno,imagename,imagetype,imageprint) VALUES ('DA_100916008','20100916145419.jpg',0,0);
INSERT INTO patientexamineimage(examineno,imagename,imagetype,imageprint) VALUES ('DA_100916008','20100916145435.jpg',0,0);
INSERT INTO patientexamineimage(examineno,imagename,imagetype,imageprint) VALUES ('DA_100916008','20100916145450.jpg',0,1);
INSERT INTO patientexamineimage(examineno,imagename,imagetype,imageprint) VALUES ('DA_100922002','20100922084614.jpg',0,1);
INSERT INTO patientexamineimage(examineno,imagename,imagetype,imageprint) VALUES ('DA_100922002','20100922084631.jpg',0,0);
INSERT INTO patientexamineimage(examineno,imagename,imagetype,imageprint) VALUES ('DA_100922002','20100922084638.jpg',0,0);
INSERT INTO patientexamineimage(examineno,imagename,imagetype,imageprint) VALUES ('DA_100922002','20100922084754.jpg',0,0);
INSERT INTO patientexamineimage(examineno,imagename,imagetype,imageprint) VALUES ('DA_100922002','20100922084815.jpg',0,0);
INSERT INTO patientexamineimage(examineno,imagename,imagetype,imageprint) VALUES ('DA_100922002','20100922084827.jpg',0,1);
INSERT INTO patientexamineimage(examineno,imagename,imagetype,imageprint) VALUES ('DA_100922002','20100922084857.jpg',0,0);
INSERT INTO patientexamineimage(examineno,imagename,imagetype,imageprint) VALUES ('DA_100922002','20100922084925.jpg',0,1);
INSERT INTO patientexamineimage(examineno,imagename,imagetype,imageprint) VALUES ('DA_100922002','20100922084955.jpg',0,0);
INSERT INTO patientexamineimage(examineno,imagename,imagetype,imageprint) VALUES ('DA_100922002','20100922085028.jpg',0,1);
INSERT INTO patientexamineimage(examineno,imagename,imagetype,imageprint) VALUES ('DA_100922006','20100922094927.jpg',0,0);
INSERT INTO patientexamineimage(examineno,imagename,imagetype,imageprint) VALUES ('DA_100922006','20100922095024.jpg',0,1);
INSERT INTO patientexamineimage(examineno,imagename,imagetype,imageprint) VALUES ('DA_100922006','20100922095243.jpg',0,1);
INSERT INTO patientexamineimage(examineno,imagename,imagetype,imageprint) VALUES ('DA_100922006','20100922095302.jpg',0,0);
INSERT INTO patientexamineimage(examineno,imagename,imagetype,imageprint) VALUES ('DA_100922006','20100922095359.jpg',0,0);
INSERT INTO patientexamineimage(examineno,imagename,imagetype,imageprint) VALUES ('DA_100922006','20100922095452.jpg',0,1);
INSERT INTO patientexamineimage(examineno,imagename,imagetype,imageprint) VALUES ('DA_100922006','20100922095534.jpg',0,0);
INSERT INTO patientexamineimage(examineno,imagename,imagetype,imageprint) VALUES ('DA_100922006','20100922095541.jpg',0,1);
INSERT INTO patientexamineimage(examineno,imagename,imagetype,imageprint) VALUES ('DA_100923005','20100923135350.jpg',0,1);
INSERT INTO patientexamineimage(examineno,imagename,imagetype,imageprint) VALUES ('DA_100923005','20100923135403.jpg',0,0);
INSERT INTO patientexamineimage(examineno,imagename,imagetype,imageprint) VALUES ('DA_100923005','20100923135424.jpg',0,0);
INSERT INTO patientexamineimage(examineno,imagename,imagetype,imageprint) VALUES ('DA_100923005','20100923135552.jpg',0,1);
INSERT INTO patientexamineimage(examineno,imagename,imagetype,imageprint) VALUES ('DA_100923005','20100923135614.jpg',0,0);
INSERT INTO patientexamineimage(examineno,imagename,imagetype,imageprint) VALUES ('DA_100923005','20100923135644.jpg',0,0);
INSERT INTO patientexamineimage(examineno,imagename,imagetype,imageprint) VALUES ('DA_100923005','20100923135716.jpg',0,1);
INSERT INTO patientexamineimage(examineno,imagename,imagetype,imageprint) VALUES ('DA_100923005','20100923135806.jpg',0,1);
INSERT INTO patientexamineimage(examineno,imagename,imagetype,imageprint) VALUES ('DA_100925006','20100925094117.jpg',0,1);
INSERT INTO patientexamineimage(examineno,imagename,imagetype,imageprint) VALUES ('DA_100925006','20100925094122.jpg',0,0);
INSERT INTO patientexamineimage(examineno,imagename,imagetype,imageprint) VALUES ('DA_100925006','20100925094128.jpg',0,0);
INSERT INTO patientexamineimage(examineno,imagename,imagetype,imageprint) VALUES ('DA_100925006','20100925094302.jpg',0,1);
INSERT INTO patientexamineimage(examineno,imagename,imagetype,imageprint) VALUES ('DA_100925006','20100925094323.jpg',0,0);
INSERT INTO patientexamineimage(examineno,imagename,imagetype,imageprint) VALUES ('DA_100925006','20100925094330.jpg',0,0);
INSERT INTO patientexamineimage(examineno,imagename,imagetype,imageprint) VALUES ('DA_100925006','20100925094351.jpg',0,1);
INSERT INTO patientexamineimage(examineno,imagename,imagetype,imageprint) VALUES ('DA_100925006','20100925094421.jpg',0,0);
INSERT INTO patientexamineimage(examineno,imagename,imagetype,imageprint) VALUES ('DA_100925006','20100925094549.jpg',0,1);
INSERT INTO patientexamineimage(examineno,imagename,imagetype,imageprint) VALUES ('DA_100925013','20100925105855.jpg',0,1);
INSERT INTO patientexamineimage(examineno,imagename,imagetype,imageprint) VALUES ('DA_100925013','20100925105940.jpg',0,0);
INSERT INTO patientexamineimage(examineno,imagename,imagetype,imageprint) VALUES ('DA_100925013','20100925110142.jpg',0,0);
INSERT INTO patientexamineimage(examineno,imagename,imagetype,imageprint) VALUES ('DA_100925013','20100925110144.jpg',0,1);
INSERT INTO patientexamineimage(examineno,imagename,imagetype,imageprint) VALUES ('DA_100925013','20100925110205.jpg',0,0);
INSERT INTO patientexamineimage(examineno,imagename,imagetype,imageprint) VALUES ('DA_100925013','20100925110215.jpg',0,0);
INSERT INTO patientexamineimage(examineno,imagename,imagetype,imageprint) VALUES ('DA_100925013','20100925110245.jpg',0,1);
INSERT INTO patientexamineimage(examineno,imagename,imagetype,imageprint) VALUES ('DA_100925013','20100925110317.jpg',0,0);
INSERT INTO patientexamineimage(examineno,imagename,imagetype,imageprint) VALUES ('DA_100925013','20100925110320.jpg',0,0);
INSERT INTO patientexamineimage(examineno,imagename,imagetype,imageprint) VALUES ('DA_100925013','20100925110400.jpg',0,1);
INSERT INTO patientexamineimage(examineno,imagename,imagetype,imageprint) VALUES ('DA_100929005','20100929093505.jpg',0,1);
INSERT INTO patientexamineimage(examineno,imagename,imagetype,imageprint) VALUES ('DA_100929005','20100929093516.jpg',0,0);
INSERT INTO patientexamineimage(examineno,imagename,imagetype,imageprint) VALUES ('DA_100929005','20100929093635.jpg',0,1);
INSERT INTO patientexamineimage(examineno,imagename,imagetype,imageprint) VALUES ('DA_100929005','20100929093703.jpg',0,0);
INSERT INTO patientexamineimage(examineno,imagename,imagetype,imageprint) VALUES ('DA_100929005','20100929093732.jpg',0,1);
INSERT INTO patientexamineimage(examineno,imagename,imagetype,imageprint) VALUES ('DA_100929005','20100929093803.jpg',0,0);
INSERT INTO patientexamineimage(examineno,imagename,imagetype,imageprint) VALUES ('DA_100929005','20100929094043.jpg',0,1);
INSERT INTO patientexamineimage(examineno,imagename,imagetype,imageprint) VALUES ('DA_101009006','20101009091955.jpg',0,1);
INSERT INTO patientexamineimage(examineno,imagename,imagetype,imageprint) VALUES ('DA_101009006','20101009092002.jpg',0,0);
INSERT INTO patientexamineimage(examineno,imagename,imagetype,imageprint) VALUES ('DA_101009006','20101009092226.jpg',0,1);
INSERT INTO patientexamineimage(examineno,imagename,imagetype,imageprint) VALUES ('DA_101009006','20101009092253.jpg',0,0);
INSERT INTO patientexamineimage(examineno,imagename,imagetype,imageprint) VALUES ('DA_101009006','20101009092303.jpg',0,0);
INSERT INTO patientexamineimage(examineno,imagename,imagetype,imageprint) VALUES ('DA_101009006','20101009092312.jpg',0,0);
INSERT INTO patientexamineimage(examineno,imagename,imagetype,imageprint) VALUES ('DA_101009006','20101009092323.jpg',0,1);
INSERT INTO patientexamineimage(examineno,imagename,imagetype,imageprint) VALUES ('DA_101009006','20101009092350.jpg',0,0);
INSERT INTO patientexamineimage(examineno,imagename,imagetype,imageprint) VALUES ('DA_101009006','20101009092353.jpg',0,0);
INSERT INTO patientexamineimage(examineno,imagename,imagetype,imageprint) VALUES ('DA_101009006','20101009092420.jpg',0,0);
INSERT INTO patientexamineimage(examineno,imagename,imagetype,imageprint) VALUES ('DA_101009006','20101009092439.jpg',0,1);
INSERT INTO patientexamineimage(examineno,imagename,imagetype,imageprint) VALUES ('DA_101009009','20101009095849.jpg',0,0);
INSERT INTO patientexamineimage(examineno,imagename,imagetype,imageprint) VALUES ('DA_101009009','20101009095853.jpg',0,1);
INSERT INTO patientexamineimage(examineno,imagename,imagetype,imageprint) VALUES ('DA_101009009','20101009095857.jpg',0,0);
INSERT INTO patientexamineimage(examineno,imagename,imagetype,imageprint) VALUES ('DA_101009009','20101009100019.jpg',0,1);
INSERT INTO patientexamineimage(examineno,imagename,imagetype,imageprint) VALUES ('DA_101009009','20101009100046.jpg',0,0);
INSERT INTO patientexamineimage(examineno,imagename,imagetype,imageprint) VALUES ('DA_101009009','20101009100113.jpg',0,1);
INSERT INTO patientexamineimage(examineno,imagename,imagetype,imageprint) VALUES ('DA_101009009','20101009100143.jpg',0,0);
INSERT INTO patientexamineimage(examineno,imagename,imagetype,imageprint) VALUES ('DA_101009009','20101009100222.jpg',0,1);
INSERT INTO patientexamineimage(examineno,imagename,imagetype,imageprint) VALUES ('DA_101010009','20101010102649.jpg',0,0);
INSERT INTO patientexamineimage(examineno,imagename,imagetype,imageprint) VALUES ('DA_101010009','20101010102702.jpg',0,1);
INSERT INTO patientexamineimage(examineno,imagename,imagetype,imageprint) VALUES ('DA_101010009','20101010102707.jpg',0,0);
INSERT INTO patientexamineimage(examineno,imagename,imagetype,imageprint) VALUES ('DA_101010009','20101010102829.jpg',0,1);
INSERT INTO patientexamineimage(examineno,imagename,imagetype,imageprint) VALUES ('DA_101010009','20101010102833.jpg',0,0);
INSERT INTO patientexamineimage(examineno,imagename,imagetype,imageprint) VALUES ('DA_101010009','20101010102855.jpg',0,0);
INSERT INTO patientexamineimage(examineno,imagename,imagetype,imageprint) VALUES ('DA_101010009','20101010102927.jpg',0,1);
INSERT INTO patientexamineimage(examineno,imagename,imagetype,imageprint) VALUES ('DA_101010009','20101010102934.jpg',0,0);
INSERT INTO patientexamineimage(examineno,imagename,imagetype,imageprint) VALUES ('DA_101010009','20101010102955.jpg',0,0);
INSERT INTO patientexamineimage(examineno,imagename,imagetype,imageprint) VALUES ('DA_101010009','20101010103040.jpg',0,0);
INSERT INTO patientexamineimage(examineno,imagename,imagetype,imageprint) VALUES ('DA_101010009','20101010103122.jpg',0,1);
INSERT INTO patientexamineimage(examineno,imagename,imagetype,imageprint) VALUES ('DA_101011002','20101011083006.jpg',0,1);
INSERT INTO patientexamineimage(examineno,imagename,imagetype,imageprint) VALUES ('DA_101011002','20101011083134.jpg',0,0);
INSERT INTO patientexamineimage(examineno,imagename,imagetype,imageprint) VALUES ('DA_101011002','20101011083157.jpg',0,0);
INSERT INTO patientexamineimage(examineno,imagename,imagetype,imageprint) VALUES ('DA_101011002','20101011083221.jpg',0,1);
INSERT INTO patientexamineimage(examineno,imagename,imagetype,imageprint) VALUES ('DA_101011002','20101011083255.jpg',0,0);
INSERT INTO patientexamineimage(examineno,imagename,imagetype,imageprint) VALUES ('DA_101011002','20101011083318.jpg',0,1);
INSERT INTO patientexamineimage(examineno,imagename,imagetype,imageprint) VALUES ('DA_101011002','20101011083427.jpg',0,1);
INSERT INTO patientexamineimage(examineno,imagename,imagetype,imageprint) VALUES ('DA_101011003','20101011085155.jpg',0,1);
INSERT INTO patientexamineimage(examineno,imagename,imagetype,imageprint) VALUES ('DA_101011003','20101011085202.jpg',0,0);
INSERT INTO patientexamineimage(examineno,imagename,imagetype,imageprint) VALUES ('DA_101011003','20101011085207.jpg',0,0);
INSERT INTO patientexamineimage(examineno,imagename,imagetype,imageprint) VALUES ('DA_101011003','20101011085327.jpg',0,1);
INSERT INTO patientexamineimage(examineno,imagename,imagetype,imageprint) VALUES ('DA_101011003','20101011085353.jpg',0,0);
INSERT INTO patientexamineimage(examineno,imagename,imagetype,imageprint) VALUES ('DA_101011003','20101011085423.jpg',0,1);
INSERT INTO patientexamineimage(examineno,imagename,imagetype,imageprint) VALUES ('DA_101011003','20101011085455.jpg',0,0);
INSERT INTO patientexamineimage(examineno,imagename,imagetype,imageprint) VALUES ('DA_101011003','20101011085538.jpg',0,1);
INSERT INTO patientexamineimage(examineno,imagename,imagetype,imageprint) VALUES ('DA_101011004','20101011090457.jpg',0,0);
INSERT INTO patientexamineimage(examineno,imagename,imagetype,imageprint) VALUES ('DA_101011004','20101011090503.jpg',0,0);
INSERT INTO patientexamineimage(examineno,imagename,imagetype,imageprint) VALUES ('DA_101011004','20101011090510.jpg',0,1);
INSERT INTO patientexamineimage(examineno,imagename,imagetype,imageprint) VALUES ('DA_101011004','20101011090528.jpg',0,0);
INSERT INTO patientexamineimage(examineno,imagename,imagetype,imageprint) VALUES ('DA_101011004','20101011090706.jpg',0,1);
INSERT INTO patientexamineimage(examineno,imagename,imagetype,imageprint) VALUES ('DA_101011004','20101011090727.jpg',0,0);
INSERT INTO patientexamineimage(examineno,imagename,imagetype,imageprint) VALUES ('DA_101011004','20101011090757.jpg',0,1);
INSERT INTO patientexamineimage(examineno,imagename,imagetype,imageprint) VALUES ('DA_101011004','20101011090826.jpg',0,0);
INSERT INTO patientexamineimage(examineno,imagename,imagetype,imageprint) VALUES ('DA_101011004','20101011090921.jpg',0,1);
INSERT INTO patientexamineimage(examineno,imagename,imagetype,imageprint) VALUES ('DA_101011005','20101011093852.jpg',0,1);
INSERT INTO patientexamineimage(examineno,imagename,imagetype,imageprint) VALUES ('DA_101011005','20101011093901.jpg',0,0);
INSERT INTO patientexamineimage(examineno,imagename,imagetype,imageprint) VALUES ('DA_101011005','20101011093914.jpg',0,0);
INSERT INTO patientexamineimage(examineno,imagename,imagetype,imageprint) VALUES ('DA_101011005','20101011093944.jpg',0,0);
INSERT INTO patientexamineimage(examineno,imagename,imagetype,imageprint) VALUES ('DA_101011005','20101011093949.jpg',0,0);
INSERT INTO patientexamineimage(examineno,imagename,imagetype,imageprint) VALUES ('DA_101011005','20101011094010.jpg',0,0);
INSERT INTO patientexamineimage(examineno,imagename,imagetype,imageprint) VALUES ('DA_101011005','20101011094150.jpg',0,1);
INSERT INTO patientexamineimage(examineno,imagename,imagetype,imageprint) VALUES ('DA_101011005','20101011094205.jpg',0,0);
INSERT INTO patientexamineimage(examineno,imagename,imagetype,imageprint) VALUES ('DA_101011005','20101011094236.jpg',0,1);
INSERT INTO patientexamineimage(examineno,imagename,imagetype,imageprint) VALUES ('DA_101011005','20101011094305.jpg',0,0);
INSERT INTO patientexamineimage(examineno,imagename,imagetype,imageprint) VALUES ('DA_101011005','20101011094317.jpg',0,0);
INSERT INTO patientexamineimage(examineno,imagename,imagetype,imageprint) VALUES ('DA_101011005','20101011094423.jpg',0,1);
INSERT INTO patientexamineimage(examineno,imagename,imagetype,imageprint) VALUES ('DA_101016008','20101016101634.jpg',0,1);
INSERT INTO patientexamineimage(examineno,imagename,imagetype,imageprint) VALUES ('DA_101016008','20101016101644.jpg',0,0);
INSERT INTO patientexamineimage(examineno,imagename,imagetype,imageprint) VALUES ('DA_101016008','20101016101818.jpg',0,1);
INSERT INTO patientexamineimage(examineno,imagename,imagetype,imageprint) VALUES ('DA_101016008','20101016101838.jpg',0,0);
INSERT INTO patientexamineimage(examineno,imagename,imagetype,imageprint) VALUES ('DA_101016008','20101016101849.jpg',0,0);
INSERT INTO patientexamineimage(examineno,imagename,imagetype,imageprint) VALUES ('DA_101016008','20101016101859.jpg',0,0);
INSERT INTO patientexamineimage(examineno,imagename,imagetype,imageprint) VALUES ('DA_101016008','20101016101909.jpg',0,1);
INSERT INTO patientexamineimage(examineno,imagename,imagetype,imageprint) VALUES ('DA_101016008','20101016101941.jpg',0,0);
INSERT INTO patientexamineimage(examineno,imagename,imagetype,imageprint) VALUES ('DA_101016008','20101016102026.jpg',0,0);
INSERT INTO patientexamineimage(examineno,imagename,imagetype,imageprint) VALUES ('DA_101016008','20101016102050.jpg',0,1);
INSERT INTO patientexamineimage(examineno,imagename,imagetype,imageprint) VALUES ('DA_101018001','20101018082817.jpg',0,0);
INSERT INTO patientexamineimage(examineno,imagename,imagetype,imageprint) VALUES ('DA_101018001','20101018082843.jpg',0,0);
INSERT INTO patientexamineimage(examineno,imagename,imagetype,imageprint) VALUES ('DA_101018001','20101018082851.jpg',0,0);
INSERT INTO patientexamineimage(examineno,imagename,imagetype,imageprint) VALUES ('DA_101018001','20101018082934.jpg',0,1);
INSERT INTO patientexamineimage(examineno,imagename,imagetype,imageprint) VALUES ('DA_101018001','20101018083045.jpg',0,0);
INSERT INTO patientexamineimage(examineno,imagename,imagetype,imageprint) VALUES ('DA_101018001','20101018083122.jpg',0,1);
INSERT INTO patientexamineimage(examineno,imagename,imagetype,imageprint) VALUES ('DA_101018001','20101018083220.jpg',0,0);
INSERT INTO patientexamineimage(examineno,imagename,imagetype,imageprint) VALUES ('DA_101018001','20101018083243.jpg',0,1);
INSERT INTO patientexamineimage(examineno,imagename,imagetype,imageprint) VALUES ('DA_101018001','20101018083343.jpg',0,1);
INSERT INTO patientexamineimage(examineno,imagename,imagetype,imageprint) VALUES ('DA_101018001','20101018083349.jpg',0,0);
INSERT INTO patientexamineimage(examineno,imagename,imagetype,imageprint) VALUES ('DA_101018002','20101018084338.jpg',0,1);
INSERT INTO patientexamineimage(examineno,imagename,imagetype,imageprint) VALUES ('DA_101018002','20101018084400.jpg',0,0);
INSERT INTO patientexamineimage(examineno,imagename,imagetype,imageprint) VALUES ('DA_101018002','20101018084534.jpg',0,1);
INSERT INTO patientexamineimage(examineno,imagename,imagetype,imageprint) VALUES ('DA_101018002','20101018084552.jpg',0,0);
INSERT INTO patientexamineimage(examineno,imagename,imagetype,imageprint) VALUES ('DA_101018002','20101018084627.jpg',0,1);
INSERT INTO patientexamineimage(examineno,imagename,imagetype,imageprint) VALUES ('DA_101018002','20101018084639.jpg',0,0);
INSERT INTO patientexamineimage(examineno,imagename,imagetype,imageprint) VALUES ('DA_101018002','20101018084709.jpg',0,0);
INSERT INTO patientexamineimage(examineno,imagename,imagetype,imageprint) VALUES ('DA_101018002','20101018084757.jpg',0,0);
INSERT INTO patientexamineimage(examineno,imagename,imagetype,imageprint) VALUES ('DA_101018002','20101018084829.jpg',0,1);
INSERT INTO patientexamineimage(examineno,imagename,imagetype,imageprint) VALUES ('DA_101021002','20101021131937.jpg',0,1);
INSERT INTO patientexamineimage(examineno,imagename,imagetype,imageprint) VALUES ('DA_101021002','20101021131945.jpg',0,0);
INSERT INTO patientexamineimage(examineno,imagename,imagetype,imageprint) VALUES ('DA_101021002','20101021132216.jpg',0,1);
INSERT INTO patientexamineimage(examineno,imagename,imagetype,imageprint) VALUES ('DA_101021002','20101021132242.jpg',0,0);
INSERT INTO patientexamineimage(examineno,imagename,imagetype,imageprint) VALUES ('DA_101021002','20101021132313.jpg',0,1);
INSERT INTO patientexamineimage(examineno,imagename,imagetype,imageprint) VALUES ('DA_101021002','20101021132319.jpg',0,0);
INSERT INTO patientexamineimage(examineno,imagename,imagetype,imageprint) VALUES ('DA_101021002','20101021132346.jpg',0,0);
INSERT INTO patientexamineimage(examineno,imagename,imagetype,imageprint) VALUES ('DA_101021002','20101021132447.jpg',0,1);
INSERT INTO patientexamineimage(examineno,imagename,imagetype,imageprint) VALUES ('DA_101023007','20101023094553.jpg',0,1);
INSERT INTO patientexamineimage(examineno,imagename,imagetype,imageprint) VALUES ('DA_101023007','20101023094603.jpg',0,0);
INSERT INTO patientexamineimage(examineno,imagename,imagetype,imageprint) VALUES ('DA_101023007','20101023094730.jpg',0,1);
INSERT INTO patientexamineimage(examineno,imagename,imagetype,imageprint) VALUES ('DA_101023007','20101023094805.jpg',0,0);
INSERT INTO patientexamineimage(examineno,imagename,imagetype,imageprint) VALUES ('DA_101023007','20101023094824.jpg',0,0);
INSERT INTO patientexamineimage(examineno,imagename,imagetype,imageprint) VALUES ('DA_101023007','20101023094833.jpg',0,1);
INSERT INTO patientexamineimage(examineno,imagename,imagetype,imageprint) VALUES ('DA_101023007','20101023094959.jpg',0,1);
INSERT INTO patientexamineimage(examineno,imagename,imagetype,imageprint) VALUES ('DA_101023012','20101023102503.jpg',0,1);
INSERT INTO patientexamineimage(examineno,imagename,imagetype,imageprint) VALUES ('DA_101023012','20101023102511.jpg',0,0);
INSERT INTO patientexamineimage(examineno,imagename,imagetype,imageprint) VALUES ('DA_101023012','20101023102516.jpg',0,0);
INSERT INTO patientexamineimage(examineno,imagename,imagetype,imageprint) VALUES ('DA_101023012','20101023102639.jpg',0,1);
INSERT INTO patientexamineimage(examineno,imagename,imagetype,imageprint) VALUES ('DA_101023012','20101023102656.jpg',0,0);
INSERT INTO patientexamineimage(examineno,imagename,imagetype,imageprint) VALUES ('DA_101023012','20101023102707.jpg',0,0);
INSERT INTO patientexamineimage(examineno,imagename,imagetype,imageprint) VALUES ('DA_101023012','20101023102736.jpg',0,1);
INSERT INTO patientexamineimage(examineno,imagename,imagetype,imageprint) VALUES ('DA_101023012','20101023102817.jpg',0,0);
INSERT INTO patientexamineimage(examineno,imagename,imagetype,imageprint) VALUES ('DA_101023012','20101023102838.jpg',0,1);
INSERT INTO patientexamineimage(examineno,imagename,imagetype,imageprint) VALUES ('DA_101023013','20101023104904.jpg',0,1);
INSERT INTO patientexamineimage(examineno,imagename,imagetype,imageprint) VALUES ('DA_101023013','20101023104908.jpg',0,0);
INSERT INTO patientexamineimage(examineno,imagename,imagetype,imageprint) VALUES ('DA_101023013','20101023105121.jpg',0,1);
INSERT INTO patientexamineimage(examineno,imagename,imagetype,imageprint) VALUES ('DA_101023013','20101023105148.jpg',0,0);
INSERT INTO patientexamineimage(examineno,imagename,imagetype,imageprint) VALUES ('DA_101023013','20101023105159.jpg',0,0);
INSERT INTO patientexamineimage(examineno,imagename,imagetype,imageprint) VALUES ('DA_101023013','20101023105220.jpg',0,1);
INSERT INTO patientexamineimage(examineno,imagename,imagetype,imageprint) VALUES ('DA_101023013','20101023105248.jpg',0,1);
INSERT INTO patientexamineimage(examineno,imagename,imagetype,imageprint) VALUES ('DA_101023014','20101023111048.jpg',0,1);
INSERT INTO patientexamineimage(examineno,imagename,imagetype,imageprint) VALUES ('DA_101023014','20101023111054.jpg',0,0);
INSERT INTO patientexamineimage(examineno,imagename,imagetype,imageprint) VALUES ('DA_101023014','20101023111228.jpg',0,1);
INSERT INTO patientexamineimage(examineno,imagename,imagetype,imageprint) VALUES ('DA_101023014','20101023111249.jpg',0,0);
INSERT INTO patientexamineimage(examineno,imagename,imagetype,imageprint) VALUES ('DA_101023014','20101023111334.jpg',0,1);
INSERT INTO patientexamineimage(examineno,imagename,imagetype,imageprint) VALUES ('DA_101023014','20101023111411.jpg',0,0);
INSERT INTO patientexamineimage(examineno,imagename,imagetype,imageprint) VALUES ('DA_101023014','20101023111437.jpg',0,1);
INSERT INTO patientexamineimage(examineno,imagename,imagetype,imageprint) VALUES ('DA_101024001','20101024081952.jpg',0,1);
INSERT INTO patientexamineimage(examineno,imagename,imagetype,imageprint) VALUES ('DA_101024001','20101024081957.jpg',0,0);
INSERT INTO patientexamineimage(examineno,imagename,imagetype,imageprint) VALUES ('DA_101024001','20101024082127.jpg',0,1);
INSERT INTO patientexamineimage(examineno,imagename,imagetype,imageprint) VALUES ('DA_101024001','20101024082149.jpg',0,0);
INSERT INTO patientexamineimage(examineno,imagename,imagetype,imageprint) VALUES ('DA_101024001','20101024082215.jpg',0,1);
INSERT INTO patientexamineimage(examineno,imagename,imagetype,imageprint) VALUES ('DA_101024001','20101024082230.jpg',0,0);
INSERT INTO patientexamineimage(examineno,imagename,imagetype,imageprint) VALUES ('DA_101024001','20101024082245.jpg',0,0);
INSERT INTO patientexamineimage(examineno,imagename,imagetype,imageprint) VALUES ('DA_101024001','20101024082343.jpg',0,1);
INSERT INTO patientexamineimage(examineno,imagename,imagetype,imageprint) VALUES ('DA_101024003','20101024084500.jpg',0,1);
INSERT INTO patientexamineimage(examineno,imagename,imagetype,imageprint) VALUES ('DA_101024003','20101024084511.jpg',0,0);
INSERT INTO patientexamineimage(examineno,imagename,imagetype,imageprint) VALUES ('DA_101024003','20101024084534.jpg',0,1);
INSERT INTO patientexamineimage(examineno,imagename,imagetype,imageprint) VALUES ('DA_101024003','20101024084658.jpg',0,0);
INSERT INTO patientexamineimage(examineno,imagename,imagetype,imageprint) VALUES ('DA_101024003','20101024084717.jpg',0,0);
INSERT INTO patientexamineimage(examineno,imagename,imagetype,imageprint) VALUES ('DA_101024003','20101024084732.jpg',0,0);
INSERT INTO patientexamineimage(examineno,imagename,imagetype,imageprint) VALUES ('DA_101024003','20101024084750.jpg',0,1);
INSERT INTO patientexamineimage(examineno,imagename,imagetype,imageprint) VALUES ('DA_101024003','20101024084820.jpg',0,0);
INSERT INTO patientexamineimage(examineno,imagename,imagetype,imageprint) VALUES ('DA_101024003','20101024084856.jpg',0,1);
INSERT INTO patientexamineimage(examineno,imagename,imagetype,imageprint) VALUES ('DA_101024011','20101024111029.jpg',0,1);
INSERT INTO patientexamineimage(examineno,imagename,imagetype,imageprint) VALUES ('DA_101024011','20101024111048.jpg',0,0);
INSERT INTO patientexamineimage(examineno,imagename,imagetype,imageprint) VALUES ('DA_101024011','20101024111215.jpg',0,1);
INSERT INTO patientexamineimage(examineno,imagename,imagetype,imageprint) VALUES ('DA_101024011','20101024111241.jpg',0,0);
INSERT INTO patientexamineimage(examineno,imagename,imagetype,imageprint) VALUES ('DA_101024011','20101024111310.jpg',0,1);
INSERT INTO patientexamineimage(examineno,imagename,imagetype,imageprint) VALUES ('DA_101024011','20101024111323.jpg',0,0);
INSERT INTO patientexamineimage(examineno,imagename,imagetype,imageprint) VALUES ('DA_101024011','20101024111412.jpg',0,1);
INSERT INTO patientexamineimage(examineno,imagename,imagetype,imageprint) VALUES ('DA_101024016','20101024112010.jpg',0,1);
INSERT INTO patientexamineimage(examineno,imagename,imagetype,imageprint) VALUES ('DA_101024016','20101024112013.jpg',0,0);
INSERT INTO patientexamineimage(examineno,imagename,imagetype,imageprint) VALUES ('DA_101024016','20101024112132.jpg',0,1);
INSERT INTO patientexamineimage(examineno,imagename,imagetype,imageprint) VALUES ('DA_101024016','20101024112155.jpg',0,0);
INSERT INTO patientexamineimage(examineno,imagename,imagetype,imageprint) VALUES ('DA_101024016','20101024112225.jpg',0,1);
INSERT INTO patientexamineimage(examineno,imagename,imagetype,imageprint) VALUES ('DA_101024016','20101024112308.jpg',0,0);
INSERT INTO patientexamineimage(examineno,imagename,imagetype,imageprint) VALUES ('DA_101024016','20101024112719.jpg',0,1);
INSERT INTO patientexamineimage(examineno,imagename,imagetype,imageprint) VALUES ('DA_101025006','20101025093529.jpg',0,0);
INSERT INTO patientexamineimage(examineno,imagename,imagetype,imageprint) VALUES ('DA_101025006','20101025093550.jpg',0,1);
INSERT INTO patientexamineimage(examineno,imagename,imagetype,imageprint) VALUES ('DA_101025006','20101025093558.jpg',0,0);
INSERT INTO patientexamineimage(examineno,imagename,imagetype,imageprint) VALUES ('DA_101025006','20101025093727.jpg',0,1);
INSERT INTO patientexamineimage(examineno,imagename,imagetype,imageprint) VALUES ('DA_101025006','20101025093753.jpg',0,0);
INSERT INTO patientexamineimage(examineno,imagename,imagetype,imageprint) VALUES ('DA_101025006','20101025093823.jpg',0,1);
INSERT INTO patientexamineimage(examineno,imagename,imagetype,imageprint) VALUES ('DA_101025006','20101025093853.jpg',0,0);
INSERT INTO patientexamineimage(examineno,imagename,imagetype,imageprint) VALUES ('DA_101025006','20101025093922.jpg',0,0);
INSERT INTO patientexamineimage(examineno,imagename,imagetype,imageprint) VALUES ('DA_101025006','20101025093937.jpg',0,1);
INSERT INTO patientexamineimage(examineno,imagename,imagetype,imageprint) VALUES ('DA_101030007','20101030093011.jpg',0,1);
INSERT INTO patientexamineimage(examineno,imagename,imagetype,imageprint) VALUES ('DA_101030007','20101030093020.jpg',0,0);
INSERT INTO patientexamineimage(examineno,imagename,imagetype,imageprint) VALUES ('DA_101030007','20101030093138.jpg',0,1);
INSERT INTO patientexamineimage(examineno,imagename,imagetype,imageprint) VALUES ('DA_101030007','20101030093207.jpg',0,0);
INSERT INTO patientexamineimage(examineno,imagename,imagetype,imageprint) VALUES ('DA_101030007','20101030093237.jpg',0,1);
INSERT INTO patientexamineimage(examineno,imagename,imagetype,imageprint) VALUES ('DA_101030007','20101030093244.jpg',0,0);
INSERT INTO patientexamineimage(examineno,imagename,imagetype,imageprint) VALUES ('DA_101030007','20101030093307.jpg',0,0);
INSERT INTO patientexamineimage(examineno,imagename,imagetype,imageprint) VALUES ('DA_101030007','20101030093419.jpg',0,1);
INSERT INTO patientexamineimage(examineno,imagename,imagetype,imageprint) VALUES ('DA_101030010','20101030095919.jpg',0,1);
INSERT INTO patientexamineimage(examineno,imagename,imagetype,imageprint) VALUES ('DA_101030010','20101030095934.jpg',0,0);
INSERT INTO patientexamineimage(examineno,imagename,imagetype,imageprint) VALUES ('DA_101030010','20101030100053.jpg',0,1);
INSERT INTO patientexamineimage(examineno,imagename,imagetype,imageprint) VALUES ('DA_101030010','20101030100122.jpg',0,0);
INSERT INTO patientexamineimage(examineno,imagename,imagetype,imageprint) VALUES ('DA_101030010','20101030100154.jpg',0,1);
INSERT INTO patientexamineimage(examineno,imagename,imagetype,imageprint) VALUES ('DA_101030010','20101030100245.jpg',0,1);
INSERT INTO patientexamineimage(examineno,imagename,imagetype,imageprint) VALUES ('DA_101030014','20101030104615.jpg',0,1);
INSERT INTO patientexamineimage(examineno,imagename,imagetype,imageprint) VALUES ('DA_101030014','20101030104618.jpg',0,0);
INSERT INTO patientexamineimage(examineno,imagename,imagetype,imageprint) VALUES ('DA_101030014','20101030104741.jpg',0,1);
INSERT INTO patientexamineimage(examineno,imagename,imagetype,imageprint) VALUES ('DA_101030014','20101030104812.jpg',0,0);
INSERT INTO patientexamineimage(examineno,imagename,imagetype,imageprint) VALUES ('DA_101030014','20101030104830.jpg',0,0);
INSERT INTO patientexamineimage(examineno,imagename,imagetype,imageprint) VALUES ('DA_101030014','20101030104842.jpg',0,1);
INSERT INTO patientexamineimage(examineno,imagename,imagetype,imageprint) VALUES ('DA_101030014','20101030104947.jpg',0,1);
INSERT INTO patientexamineimage(examineno,imagename,imagetype,imageprint) VALUES ('DA_101104006','20101104142103.jpg',0,0);
INSERT INTO patientexamineimage(examineno,imagename,imagetype,imageprint) VALUES ('DA_101104006','20101104142108.jpg',0,0);
INSERT INTO patientexamineimage(examineno,imagename,imagetype,imageprint) VALUES ('DA_101104006','20101104142141.jpg',0,1);
INSERT INTO patientexamineimage(examineno,imagename,imagetype,imageprint) VALUES ('DA_101104006','20101104142147.jpg',0,0);
INSERT INTO patientexamineimage(examineno,imagename,imagetype,imageprint) VALUES ('DA_101104006','20101104142302.jpg',0,0);
INSERT INTO patientexamineimage(examineno,imagename,imagetype,imageprint) VALUES ('DA_101104006','20101104142317.jpg',0,0);
INSERT INTO patientexamineimage(examineno,imagename,imagetype,imageprint) VALUES ('DA_101104006','20101104142326.jpg',0,0);
INSERT INTO patientexamineimage(examineno,imagename,imagetype,imageprint) VALUES ('DA_101104006','20101104142339.jpg',0,1);
INSERT INTO patientexamineimage(examineno,imagename,imagetype,imageprint) VALUES ('DA_101104006','20101104142352.jpg',0,0);
INSERT INTO patientexamineimage(examineno,imagename,imagetype,imageprint) VALUES ('DA_101104006','20101104142406.jpg',0,1);
INSERT INTO patientexamineimage(examineno,imagename,imagetype,imageprint) VALUES ('DA_101104006','20101104142442.jpg',0,0);
INSERT INTO patientexamineimage(examineno,imagename,imagetype,imageprint) VALUES ('DA_101104006','20101104142458.jpg',0,1);
INSERT INTO patientexamineimage(examineno,imagename,imagetype,imageprint) VALUES ('DA_101104009','20101104145441.jpg',0,0);
INSERT INTO patientexamineimage(examineno,imagename,imagetype,imageprint) VALUES ('DA_101104009','20101104145457.jpg',0,1);
INSERT INTO patientexamineimage(examineno,imagename,imagetype,imageprint) VALUES ('DA_101104009','20101104145501.jpg',0,0);
INSERT INTO patientexamineimage(examineno,imagename,imagetype,imageprint) VALUES ('DA_101104009','20101104145613.jpg',0,1);
INSERT INTO patientexamineimage(examineno,imagename,imagetype,imageprint) VALUES ('DA_101104009','20101104145705.jpg',0,1);
INSERT INTO patientexamineimage(examineno,imagename,imagetype,imageprint) VALUES ('DA_101104009','20101104145735.jpg',0,0);
INSERT INTO patientexamineimage(examineno,imagename,imagetype,imageprint) VALUES ('DA_101104009','20101104145742.jpg',0,0);
INSERT INTO patientexamineimage(examineno,imagename,imagetype,imageprint) VALUES ('DA_101104009','20101104145749.jpg',0,0);
INSERT INTO patientexamineimage(examineno,imagename,imagetype,imageprint) VALUES ('DA_101104009','20101104145759.jpg',0,0);
INSERT INTO patientexamineimage(examineno,imagename,imagetype,imageprint) VALUES ('DA_101104009','20101104145829.jpg',0,0);
INSERT INTO patientexamineimage(examineno,imagename,imagetype,imageprint) VALUES ('DA_101104009','20101104145836.jpg',0,1);
INSERT INTO patientexamineimage(examineno,imagename,imagetype,imageprint) VALUES ('DA_101104012','20101104153002.jpg',0,1);
INSERT INTO patientexamineimage(examineno,imagename,imagetype,imageprint) VALUES ('DA_101104012','20101104153006.jpg',0,0);
INSERT INTO patientexamineimage(examineno,imagename,imagetype,imageprint) VALUES ('DA_101104012','20101104153031.jpg',0,0);
INSERT INTO patientexamineimage(examineno,imagename,imagetype,imageprint) VALUES ('DA_101104012','20101104153157.jpg',0,1);
INSERT INTO patientexamineimage(examineno,imagename,imagetype,imageprint) VALUES ('DA_101104012','20101104153227.jpg',0,0);
INSERT INTO patientexamineimage(examineno,imagename,imagetype,imageprint) VALUES ('DA_101104012','20101104153234.jpg',0,0);
INSERT INTO patientexamineimage(examineno,imagename,imagetype,imageprint) VALUES ('DA_101104012','20101104153257.jpg',0,1);
INSERT INTO patientexamineimage(examineno,imagename,imagetype,imageprint) VALUES ('DA_101104012','20101104153329.jpg',0,0);
INSERT INTO patientexamineimage(examineno,imagename,imagetype,imageprint) VALUES ('DA_101104012','20101104153405.jpg',0,0);
INSERT INTO patientexamineimage(examineno,imagename,imagetype,imageprint) VALUES ('DA_101104012','20101104153425.jpg',0,0);
INSERT INTO patientexamineimage(examineno,imagename,imagetype,imageprint) VALUES ('DA_101104012','20101104153444.jpg',0,0);
INSERT INTO patientexamineimage(examineno,imagename,imagetype,imageprint) VALUES ('DA_101104012','20101104153524.jpg',0,0);
INSERT INTO patientexamineimage(examineno,imagename,imagetype,imageprint) VALUES ('DA_101104012','20101104153547.jpg',0,1);
INSERT INTO patientexamineimage(examineno,imagename,imagetype,imageprint) VALUES ('DA_101104019','20101104162609.jpg',0,1);
INSERT INTO patientexamineimage(examineno,imagename,imagetype,imageprint) VALUES ('DA_101104019','20101104162613.jpg',0,0);
INSERT INTO patientexamineimage(examineno,imagename,imagetype,imageprint) VALUES ('DA_101104019','20101104162728.jpg',0,1);
INSERT INTO patientexamineimage(examineno,imagename,imagetype,imageprint) VALUES ('DA_101104019','20101104162750.jpg',0,0);
INSERT INTO patientexamineimage(examineno,imagename,imagetype,imageprint) VALUES ('DA_101104019','20101104162821.jpg',0,0);
INSERT INTO patientexamineimage(examineno,imagename,imagetype,imageprint) VALUES ('DA_101104019','20101104162828.jpg',0,1);
INSERT INTO patientexamineimage(examineno,imagename,imagetype,imageprint) VALUES ('DA_101104019','20101104162916.jpg',0,0);
INSERT INTO patientexamineimage(examineno,imagename,imagetype,imageprint) VALUES ('DA_101104019','20101104162947.jpg',0,1);
INSERT INTO patientexamineimage(examineno,imagename,imagetype,imageprint) VALUES ('DA_101104019','20101104162953.jpg',0,0);
INSERT INTO patientexamineimage(examineno,imagename,imagetype,imageprint) VALUES ('DA_101104019','20101104163011.jpg',0,0);
INSERT INTO patientexamineimage(examineno,imagename,imagetype,imageprint) VALUES ('DA_101105001','20101105133351.jpg',0,0);
INSERT INTO patientexamineimage(examineno,imagename,imagetype,imageprint) VALUES ('DA_101105001','20101105133522.jpg',0,1);
INSERT INTO patientexamineimage(examineno,imagename,imagetype,imageprint) VALUES ('DA_101105001','20101105133551.jpg',0,0);
INSERT INTO patientexamineimage(examineno,imagename,imagetype,imageprint) VALUES ('DA_101105001','20101105133629.jpg',0,0);
INSERT INTO patientexamineimage(examineno,imagename,imagetype,imageprint) VALUES ('DA_101105001','20101105133711.jpg',0,1);
INSERT INTO patientexamineimage(examineno,imagename,imagetype,imageprint) VALUES ('DA_101105001','20101105133714.jpg',0,1);
INSERT INTO patientexamineimage(examineno,imagename,imagetype,imageprint) VALUES ('DA_101105001','20101105133749.jpg',0,1);
INSERT INTO patientexamineimage(examineno,imagename,imagetype,imageprint) VALUES ('DA_101105002','20101105132017.jpg',0,1);
INSERT INTO patientexamineimage(examineno,imagename,imagetype,imageprint) VALUES ('DA_101105002','20101105132023.jpg',0,0);
INSERT INTO patientexamineimage(examineno,imagename,imagetype,imageprint) VALUES ('DA_101105002','20101105132029.jpg',0,0);
INSERT INTO patientexamineimage(examineno,imagename,imagetype,imageprint) VALUES ('DA_101105002','20101105132139.jpg',0,1);
INSERT INTO patientexamineimage(examineno,imagename,imagetype,imageprint) VALUES ('DA_101105002','20101105132218.jpg',0,0);
INSERT INTO patientexamineimage(examineno,imagename,imagetype,imageprint) VALUES ('DA_101105002','20101105132304.jpg',0,0);
INSERT INTO patientexamineimage(examineno,imagename,imagetype,imageprint) VALUES ('DA_101105002','20101105132357.jpg',0,1);
INSERT INTO patientexamineimage(examineno,imagename,imagetype,imageprint) VALUES ('DA_101105002','20101105132434.jpg',0,1);
INSERT INTO patientexamineimage(examineno,imagename,imagetype,imageprint) VALUES ('DA_101105003','20101105135646.jpg',0,0);
INSERT INTO patientexamineimage(examineno,imagename,imagetype,imageprint) VALUES ('DA_101105003','20101105135710.jpg',0,1);
INSERT INTO patientexamineimage(examineno,imagename,imagetype,imageprint) VALUES ('DA_101105003','20101105135715.jpg',0,0);
INSERT INTO patientexamineimage(examineno,imagename,imagetype,imageprint) VALUES ('DA_101105003','20101105135829.jpg',0,1);
INSERT INTO patientexamineimage(examineno,imagename,imagetype,imageprint) VALUES ('DA_101105003','20101105135857.jpg',0,0);
INSERT INTO patientexamineimage(examineno,imagename,imagetype,imageprint) VALUES ('DA_101105003','20101105135910.jpg',0,0);
INSERT INTO patientexamineimage(examineno,imagename,imagetype,imageprint) VALUES ('DA_101105003','20101105135928.jpg',0,1);
INSERT INTO patientexamineimage(examineno,imagename,imagetype,imageprint) VALUES ('DA_101105003','20101105135948.jpg',0,0);
INSERT INTO patientexamineimage(examineno,imagename,imagetype,imageprint) VALUES ('DA_101105003','20101105135952.jpg',0,0);
INSERT INTO patientexamineimage(examineno,imagename,imagetype,imageprint) VALUES ('DA_101105003','20101105140042.jpg',0,0);
INSERT INTO patientexamineimage(examineno,imagename,imagetype,imageprint) VALUES ('DA_101105003','20101105140107.jpg',0,0);
INSERT INTO patientexamineimage(examineno,imagename,imagetype,imageprint) VALUES ('DA_101105003','20101105140121.jpg',0,1);
INSERT INTO patientexamineimage(examineno,imagename,imagetype,imageprint) VALUES ('DA_101105006','20101105142200.jpg',0,1);
INSERT INTO patientexamineimage(examineno,imagename,imagetype,imageprint) VALUES ('DA_101105006','20101105142204.jpg',0,0);
INSERT INTO patientexamineimage(examineno,imagename,imagetype,imageprint) VALUES ('DA_101105006','20101105142322.jpg',0,1);
INSERT INTO patientexamineimage(examineno,imagename,imagetype,imageprint) VALUES ('DA_101105006','20101105142355.jpg',0,0);
INSERT INTO patientexamineimage(examineno,imagename,imagetype,imageprint) VALUES ('DA_101105006','20101105142425.jpg',0,1);
INSERT INTO patientexamineimage(examineno,imagename,imagetype,imageprint) VALUES ('DA_101105006','20101105142432.jpg',0,0);
INSERT INTO patientexamineimage(examineno,imagename,imagetype,imageprint) VALUES ('DA_101105006','20101105142441.jpg',0,0);
INSERT INTO patientexamineimage(examineno,imagename,imagetype,imageprint) VALUES ('DA_101105006','20101105142726.jpg',0,1);
INSERT INTO patientexamineimage(examineno,imagename,imagetype,imageprint) VALUES ('DA_101106006','20101106094547.jpg',0,1);
INSERT INTO patientexamineimage(examineno,imagename,imagetype,imageprint) VALUES ('DA_101106006','20101106094552.jpg',0,0);
INSERT INTO patientexamineimage(examineno,imagename,imagetype,imageprint) VALUES ('DA_101106006','20101106094712.jpg',0,1);
INSERT INTO patientexamineimage(examineno,imagename,imagetype,imageprint) VALUES ('DA_101106006','20101106094742.jpg',0,0);
INSERT INTO patientexamineimage(examineno,imagename,imagetype,imageprint) VALUES ('DA_101106006','20101106094812.jpg',0,1);
INSERT INTO patientexamineimage(examineno,imagename,imagetype,imageprint) VALUES ('DA_101106006','20101106094845.jpg',0,1);
INSERT INTO patientexamineimage(examineno,imagename,imagetype,imageprint) VALUES ('DA_101106011','20101106100758.jpg',0,1);
INSERT INTO patientexamineimage(examineno,imagename,imagetype,imageprint) VALUES ('DA_101106011','20101106100805.jpg',0,0);
INSERT INTO patientexamineimage(examineno,imagename,imagetype,imageprint) VALUES ('DA_101106011','20101106100918.jpg',0,1);
INSERT INTO patientexamineimage(examineno,imagename,imagetype,imageprint) VALUES ('DA_101106011','20101106100950.jpg',0,0);
INSERT INTO patientexamineimage(examineno,imagename,imagetype,imageprint) VALUES ('DA_101106011','20101106101012.jpg',0,0);
INSERT INTO patientexamineimage(examineno,imagename,imagetype,imageprint) VALUES ('DA_101106011','20101106101018.jpg',0,1);
INSERT INTO patientexamineimage(examineno,imagename,imagetype,imageprint) VALUES ('DA_101106011','20101106101052.jpg',0,0);
INSERT INTO patientexamineimage(examineno,imagename,imagetype,imageprint) VALUES ('DA_101106011','20101106101128.jpg',0,1);
INSERT INTO patientexamineimage(examineno,imagename,imagetype,imageprint) VALUES ('DA_101106012','20101106102424.jpg',0,1);
INSERT INTO patientexamineimage(examineno,imagename,imagetype,imageprint) VALUES ('DA_101106012','20101106102428.jpg',0,0);
INSERT INTO patientexamineimage(examineno,imagename,imagetype,imageprint) VALUES ('DA_101106012','20101106102555.jpg',0,1);
INSERT INTO patientexamineimage(examineno,imagename,imagetype,imageprint) VALUES ('DA_101106012','20101106102624.jpg',0,0);
INSERT INTO patientexamineimage(examineno,imagename,imagetype,imageprint) VALUES ('DA_101106012','20101106102628.jpg',0,0);
INSERT INTO patientexamineimage(examineno,imagename,imagetype,imageprint) VALUES ('DA_101106012','20101106102654.jpg',0,1);
INSERT INTO patientexamineimage(examineno,imagename,imagetype,imageprint) VALUES ('DA_101106012','20101106102737.jpg',0,1);
INSERT INTO patientexamineimage(examineno,imagename,imagetype,imageprint) VALUES ('DA_101106014','20101106104030.jpg',0,1);
INSERT INTO patientexamineimage(examineno,imagename,imagetype,imageprint) VALUES ('DA_101106014','20101106104035.jpg',0,0);
INSERT INTO patientexamineimage(examineno,imagename,imagetype,imageprint) VALUES ('DA_101106014','20101106104042.jpg',0,0);
INSERT INTO patientexamineimage(examineno,imagename,imagetype,imageprint) VALUES ('DA_101106014','20101106104217.jpg',0,1);
INSERT INTO patientexamineimage(examineno,imagename,imagetype,imageprint) VALUES ('DA_101106014','20101106104247.jpg',0,0);
INSERT INTO patientexamineimage(examineno,imagename,imagetype,imageprint) VALUES ('DA_101106014','20101106104310.jpg',0,0);
INSERT INTO patientexamineimage(examineno,imagename,imagetype,imageprint) VALUES ('DA_101106014','20101106104327.jpg',0,1);
INSERT INTO patientexamineimage(examineno,imagename,imagetype,imageprint) VALUES ('DA_101106014','20101106104411.jpg',0,1);
INSERT INTO patientexamineimage(examineno,imagename,imagetype,imageprint) VALUES ('DA_101106014','20101106104441.jpg',0,0);
INSERT INTO patientexamineimage(examineno,imagename,imagetype,imageprint) VALUES ('DA_101106022','20101106115540.jpg',0,1);
INSERT INTO patientexamineimage(examineno,imagename,imagetype,imageprint) VALUES ('DA_101106022','20101106115549.jpg',0,0);
INSERT INTO patientexamineimage(examineno,imagename,imagetype,imageprint) VALUES ('DA_101106022','20101106115602.jpg',0,0);
INSERT INTO patientexamineimage(examineno,imagename,imagetype,imageprint) VALUES ('DA_101106022','20101106115614.jpg',0,0);
INSERT INTO patientexamineimage(examineno,imagename,imagetype,imageprint) VALUES ('DA_101106022','20101106115728.jpg',0,1);
INSERT INTO patientexamineimage(examineno,imagename,imagetype,imageprint) VALUES ('DA_101106022','20101106115753.jpg',0,0);
INSERT INTO patientexamineimage(examineno,imagename,imagetype,imageprint) VALUES ('DA_101106022','20101106115828.jpg',0,1);
INSERT INTO patientexamineimage(examineno,imagename,imagetype,imageprint) VALUES ('DA_101106022','20101106120042.jpg',0,1);
INSERT INTO patientexamineimage(examineno,imagename,imagetype,imageprint) VALUES ('DA_101107003','20101107090108.jpg',0,1);
INSERT INTO patientexamineimage(examineno,imagename,imagetype,imageprint) VALUES ('DA_101107003','20101107090113.jpg',0,0);
INSERT INTO patientexamineimage(examineno,imagename,imagetype,imageprint) VALUES ('DA_101107003','20101107090236.jpg',0,1);
INSERT INTO patientexamineimage(examineno,imagename,imagetype,imageprint) VALUES ('DA_101107003','20101107090306.jpg',0,0);
INSERT INTO patientexamineimage(examineno,imagename,imagetype,imageprint) VALUES ('DA_101107003','20101107090315.jpg',0,0);
INSERT INTO patientexamineimage(examineno,imagename,imagetype,imageprint) VALUES ('DA_101107003','20101107090335.jpg',0,1);
INSERT INTO patientexamineimage(examineno,imagename,imagetype,imageprint) VALUES ('DA_101107003','20101107090409.jpg',0,0);
INSERT INTO patientexamineimage(examineno,imagename,imagetype,imageprint) VALUES ('DA_101107003','20101107090708.jpg',0,1);
INSERT INTO patientexamineimage(examineno,imagename,imagetype,imageprint) VALUES ('DA_101107006','20101107092037.jpg',0,1);
INSERT INTO patientexamineimage(examineno,imagename,imagetype,imageprint) VALUES ('DA_101107006','20101107092040.jpg',0,0);
INSERT INTO patientexamineimage(examineno,imagename,imagetype,imageprint) VALUES ('DA_101107006','20101107092200.jpg',0,1);
INSERT INTO patientexamineimage(examineno,imagename,imagetype,imageprint) VALUES ('DA_101107006','20101107092230.jpg',0,0);
INSERT INTO patientexamineimage(examineno,imagename,imagetype,imageprint) VALUES ('DA_101107006','20101107092251.jpg',0,0);
INSERT INTO patientexamineimage(examineno,imagename,imagetype,imageprint) VALUES ('DA_101107006','20101107092301.jpg',0,1);
INSERT INTO patientexamineimage(examineno,imagename,imagetype,imageprint) VALUES ('DA_101107006','20101107092347.jpg',0,0);
INSERT INTO patientexamineimage(examineno,imagename,imagetype,imageprint) VALUES ('DA_101107006','20101107092415.jpg',0,1);
INSERT INTO patientexamineimage(examineno,imagename,imagetype,imageprint) VALUES ('DA_101107015','20101107104322.jpg',0,1);
INSERT INTO patientexamineimage(examineno,imagename,imagetype,imageprint) VALUES ('DA_101107015','20101107104326.jpg',0,0);
INSERT INTO patientexamineimage(examineno,imagename,imagetype,imageprint) VALUES ('DA_101107015','20101107104438.jpg',0,1);
INSERT INTO patientexamineimage(examineno,imagename,imagetype,imageprint) VALUES ('DA_101107015','20101107104509.jpg',0,0);
INSERT INTO patientexamineimage(examineno,imagename,imagetype,imageprint) VALUES ('DA_101107015','20101107104513.jpg',0,0);
INSERT INTO patientexamineimage(examineno,imagename,imagetype,imageprint) VALUES ('DA_101107015','20101107104523.jpg',0,0);
INSERT INTO patientexamineimage(examineno,imagename,imagetype,imageprint) VALUES ('DA_101107015','20101107104546.jpg',0,1);
INSERT INTO patientexamineimage(examineno,imagename,imagetype,imageprint) VALUES ('DA_101107015','20101107104608.jpg',0,0);
INSERT INTO patientexamineimage(examineno,imagename,imagetype,imageprint) VALUES ('DA_101107015','20101107104721.jpg',0,1);
INSERT INTO patientexamineimage(examineno,imagename,imagetype,imageprint) VALUES ('DA_101107017','20101107111033.jpg',0,1);
INSERT INTO patientexamineimage(examineno,imagename,imagetype,imageprint) VALUES ('DA_101107017','20101107111039.jpg',0,0);
INSERT INTO patientexamineimage(examineno,imagename,imagetype,imageprint) VALUES ('DA_101107017','20101107111226.jpg',0,1);
INSERT INTO patientexamineimage(examineno,imagename,imagetype,imageprint) VALUES ('DA_101107017','20101107111255.jpg',0,0);
INSERT INTO patientexamineimage(examineno,imagename,imagetype,imageprint) VALUES ('DA_101107017','20101107111323.jpg',0,0);
INSERT INTO patientexamineimage(examineno,imagename,imagetype,imageprint) VALUES ('DA_101107017','20101107111326.jpg',0,1);
INSERT INTO patientexamineimage(examineno,imagename,imagetype,imageprint) VALUES ('DA_101107017','20101107111348.jpg',0,1);
INSERT INTO patientexamineimage(examineno,imagename,imagetype,imageprint) VALUES ('DA_101107018','20101107111934.jpg',0,1);
INSERT INTO patientexamineimage(examineno,imagename,imagetype,imageprint) VALUES ('DA_101107018','20101107111939.jpg',0,0);
INSERT INTO patientexamineimage(examineno,imagename,imagetype,imageprint) VALUES ('DA_101107018','20101107112054.jpg',0,1);
INSERT INTO patientexamineimage(examineno,imagename,imagetype,imageprint) VALUES ('DA_101107018','20101107112111.jpg',0,0);
INSERT INTO patientexamineimage(examineno,imagename,imagetype,imageprint) VALUES ('DA_101107018','20101107112123.jpg',0,0);
INSERT INTO patientexamineimage(examineno,imagename,imagetype,imageprint) VALUES ('DA_101107018','20101107112152.jpg',0,1);
INSERT INTO patientexamineimage(examineno,imagename,imagetype,imageprint) VALUES ('DA_101107018','20101107112227.jpg',0,1);
INSERT INTO patientexamineimage(examineno,imagename,imagetype,imageprint) VALUES ('DA_101107025','20101107141821.jpg',0,0);
INSERT INTO patientexamineimage(examineno,imagename,imagetype,imageprint) VALUES ('DA_101107025','20101107141849.jpg',0,1);
INSERT INTO patientexamineimage(examineno,imagename,imagetype,imageprint) VALUES ('DA_101107025','20101107142103.jpg',0,1);
INSERT INTO patientexamineimage(examineno,imagename,imagetype,imageprint) VALUES ('DA_101108002','20101108084822.jpg',0,1);
INSERT INTO patientexamineimage(examineno,imagename,imagetype,imageprint) VALUES ('DA_101108002','20101108084959.jpg',0,0);
INSERT INTO patientexamineimage(examineno,imagename,imagetype,imageprint) VALUES ('DA_101108002','20101108085002.jpg',0,1);
INSERT INTO patientexamineimage(examineno,imagename,imagetype,imageprint) VALUES ('DA_101108002','20101108085030.jpg',0,0);
INSERT INTO patientexamineimage(examineno,imagename,imagetype,imageprint) VALUES ('DA_101108002','20101108085037.jpg',0,0);
INSERT INTO patientexamineimage(examineno,imagename,imagetype,imageprint) VALUES ('DA_101108002','20101108085044.jpg',0,0);
INSERT INTO patientexamineimage(examineno,imagename,imagetype,imageprint) VALUES ('DA_101108002','20101108085100.jpg',0,1);
INSERT INTO patientexamineimage(examineno,imagename,imagetype,imageprint) VALUES ('DA_101108002','20101108085122.jpg',0,0);
INSERT INTO patientexamineimage(examineno,imagename,imagetype,imageprint) VALUES ('DA_101108002','20101108085203.jpg',0,1);
INSERT INTO patientexamineimage(examineno,imagename,imagetype,imageprint) VALUES ('DA_101108011','20101108095418.jpg',0,1);
INSERT INTO patientexamineimage(examineno,imagename,imagetype,imageprint) VALUES ('DA_101108011','20101108095422.jpg',0,0);
INSERT INTO patientexamineimage(examineno,imagename,imagetype,imageprint) VALUES ('DA_101108011','20101108095427.jpg',0,0);
INSERT INTO patientexamineimage(examineno,imagename,imagetype,imageprint) VALUES ('DA_101108011','20101108095546.jpg',0,1);
INSERT INTO patientexamineimage(examineno,imagename,imagetype,imageprint) VALUES ('DA_101108011','20101108095551.jpg',0,0);
INSERT INTO patientexamineimage(examineno,imagename,imagetype,imageprint) VALUES ('DA_101108011','20101108095619.jpg',0,0);
INSERT INTO patientexamineimage(examineno,imagename,imagetype,imageprint) VALUES ('DA_101108011','20101108095632.jpg',0,0);
INSERT INTO patientexamineimage(examineno,imagename,imagetype,imageprint) VALUES ('DA_101108011','20101108095638.jpg',0,0);
INSERT INTO patientexamineimage(examineno,imagename,imagetype,imageprint) VALUES ('DA_101108011','20101108095642.jpg',0,1);
INSERT INTO patientexamineimage(examineno,imagename,imagetype,imageprint) VALUES ('DA_101108011','20101108095650.jpg',0,1);
INSERT INTO patientexamineimage(examineno,imagename,imagetype,imageprint) VALUES ('DA_101108011','20101108095653.jpg',0,0);
INSERT INTO patientexamineimage(examineno,imagename,imagetype,imageprint) VALUES ('DA_101108011','20101108095701.jpg',0,0);
INSERT INTO patientexamineimage(examineno,imagename,imagetype,imageprint) VALUES ('DA_101108011','20101108095718.jpg',0,0);
INSERT INTO patientexamineimage(examineno,imagename,imagetype,imageprint) VALUES ('DA_101108011','20101108095721.jpg',0,0);
INSERT INTO patientexamineimage(examineno,imagename,imagetype,imageprint) VALUES ('DA_101108011','20101108095728.jpg',0,0);
INSERT INTO patientexamineimage(examineno,imagename,imagetype,imageprint) VALUES ('DA_101108011','20101108095732.jpg',0,0);
INSERT INTO patientexamineimage(examineno,imagename,imagetype,imageprint) VALUES ('DA_101108012','20101108101449.jpg',0,1);
INSERT INTO patientexamineimage(examineno,imagename,imagetype,imageprint) VALUES ('DA_101108012','20101108101451.jpg',0,0);
INSERT INTO patientexamineimage(examineno,imagename,imagetype,imageprint) VALUES ('DA_101108012','20101108101508.jpg',0,0);
INSERT INTO patientexamineimage(examineno,imagename,imagetype,imageprint) VALUES ('DA_101108012','20101108101511.jpg',0,0);
INSERT INTO patientexamineimage(examineno,imagename,imagetype,imageprint) VALUES ('DA_101108012','20101108101638.jpg',0,1);
INSERT INTO patientexamineimage(examineno,imagename,imagetype,imageprint) VALUES ('DA_101108012','20101108101710.jpg',0,0);
INSERT INTO patientexamineimage(examineno,imagename,imagetype,imageprint) VALUES ('DA_101108012','20101108101738.jpg',0,1);
INSERT INTO patientexamineimage(examineno,imagename,imagetype,imageprint) VALUES ('DA_101108012','20101108101753.jpg',0,0);
INSERT INTO patientexamineimage(examineno,imagename,imagetype,imageprint) VALUES ('DA_101108012','20101108101811.jpg',0,0);
INSERT INTO patientexamineimage(examineno,imagename,imagetype,imageprint) VALUES ('DA_101108012','20101108101847.jpg',0,0);
INSERT INTO patientexamineimage(examineno,imagename,imagetype,imageprint) VALUES ('DA_101108012','20101108101859.jpg',0,1);
INSERT INTO patientexamineimage(examineno,imagename,imagetype,imageprint) VALUES ('DA_101108014','20101108111829.jpg',0,1);
INSERT INTO patientexamineimage(examineno,imagename,imagetype,imageprint) VALUES ('DA_101108014','20101108111832.jpg',0,0);
INSERT INTO patientexamineimage(examineno,imagename,imagetype,imageprint) VALUES ('DA_101108014','20101108111942.jpg',0,1);
INSERT INTO patientexamineimage(examineno,imagename,imagetype,imageprint) VALUES ('DA_101108014','20101108112012.jpg',0,0);
INSERT INTO patientexamineimage(examineno,imagename,imagetype,imageprint) VALUES ('DA_101108014','20101108112042.jpg',0,1);
INSERT INTO patientexamineimage(examineno,imagename,imagetype,imageprint) VALUES ('DA_101108014','20101108112112.jpg',0,0);
INSERT INTO patientexamineimage(examineno,imagename,imagetype,imageprint) VALUES ('DA_101108014','20101108112201.jpg',0,1);
INSERT INTO patientexamineimage(examineno,imagename,imagetype,imageprint) VALUES ('DA_101108014','20101108112209.jpg',0,0);
INSERT INTO patientexamineimage(examineno,imagename,imagetype,imageprint) VALUES ('DA_101111007','20101111142118.jpg',0,1);
INSERT INTO patientexamineimage(examineno,imagename,imagetype,imageprint) VALUES ('DA_101111007','20101111142129.jpg',0,0);
INSERT INTO patientexamineimage(examineno,imagename,imagetype,imageprint) VALUES ('DA_101111007','20101111142240.jpg',0,1);
INSERT INTO patientexamineimage(examineno,imagename,imagetype,imageprint) VALUES ('DA_101111007','20101111142310.jpg',0,0);
INSERT INTO patientexamineimage(examineno,imagename,imagetype,imageprint) VALUES ('DA_101111007','20101111142338.jpg',0,0);
INSERT INTO patientexamineimage(examineno,imagename,imagetype,imageprint) VALUES ('DA_101111007','20101111142341.jpg',0,1);
INSERT INTO patientexamineimage(examineno,imagename,imagetype,imageprint) VALUES ('DA_101111007','20101111142411.jpg',0,0);
INSERT INTO patientexamineimage(examineno,imagename,imagetype,imageprint) VALUES ('DA_101111007','20101111142515.jpg',0,0);
INSERT INTO patientexamineimage(examineno,imagename,imagetype,imageprint) VALUES ('DA_101111007','20101111142524.jpg',0,0);
INSERT INTO patientexamineimage(examineno,imagename,imagetype,imageprint) VALUES ('DA_101111007','20101111142617.jpg',0,0);
INSERT INTO patientexamineimage(examineno,imagename,imagetype,imageprint) VALUES ('DA_101111007','20101111142622.jpg',0,1);
INSERT INTO patientexamineimage(examineno,imagename,imagetype,imageprint) VALUES ('DA_101111009','20101111143033.jpg',0,1);
INSERT INTO patientexamineimage(examineno,imagename,imagetype,imageprint) VALUES ('DA_101111009','20101111143039.jpg',0,0);
INSERT INTO patientexamineimage(examineno,imagename,imagetype,imageprint) VALUES ('DA_101111009','20101111143152.jpg',0,1);
INSERT INTO patientexamineimage(examineno,imagename,imagetype,imageprint) VALUES ('DA_101111009','20101111143222.jpg',0,0);
INSERT INTO patientexamineimage(examineno,imagename,imagetype,imageprint) VALUES ('DA_101111009','20101111143252.jpg',0,1);
INSERT INTO patientexamineimage(examineno,imagename,imagetype,imageprint) VALUES ('DA_101111009','20101111143324.jpg',0,0);
INSERT INTO patientexamineimage(examineno,imagename,imagetype,imageprint) VALUES ('DA_101111009','20101111143327.jpg',0,0);
INSERT INTO patientexamineimage(examineno,imagename,imagetype,imageprint) VALUES ('DA_101111009','20101111143411.jpg',0,1);
INSERT INTO patientexamineimage(examineno,imagename,imagetype,imageprint) VALUES ('DA_101111011','20101111145213.jpg',0,1);
INSERT INTO patientexamineimage(examineno,imagename,imagetype,imageprint) VALUES ('DA_101111011','20101111145220.jpg',0,0);
INSERT INTO patientexamineimage(examineno,imagename,imagetype,imageprint) VALUES ('DA_101111011','20101111145231.jpg',0,0);
INSERT INTO patientexamineimage(examineno,imagename,imagetype,imageprint) VALUES ('DA_101111011','20101111145235.jpg',0,0);
INSERT INTO patientexamineimage(examineno,imagename,imagetype,imageprint) VALUES ('DA_101111011','20101111145415.jpg',0,1);
INSERT INTO patientexamineimage(examineno,imagename,imagetype,imageprint) VALUES ('DA_101111011','20101111145418.jpg',0,0);
INSERT INTO patientexamineimage(examineno,imagename,imagetype,imageprint) VALUES ('DA_101111011','20101111145431.jpg',0,0);
INSERT INTO patientexamineimage(examineno,imagename,imagetype,imageprint) VALUES ('DA_101111011','20101111145440.jpg',0,0);
INSERT INTO patientexamineimage(examineno,imagename,imagetype,imageprint) VALUES ('DA_101111011','20101111145447.jpg',0,0);
INSERT INTO patientexamineimage(examineno,imagename,imagetype,imageprint) VALUES ('DA_101111011','20101111145510.jpg',0,1);
INSERT INTO patientexamineimage(examineno,imagename,imagetype,imageprint) VALUES ('DA_101111011','20101111145541.jpg',0,0);
INSERT INTO patientexamineimage(examineno,imagename,imagetype,imageprint) VALUES ('DA_101111011','20101111145634.jpg',0,1);
INSERT INTO patientexamineimage(examineno,imagename,imagetype,imageprint) VALUES ('DA_101111013','20101111151515.jpg',0,1);
INSERT INTO patientexamineimage(examineno,imagename,imagetype,imageprint) VALUES ('DA_101111013','20101111151520.jpg',0,0);
INSERT INTO patientexamineimage(examineno,imagename,imagetype,imageprint) VALUES ('DA_101111013','20101111151649.jpg',0,1);
INSERT INTO patientexamineimage(examineno,imagename,imagetype,imageprint) VALUES ('DA_101111013','20101111151719.jpg',0,0);
INSERT INTO patientexamineimage(examineno,imagename,imagetype,imageprint) VALUES ('DA_101111013','20101111151737.jpg',0,0);
INSERT INTO patientexamineimage(examineno,imagename,imagetype,imageprint) VALUES ('DA_101111013','20101111151749.jpg',0,1);
INSERT INTO patientexamineimage(examineno,imagename,imagetype,imageprint) VALUES ('DA_101111013','20101111151818.jpg',0,0);
INSERT INTO patientexamineimage(examineno,imagename,imagetype,imageprint) VALUES ('DA_101111013','20101111151904.jpg',0,0);
INSERT INTO patientexamineimage(examineno,imagename,imagetype,imageprint) VALUES ('DA_101111013','20101111151913.jpg',0,1);
INSERT INTO patientexamineimage(examineno,imagename,imagetype,imageprint) VALUES ('DA_101113001','20101113082056.jpg',0,1);
INSERT INTO patientexamineimage(examineno,imagename,imagetype,imageprint) VALUES ('DA_101113001','20101113082107.jpg',0,0);
INSERT INTO patientexamineimage(examineno,imagename,imagetype,imageprint) VALUES ('DA_101113001','20101113082224.jpg',0,1);
INSERT INTO patientexamineimage(examineno,imagename,imagetype,imageprint) VALUES ('DA_101113001','20101113082254.jpg',0,0);
INSERT INTO patientexamineimage(examineno,imagename,imagetype,imageprint) VALUES ('DA_101113001','20101113082301.jpg',0,0);
INSERT INTO patientexamineimage(examineno,imagename,imagetype,imageprint) VALUES ('DA_101113001','20101113082308.jpg',0,0);
INSERT INTO patientexamineimage(examineno,imagename,imagetype,imageprint) VALUES ('DA_101113001','20101113082328.jpg',0,1);
INSERT INTO patientexamineimage(examineno,imagename,imagetype,imageprint) VALUES ('DA_101113001','20101113082349.jpg',0,0);
INSERT INTO patientexamineimage(examineno,imagename,imagetype,imageprint) VALUES ('DA_101113001','20101113082440.jpg',0,0);
INSERT INTO patientexamineimage(examineno,imagename,imagetype,imageprint) VALUES ('DA_101113001','20101113082444.jpg',0,1);
INSERT INTO patientexamineimage(examineno,imagename,imagetype,imageprint) VALUES ('DA_101113002','20101113083120.jpg',0,1);
INSERT INTO patientexamineimage(examineno,imagename,imagetype,imageprint) VALUES ('DA_101113002','20101113083135.jpg',0,0);
INSERT INTO patientexamineimage(examineno,imagename,imagetype,imageprint) VALUES ('DA_101113002','20101113083248.jpg',0,1);
INSERT INTO patientexamineimage(examineno,imagename,imagetype,imageprint) VALUES ('DA_101113002','20101113083319.jpg',0,0);
INSERT INTO patientexamineimage(examineno,imagename,imagetype,imageprint) VALUES ('DA_101113002','20101113083331.jpg',0,0);
INSERT INTO patientexamineimage(examineno,imagename,imagetype,imageprint) VALUES ('DA_101113002','20101113083348.jpg',0,1);
INSERT INTO patientexamineimage(examineno,imagename,imagetype,imageprint) VALUES ('DA_101113002','20101113083431.jpg',0,1);
INSERT INTO patientexamineimage(examineno,imagename,imagetype,imageprint) VALUES ('DA_101113003','20101113084014.jpg',0,1);
INSERT INTO patientexamineimage(examineno,imagename,imagetype,imageprint) VALUES ('DA_101113003','20101113084017.jpg',0,0);
INSERT INTO patientexamineimage(examineno,imagename,imagetype,imageprint) VALUES ('DA_101113003','20101113084130.jpg',0,1);
INSERT INTO patientexamineimage(examineno,imagename,imagetype,imageprint) VALUES ('DA_101113003','20101113084137.jpg',0,0);
INSERT INTO patientexamineimage(examineno,imagename,imagetype,imageprint) VALUES ('DA_101113003','20101113084200.jpg',0,0);
INSERT INTO patientexamineimage(examineno,imagename,imagetype,imageprint) VALUES ('DA_101113003','20101113084230.jpg',0,1);
INSERT INTO patientexamineimage(examineno,imagename,imagetype,imageprint) VALUES ('DA_101113003','20101113084233.jpg',0,0);
INSERT INTO patientexamineimage(examineno,imagename,imagetype,imageprint) VALUES ('DA_101113003','20101113084312.jpg',0,0);
INSERT INTO patientexamineimage(examineno,imagename,imagetype,imageprint) VALUES ('DA_101113003','20101113084320.jpg',0,1);
INSERT INTO patientexamineimage(examineno,imagename,imagetype,imageprint) VALUES ('DA_101113008','20101113092757.jpg',0,1);
INSERT INTO patientexamineimage(examineno,imagename,imagetype,imageprint) VALUES ('DA_101113008','20101113092801.jpg',0,0);
INSERT INTO patientexamineimage(examineno,imagename,imagetype,imageprint) VALUES ('DA_101113008','20101113092913.jpg',0,1);
INSERT INTO patientexamineimage(examineno,imagename,imagetype,imageprint) VALUES ('DA_101113008','20101113092945.jpg',0,0);
INSERT INTO patientexamineimage(examineno,imagename,imagetype,imageprint) VALUES ('DA_101113008','20101113092949.jpg',0,0);
INSERT INTO patientexamineimage(examineno,imagename,imagetype,imageprint) VALUES ('DA_101113008','20101113093013.jpg',0,1);
INSERT INTO patientexamineimage(examineno,imagename,imagetype,imageprint) VALUES ('DA_101113008','20101113093041.jpg',0,0);
INSERT INTO patientexamineimage(examineno,imagename,imagetype,imageprint) VALUES ('DA_101113008','20101113093110.jpg',0,1);
INSERT INTO patientexamineimage(examineno,imagename,imagetype,imageprint) VALUES ('DA_101113009','20101113093618.jpg',0,1);
INSERT INTO patientexamineimage(examineno,imagename,imagetype,imageprint) VALUES ('DA_101113009','20101113093623.jpg',0,0);
INSERT INTO patientexamineimage(examineno,imagename,imagetype,imageprint) VALUES ('DA_101113009','20101113093736.jpg',0,1);
INSERT INTO patientexamineimage(examineno,imagename,imagetype,imageprint) VALUES ('DA_101113009','20101113093805.jpg',0,0);
INSERT INTO patientexamineimage(examineno,imagename,imagetype,imageprint) VALUES ('DA_101113009','20101113093823.jpg',0,0);
INSERT INTO patientexamineimage(examineno,imagename,imagetype,imageprint) VALUES ('DA_101113009','20101113093836.jpg',0,1);
INSERT INTO patientexamineimage(examineno,imagename,imagetype,imageprint) VALUES ('DA_101113009','20101113093927.jpg',0,1);
INSERT INTO patientexamineimage(examineno,imagename,imagetype,imageprint) VALUES ('DA_101113013','20101113101253.jpg',0,0);
INSERT INTO patientexamineimage(examineno,imagename,imagetype,imageprint) VALUES ('DA_101113013','20101113101313.jpg',0,1);
INSERT INTO patientexamineimage(examineno,imagename,imagetype,imageprint) VALUES ('DA_101113013','20101113101321.jpg',0,0);
INSERT INTO patientexamineimage(examineno,imagename,imagetype,imageprint) VALUES ('DA_101113013','20101113101421.jpg',0,0);
INSERT INTO patientexamineimage(examineno,imagename,imagetype,imageprint) VALUES ('DA_101113013','20101113101558.jpg',0,1);
INSERT INTO patientexamineimage(examineno,imagename,imagetype,imageprint) VALUES ('DA_101113013','20101113101601.jpg',0,0);
INSERT INTO patientexamineimage(examineno,imagename,imagetype,imageprint) VALUES ('DA_101113013','20101113101608.jpg',0,0);
INSERT INTO patientexamineimage(examineno,imagename,imagetype,imageprint) VALUES ('DA_101113013','20101113101627.jpg',0,0);
INSERT INTO patientexamineimage(examineno,imagename,imagetype,imageprint) VALUES ('DA_101113013','20101113101632.jpg',0,0);
INSERT INTO patientexamineimage(examineno,imagename,imagetype,imageprint) VALUES ('DA_101113013','20101113101644.jpg',0,0);
INSERT INTO patientexamineimage(examineno,imagename,imagetype,imageprint) VALUES ('DA_101113013','20101113101657.jpg',0,1);
INSERT INTO patientexamineimage(examineno,imagename,imagetype,imageprint) VALUES ('DA_101113013','20101113101735.jpg',0,0);
INSERT INTO patientexamineimage(examineno,imagename,imagetype,imageprint) VALUES ('DA_101113013','20101113101743.jpg',0,1);
INSERT INTO patientexamineimage(examineno,imagename,imagetype,imageprint) VALUES ('DA_101114002','20101114082459.jpg',0,1);
INSERT INTO patientexamineimage(examineno,imagename,imagetype,imageprint) VALUES ('DA_101114002','20101114082502.jpg',0,0);
INSERT INTO patientexamineimage(examineno,imagename,imagetype,imageprint) VALUES ('DA_101114002','20101114082615.jpg',0,1);
INSERT INTO patientexamineimage(examineno,imagename,imagetype,imageprint) VALUES ('DA_101114002','20101114082645.jpg',0,0);
INSERT INTO patientexamineimage(examineno,imagename,imagetype,imageprint) VALUES ('DA_101114002','20101114082715.jpg',0,1);
INSERT INTO patientexamineimage(examineno,imagename,imagetype,imageprint) VALUES ('DA_101114002','20101114082755.jpg',0,1);
INSERT INTO patientexamineimage(examineno,imagename,imagetype,imageprint) VALUES ('DA_101114003','20101114083847.jpg',0,1);
INSERT INTO patientexamineimage(examineno,imagename,imagetype,imageprint) VALUES ('DA_101114003','20101114083852.jpg',0,0);
INSERT INTO patientexamineimage(examineno,imagename,imagetype,imageprint) VALUES ('DA_101114003','20101114084004.jpg',0,1);
INSERT INTO patientexamineimage(examineno,imagename,imagetype,imageprint) VALUES ('DA_101114003','20101114084033.jpg',0,0);
INSERT INTO patientexamineimage(examineno,imagename,imagetype,imageprint) VALUES ('DA_101114003','20101114084039.jpg',0,0);
INSERT INTO patientexamineimage(examineno,imagename,imagetype,imageprint) VALUES ('DA_101114003','20101114084103.jpg',0,1);
INSERT INTO patientexamineimage(examineno,imagename,imagetype,imageprint) VALUES ('DA_101114003','20101114084224.jpg',0,1);
INSERT INTO patientexamineimage(examineno,imagename,imagetype,imageprint) VALUES ('DA_101114012','20101114102710.jpg',0,1);
INSERT INTO patientexamineimage(examineno,imagename,imagetype,imageprint) VALUES ('DA_101114012','20101114102712.jpg',0,0);
INSERT INTO patientexamineimage(examineno,imagename,imagetype,imageprint) VALUES ('DA_101114012','20101114102825.jpg',0,1);
INSERT INTO patientexamineimage(examineno,imagename,imagetype,imageprint) VALUES ('DA_101114012','20101114102855.jpg',0,0);
INSERT INTO patientexamineimage(examineno,imagename,imagetype,imageprint) VALUES ('DA_101114012','20101114102903.jpg',0,0);
INSERT INTO patientexamineimage(examineno,imagename,imagetype,imageprint) VALUES ('DA_101114012','20101114102925.jpg',0,1);
INSERT INTO patientexamineimage(examineno,imagename,imagetype,imageprint) VALUES ('DA_101114012','20101114102955.jpg',0,0);
INSERT INTO patientexamineimage(examineno,imagename,imagetype,imageprint) VALUES ('DA_101114012','20101114103028.jpg',0,1);
INSERT INTO patientexamineimage(examineno,imagename,imagetype,imageprint) VALUES ('DA_101114012','20101114103032.jpg',0,0);
commit transaction;